{"id":10648,"date":"2023-05-23T15:06:30","date_gmt":"2023-05-23T13:06:30","guid":{"rendered":"https:\/\/serverdedicato.lovenailsrivenditore.com\/?product=effetto-zucchero-n-40-candy-dream-allepaznokcie"},"modified":"2026-04-17T19:28:31","modified_gmt":"2026-04-17T17:28:31","slug":"effetto-zucchero-n-40-candy-dream-allepaznokcie","status":"publish","type":"product","link":"https:\/\/serverdedicato.lovenailsrivenditore.com\/?product=effetto-zucchero-n-40-candy-dream-allepaznokcie","title":{"rendered":"Effetto Zucchero n.40 Candy Dream Allepaznokcie"},"content":{"rendered":"<p>Un nuovissimo effetto zucchero!<\/p>\n<p>Questo effetto non brilla come glitter, ma doner\u00e0 una particolarit\u00e0 alle tue unghie.<\/p>\n<p>Ti dar\u00e0 un effetto caramella!<\/p>\n","protected":false},"excerpt":{"rendered":"<p>Un nuovissimo effetto zucchero! Questo effetto non brilla come glitter, ma doner\u00e0 una particolarit\u00e0 alle tue unghie. Ti dar\u00e0 un effetto caramella!<\/p>\n","protected":false},"featured_media":10649,"comment_status":"closed","ping_status":"open","template":"","meta":[],"product_brand":[],"product_cat":[35,514],"product_tag":[252,538,516,1168],"class_list":{"0":"post-10648","1":"product","2":"type-product","3":"status-publish","4":"has-post-thumbnail","6":"product_cat-decorazioni","7":"product_cat-glitter","8":"product_tag-allepaznokcie","9":"product_tag-effetto","10":"product_tag-effetto-zucchero","11":"product_tag-zucchero","13":"first","14":"instock","15":"shipping-taxable","16":"purchasable","17":"product-type-simple"},"_links":{"self":[{"href":"https:\/\/serverdedicato.lovenailsrivenditore.com\/index.php?rest_route=\/wp\/v2\/product\/10648","targetHints":{"allow":["GET"]}}],"collection":[{"href":"https:\/\/serverdedicato.lovenailsrivenditore.com\/index.php?rest_route=\/wp\/v2\/product"}],"about":[{"href":"https:\/\/serverdedicato.lovenailsrivenditore.com\/index.php?rest_route=\/wp\/v2\/types\/product"}],"replies":[{"embeddable":true,"href":"https:\/\/serverdedicato.lovenailsrivenditore.com\/index.php?rest_route=%2Fwp%2Fv2%2Fcomments&post=10648"}],"wp:featuredmedia":[{"embeddable":true,"href":"https:\/\/serverdedicato.lovenailsrivenditore.com\/index.php?rest_route=\/wp\/v2\/media\/10649"}],"wp:attachment":[{"href":"https:\/\/serverdedicato.lovenailsrivenditore.com\/index.php?rest_route=%2Fwp%2Fv2%2Fmedia&parent=10648"}],"wp:term":[{"taxonomy":"product_brand","embeddable":true,"href":"https:\/\/serverdedicato.lovenailsrivenditore.com\/index.php?rest_route=%2Fwp%2Fv2%2Fproduct_brand&post=10648"},{"taxonomy":"product_cat","embeddable":true,"href":"https:\/\/serverdedicato.lovenailsrivenditore.com\/index.php?rest_route=%2Fwp%2Fv2%2Fproduct_cat&post=10648"},{"taxonomy":"product_tag","embeddable":true,"href":"https:\/\/serverdedicato.lovenailsrivenditore.com\/index.php?rest_route=%2Fwp%2Fv2%2Fproduct_tag&post=10648"}],"curies":[{"name":"wp","href":"https:\/\/api.w.org\/{rel}","templated":true}]}}