{"id":13674,"date":"2023-08-29T22:24:33","date_gmt":"2023-08-29T20:24:33","guid":{"rendered":"https:\/\/serverdedicato.lovenailsrivenditore.com\/?product=claresa-frosty-morning-5ml-n-06"},"modified":"2026-04-17T20:00:35","modified_gmt":"2026-04-17T18:00:35","slug":"claresa-frosty-morning-5ml-n-06","status":"publish","type":"product","link":"https:\/\/serverdedicato.lovenailsrivenditore.com\/?product=claresa-frosty-morning-5ml-n-06","title":{"rendered":"CLARESA &#8211; FROSTY MORNING 5ml n.06"},"content":{"rendered":"<p><strong>Frosty Morning 06<\/strong><\/p>\n<p>Il colore Frosty Morning 6 \u00e8 un vero grigio chiaro e freddo che seduce con la purezza e la chiarezza del colore. \u00c8 adatto per ogni occasione e spesso viene scelto per combinare colori contrastanti, poich\u00e9 \u00e8 facile da usare in qualsiasi stile. \u00c8 un colore fresco e tenue a cui puoi aggiungere carattere in qualsiasi modo.<\/p>\n<p>&nbsp;<\/p>\n<p><strong>PROPRIET\u00c0:<\/strong><\/p>\n<ul>\n<li>applicazione senza problemi, senza allagare le cuticole<\/li>\n<li>lucentezza<\/li>\n<li>ideale, media densit\u00e0<\/li>\n<li>durata fino a 3 settimane<\/li>\n<li>capacit\u00e0: 5 g<\/li>\n<\/ul>\n<p><strong>UTILIZZO:<\/strong><\/p>\n<p>Applicare uno strato sottile di semipermanente sulla base ibrida Claresa precedentemente polimerizzata e polimerizzare nella lampada UV\/LED. Per ottenere un effetto soddisfacente, puoi ripetere l&#8217;azione. Infine applicare il top finish e polimerizzare<\/p>\n","protected":false},"excerpt":{"rendered":"<p><strong>Frosty Morning 06<\/strong><\/p>\n<p>Il colore Frosty Morning 6 \u00e8 un vero grigio chiaro e freddo che seduce con la purezza e la chiarezza del colore. \u00c8 adatto per ogni occasione e spesso viene scelto per combinare colori contrastanti, poich\u00e9 \u00e8 facile da usare in qualsiasi stile. \u00c8 un colore fresco e tenue a cui puoi aggiungere carattere in qualsiasi modo.<\/p>\n","protected":false},"featured_media":13675,"comment_status":"closed","ping_status":"open","template":"","meta":[],"product_brand":[],"product_cat":[1507,24,1560,83,1509],"product_tag":[1510,26,1587,86],"class_list":{"0":"post-13674","1":"product","2":"type-product","3":"status-publish","4":"has-post-thumbnail","6":"product_cat-claresa","7":"product_cat-colori","8":"product_cat-colori-semipermanente-claresa","9":"product_cat-semipermanenti","10":"product_cat-top-brand-professionali-unghie","11":"product_tag-claresa","12":"product_tag-colore","13":"product_tag-frosty-morning","14":"product_tag-semipermanente","16":"first","17":"outofstock","18":"shipping-taxable","19":"purchasable","20":"product-type-simple"},"_links":{"self":[{"href":"https:\/\/serverdedicato.lovenailsrivenditore.com\/index.php?rest_route=\/wp\/v2\/product\/13674","targetHints":{"allow":["GET"]}}],"collection":[{"href":"https:\/\/serverdedicato.lovenailsrivenditore.com\/index.php?rest_route=\/wp\/v2\/product"}],"about":[{"href":"https:\/\/serverdedicato.lovenailsrivenditore.com\/index.php?rest_route=\/wp\/v2\/types\/product"}],"replies":[{"embeddable":true,"href":"https:\/\/serverdedicato.lovenailsrivenditore.com\/index.php?rest_route=%2Fwp%2Fv2%2Fcomments&post=13674"}],"wp:featuredmedia":[{"embeddable":true,"href":"https:\/\/serverdedicato.lovenailsrivenditore.com\/index.php?rest_route=\/wp\/v2\/media\/13675"}],"wp:attachment":[{"href":"https:\/\/serverdedicato.lovenailsrivenditore.com\/index.php?rest_route=%2Fwp%2Fv2%2Fmedia&parent=13674"}],"wp:term":[{"taxonomy":"product_brand","embeddable":true,"href":"https:\/\/serverdedicato.lovenailsrivenditore.com\/index.php?rest_route=%2Fwp%2Fv2%2Fproduct_brand&post=13674"},{"taxonomy":"product_cat","embeddable":true,"href":"https:\/\/serverdedicato.lovenailsrivenditore.com\/index.php?rest_route=%2Fwp%2Fv2%2Fproduct_cat&post=13674"},{"taxonomy":"product_tag","embeddable":true,"href":"https:\/\/serverdedicato.lovenailsrivenditore.com\/index.php?rest_route=%2Fwp%2Fv2%2Fproduct_tag&post=13674"}],"curies":[{"name":"wp","href":"https:\/\/api.w.org\/{rel}","templated":true}]}}