{"id":14359,"date":"2023-09-11T14:02:29","date_gmt":"2023-09-11T12:02:29","guid":{"rendered":"https:\/\/serverdedicato.lovenailsrivenditore.com\/?product=claresa-rubber-base-5ml-n-20"},"modified":"2026-04-18T09:38:11","modified_gmt":"2026-04-18T07:38:11","slug":"claresa-rubber-base-5ml-n-20","status":"publish","type":"product","link":"https:\/\/serverdedicato.lovenailsrivenditore.com\/?product=claresa-rubber-base-5ml-n-20","title":{"rendered":"CLARESA &#8211; Rubber Base 5ml n.20"},"content":{"rendered":"<p><strong>Claresa Rubber Base<\/strong>\u00a0\u00e8 una base in gomma che funzioner\u00e0 perfettamente anche in caso di lamina ungueale sottile, umida e problematica.\u00a0<span class=\"\">La sua formula \u00e8 molto flessibile e ha un\u2019elevata adesione<\/span><\/p>\n<p><strong>PROPRIET\u00c0:<\/strong><\/p>\n<ul>\n<li>consistenza mediamente densa<\/li>\n<li>elevata adesione e flessibilit\u00e0<\/li>\n<li>acido<\/li>\n<li>consente il livellamento e la sovrastruttura della piastrella<\/li>\n<li>capacit\u00e0: 5 g<\/li>\n<\/ul>\n","protected":false},"excerpt":{"rendered":"<p>Claresa Rubber Base\u00a0\u00e8 una base in gomma che funzioner\u00e0 perfettamente anche in caso di lamina ungueale sottile, umida e problematica.\u00a0La sua formula \u00e8 molto flessibile e ha un\u2019elevata adesione PROPRIET\u00c0: consistenza mediamente densa elevata adesione e flessibilit\u00e0 acido consente il livellamento e la sovrastruttura della piastrella capacit\u00e0: 5 g<\/p>\n","protected":false},"featured_media":14360,"comment_status":"closed","ping_status":"open","template":"","meta":[],"product_brand":[],"product_cat":[240,1519,1507,239,1509],"product_tag":[258,1081,1510,268],"class_list":{"0":"post-14359","1":"product","2":"type-product","3":"status-publish","4":"has-post-thumbnail","6":"product_cat-base","7":"product_cat-base-claresa","8":"product_cat-claresa","9":"product_cat-semipermanente","10":"product_cat-top-brand-professionali-unghie","11":"product_tag-base","12":"product_tag-base-semipermanente","13":"product_tag-claresa","14":"product_tag-rubber-base","16":"first","17":"outofstock","18":"shipping-taxable","19":"purchasable","20":"product-type-simple"},"_links":{"self":[{"href":"https:\/\/serverdedicato.lovenailsrivenditore.com\/index.php?rest_route=\/wp\/v2\/product\/14359","targetHints":{"allow":["GET"]}}],"collection":[{"href":"https:\/\/serverdedicato.lovenailsrivenditore.com\/index.php?rest_route=\/wp\/v2\/product"}],"about":[{"href":"https:\/\/serverdedicato.lovenailsrivenditore.com\/index.php?rest_route=\/wp\/v2\/types\/product"}],"replies":[{"embeddable":true,"href":"https:\/\/serverdedicato.lovenailsrivenditore.com\/index.php?rest_route=%2Fwp%2Fv2%2Fcomments&post=14359"}],"wp:featuredmedia":[{"embeddable":true,"href":"https:\/\/serverdedicato.lovenailsrivenditore.com\/index.php?rest_route=\/wp\/v2\/media\/14360"}],"wp:attachment":[{"href":"https:\/\/serverdedicato.lovenailsrivenditore.com\/index.php?rest_route=%2Fwp%2Fv2%2Fmedia&parent=14359"}],"wp:term":[{"taxonomy":"product_brand","embeddable":true,"href":"https:\/\/serverdedicato.lovenailsrivenditore.com\/index.php?rest_route=%2Fwp%2Fv2%2Fproduct_brand&post=14359"},{"taxonomy":"product_cat","embeddable":true,"href":"https:\/\/serverdedicato.lovenailsrivenditore.com\/index.php?rest_route=%2Fwp%2Fv2%2Fproduct_cat&post=14359"},{"taxonomy":"product_tag","embeddable":true,"href":"https:\/\/serverdedicato.lovenailsrivenditore.com\/index.php?rest_route=%2Fwp%2Fv2%2Fproduct_tag&post=14359"}],"curies":[{"name":"wp","href":"https:\/\/api.w.org\/{rel}","templated":true}]}}