{"id":15037,"date":"2023-09-18T20:33:50","date_gmt":"2023-09-18T18:33:50","guid":{"rendered":"https:\/\/serverdedicato.lovenailsrivenditore.com\/?product=pennello-per-gel-quadrato-arcobaleno-n-1-molly-lac"},"modified":"2026-04-18T09:47:34","modified_gmt":"2026-04-18T07:47:34","slug":"pennello-per-gel-quadrato-arcobaleno-n-1-molly-lac","status":"publish","type":"product","link":"https:\/\/serverdedicato.lovenailsrivenditore.com\/?product=pennello-per-gel-quadrato-arcobaleno-n-1-molly-lac","title":{"rendered":"Pennello Per Gel Quadrato Arcobaleno n.1 Molly Lac"},"content":{"rendered":"<p id=\"tw-target-text\" class=\"tw-data-text tw-text-large tw-ta\" dir=\"ltr\" data-placeholder=\"Traduzione\"><span class=\"Y2IQFc\" lang=\"it\">Un pennello unico realizzato con setole di nylon della massima qualit\u00e0 destinato all&#8217;uso nella tecnica gel. Perfetto per estendere e costruire forme e punte, nonch\u00e9 sulla lamina ungueale naturale. Grazie all&#8217;ottima elasticit\u00e0 delle setole facilita il lavoro e la sua forma garantisce una distribuzione perfetta ed uniforme del gel anche nei punti difficilmente raggiungibili dei rulli laterali. L&#8217;impugnatura perfettamente profilata garantisce comfort di lavoro. Il design unico della maniglia, che non si trova da nessun&#8217;altra parte, ti offrir\u00e0 un&#8217;esperienza visiva fantastica. Il colore dell&#8217;arcobaleno attirer\u00e0 l&#8217;attenzione di tutti e i glitter scintillanti garantiscono lucentezza ogni volta che usi il pennello.<\/span><\/p>\n<p dir=\"ltr\" data-placeholder=\"Traduzione\">NOTA BENE: PENNELLO MOLTO PICCOLO.<\/p>\n","protected":false},"excerpt":{"rendered":"<p>Un pennello unico realizzato con setole di nylon della massima qualit\u00e0 destinato all&#8217;uso nella tecnica gel. Perfetto per estendere e costruire forme e punte, nonch\u00e9 sulla lamina ungueale naturale. Grazie all&#8217;ottima elasticit\u00e0 delle setole facilita il lavoro e la sua forma garantisce una distribuzione perfetta ed uniforme del gel anche nei punti difficilmente raggiungibili dei [&hellip;]<\/p>\n","protected":false},"featured_media":15038,"comment_status":"closed","ping_status":"open","template":"","meta":[],"product_brand":[],"product_cat":[177,243],"product_tag":[84,245,1046,303],"class_list":{"0":"post-15037","1":"product","2":"type-product","3":"status-publish","4":"has-post-thumbnail","6":"product_cat-accessori","7":"product_cat-pennelli","8":"product_tag-molly-lac","9":"product_tag-pennello","10":"product_tag-pennello-gel","11":"product_tag-pennello-per-gel","13":"first","14":"instock","15":"shipping-taxable","16":"purchasable","17":"product-type-simple"},"_links":{"self":[{"href":"https:\/\/serverdedicato.lovenailsrivenditore.com\/index.php?rest_route=\/wp\/v2\/product\/15037","targetHints":{"allow":["GET"]}}],"collection":[{"href":"https:\/\/serverdedicato.lovenailsrivenditore.com\/index.php?rest_route=\/wp\/v2\/product"}],"about":[{"href":"https:\/\/serverdedicato.lovenailsrivenditore.com\/index.php?rest_route=\/wp\/v2\/types\/product"}],"replies":[{"embeddable":true,"href":"https:\/\/serverdedicato.lovenailsrivenditore.com\/index.php?rest_route=%2Fwp%2Fv2%2Fcomments&post=15037"}],"wp:featuredmedia":[{"embeddable":true,"href":"https:\/\/serverdedicato.lovenailsrivenditore.com\/index.php?rest_route=\/wp\/v2\/media\/15038"}],"wp:attachment":[{"href":"https:\/\/serverdedicato.lovenailsrivenditore.com\/index.php?rest_route=%2Fwp%2Fv2%2Fmedia&parent=15037"}],"wp:term":[{"taxonomy":"product_brand","embeddable":true,"href":"https:\/\/serverdedicato.lovenailsrivenditore.com\/index.php?rest_route=%2Fwp%2Fv2%2Fproduct_brand&post=15037"},{"taxonomy":"product_cat","embeddable":true,"href":"https:\/\/serverdedicato.lovenailsrivenditore.com\/index.php?rest_route=%2Fwp%2Fv2%2Fproduct_cat&post=15037"},{"taxonomy":"product_tag","embeddable":true,"href":"https:\/\/serverdedicato.lovenailsrivenditore.com\/index.php?rest_route=%2Fwp%2Fv2%2Fproduct_tag&post=15037"}],"curies":[{"name":"wp","href":"https:\/\/api.w.org\/{rel}","templated":true}]}}