{"id":15632,"date":"2023-10-05T17:10:47","date_gmt":"2023-10-05T15:10:47","guid":{"rendered":"https:\/\/serverdedicato.lovenailsrivenditore.com\/?product=claresa-top-milky-5ml"},"modified":"2026-04-18T09:54:17","modified_gmt":"2026-04-18T07:54:17","slug":"claresa-top-milky-5ml","status":"publish","type":"product","link":"https:\/\/serverdedicato.lovenailsrivenditore.com\/?product=claresa-top-milky-5ml","title":{"rendered":"CLARESA &#8211; Top Milky 5m1"},"content":{"rendered":"<p>Sei un fan della manicure delicata, che non \u00e8 troppo evidente e pu\u00f2 abbinarsi perfettamente anche alla stilizzazione pi\u00f9 minimalista? O forse stai cercando un modo per ottenere un babyboomer dall&#8217;aspetto rapido e naturale? Se hai risposto s\u00ec a una delle domande di cui sopra, amerai sicuramente il nostro <strong>top Milky!<\/strong><\/p>\n<p><strong>Il top ibrido lattiginoso semitrasparente<\/strong>\u00a0sar\u00e0 perfetto per gli amanti della tendenza\u00a0<strong>#cleangirlaesthetic<\/strong>\u00a0che vogliono enfatizzare sottilmente il colore naturale della loro piastrella. Tuttavia, se preferisci i colori espressivi, allora\u00a0<strong>il top Milky<\/strong>\u00a0\u00e8 anche per te! Applicalo su qualsiasi tonalit\u00e0 di smalto gel e osserva come la nebbia lattiginosa cambia aspetto e gli conferisce un carattere delicato.<\/p>\n<p><strong>Il top lattiginoso\u00a0<\/strong>\u00e8 anche un&#8217;ottima scelta se hai voglia di\u00a0<strong>manicure francese, unghie da principessa<\/strong>\u00a0o styling\u00a0<strong>da babyboomer<\/strong>: il prodotto leviger\u00e0 il bordo del gradiente e render\u00e0 l&#8217;intero look ancora pi\u00f9 naturale.<\/p>\n<p>&nbsp;<\/p>\n","protected":false},"excerpt":{"rendered":"<p>Sei un fan della manicure delicata, che non \u00e8 troppo evidente e pu\u00f2 abbinarsi perfettamente anche alla stilizzazione pi\u00f9 minimalista? O forse stai cercando un modo per ottenere un babyboomer dall&#8217;aspetto rapido e naturale? Se hai risposto s\u00ec a una delle domande di cui sopra, amerai sicuramente il nostro top Milky! Il top ibrido lattiginoso [&hellip;]<\/p>\n","protected":false},"featured_media":15633,"comment_status":"closed","ping_status":"open","template":"","meta":[],"product_brand":[],"product_cat":[1507,1556,202,1509],"product_tag":[1028,634,662,1245],"class_list":{"0":"post-15632","1":"product","2":"type-product","3":"status-publish","4":"has-post-thumbnail","6":"product_cat-claresa","7":"product_cat-finish-claresa","8":"product_cat-finish","9":"product_cat-top-brand-professionali-unghie","10":"product_tag-bianco-latte","11":"product_tag-finish","12":"product_tag-lucido","13":"product_tag-top-milky","15":"first","16":"instock","17":"shipping-taxable","18":"purchasable","19":"product-type-simple"},"_links":{"self":[{"href":"https:\/\/serverdedicato.lovenailsrivenditore.com\/index.php?rest_route=\/wp\/v2\/product\/15632","targetHints":{"allow":["GET"]}}],"collection":[{"href":"https:\/\/serverdedicato.lovenailsrivenditore.com\/index.php?rest_route=\/wp\/v2\/product"}],"about":[{"href":"https:\/\/serverdedicato.lovenailsrivenditore.com\/index.php?rest_route=\/wp\/v2\/types\/product"}],"replies":[{"embeddable":true,"href":"https:\/\/serverdedicato.lovenailsrivenditore.com\/index.php?rest_route=%2Fwp%2Fv2%2Fcomments&post=15632"}],"wp:featuredmedia":[{"embeddable":true,"href":"https:\/\/serverdedicato.lovenailsrivenditore.com\/index.php?rest_route=\/wp\/v2\/media\/15633"}],"wp:attachment":[{"href":"https:\/\/serverdedicato.lovenailsrivenditore.com\/index.php?rest_route=%2Fwp%2Fv2%2Fmedia&parent=15632"}],"wp:term":[{"taxonomy":"product_brand","embeddable":true,"href":"https:\/\/serverdedicato.lovenailsrivenditore.com\/index.php?rest_route=%2Fwp%2Fv2%2Fproduct_brand&post=15632"},{"taxonomy":"product_cat","embeddable":true,"href":"https:\/\/serverdedicato.lovenailsrivenditore.com\/index.php?rest_route=%2Fwp%2Fv2%2Fproduct_cat&post=15632"},{"taxonomy":"product_tag","embeddable":true,"href":"https:\/\/serverdedicato.lovenailsrivenditore.com\/index.php?rest_route=%2Fwp%2Fv2%2Fproduct_tag&post=15632"}],"curies":[{"name":"wp","href":"https:\/\/api.w.org\/{rel}","templated":true}]}}