{"id":19857,"date":"2024-01-09T17:11:17","date_gmt":"2024-01-09T16:11:17","guid":{"rendered":"https:\/\/serverdedicato.lovenailsrivenditore.com\/?product=molly-nails-flashing-lights-648-8gr"},"modified":"2026-04-18T12:13:45","modified_gmt":"2026-04-18T10:13:45","slug":"molly-nails-flashing-lights-648-8gr","status":"publish","type":"product","link":"https:\/\/serverdedicato.lovenailsrivenditore.com\/?product=molly-nails-flashing-lights-648-8gr","title":{"rendered":"Molly Nails &#8211; Flashing Lights 648 &#8211; 8gr"},"content":{"rendered":"<p><strong>Molly Nails<\/strong>\u00a0\u00e8 un nuovo marchio di prodotti per unghie che offre prodotti basati sulla formula Hema Free, il che significa che sono privi dell&#8217;ingrediente nocivo HEMA (2-idrossietilmetacrilato). Grazie a questa formula, i prodotti sono sicuri per la salute delle unghie e della pelle, il che li rende ideali per le persone che prestano attenzione agli ingredienti utilizzati nei cosmetici.<\/p>\n<p>La capacit\u00e0 di ogni prodotto \u00e8 di\u00a0<strong>8 grammi<\/strong>, il che fornisce un prodotto sufficiente per molte applicazioni.\u00a0<strong>Il pennello<\/strong>\u00a0attaccato alle\u00a0<strong>vernici \u00e8 perfettamente profilato e abbinato con precisione alla densit\u00e0 del semipermanente.<\/strong>\u00a0Questo rende l&#8217;applicazione facile, precisa e permette di ottenere un risultato professionale.<\/p>\n<p><strong>La consistenza perfettamente cremosa, l&#8217;eccellente pigmentazione e la formula innovativa<\/strong> facilitano l&#8217;applicazione del semipermanente e la copertura dopo un solo strato.<\/p>\n<p>Il primo \u00e8 una versione affumicata del colore con una delicata polvere di stelle, mentre il secondo mostra milioni di scintillanti particelle argentee immerse in bellissimi colori. Quale versione vedrete dipende solo dalla luce e dalla sua intensit\u00e0!<\/p>\n<p><strong>Il viola<\/strong> \u00e8 un colore mistico che esprime pi\u00f9 di mille parole. \u00c8 originalit\u00e0, fascino, ma anche il coraggio di distinguersi dalla massa. Se aggiungiamo milioni di particelle scintillanti, un cambio di tonalit\u00e0 sotto l&#8217;influenza della luce e un&#8217;eccellente copertura, abbiamo la risposta alla tua domanda su uno styling davvero originale!<\/p>\n","protected":false},"excerpt":{"rendered":"<p><strong>Il viola<\/strong> \u00e8 un colore mistico che esprime pi\u00f9 di mille parole. \u00c8 originalit\u00e0, fascino, ma anche il coraggio di distinguersi dalla massa. Se aggiungiamo milioni di particelle scintillanti, un cambio di tonalit\u00e0 sotto l&#8217;influenza della luce e un&#8217;eccellente copertura, abbiamo la risposta alla tua domanda su uno styling davvero originale!<\/p>\n","protected":false},"featured_media":19858,"comment_status":"closed","ping_status":"open","template":"","meta":[],"product_brand":[],"product_cat":[24,82,81,83],"product_tag":[874,682,350,1745],"class_list":{"0":"post-19857","1":"product","2":"type-product","3":"status-publish","4":"has-post-thumbnail","6":"product_cat-colori","7":"product_cat-colori-semipermanente","8":"product_cat-molly-lac","9":"product_cat-semipermanenti","10":"product_tag-flashing","11":"product_tag-flashing-lights","12":"product_tag-glitter","13":"product_tag-molly-nails","15":"first","16":"instock","17":"shipping-taxable","18":"purchasable","19":"product-type-simple"},"_links":{"self":[{"href":"https:\/\/serverdedicato.lovenailsrivenditore.com\/index.php?rest_route=\/wp\/v2\/product\/19857","targetHints":{"allow":["GET"]}}],"collection":[{"href":"https:\/\/serverdedicato.lovenailsrivenditore.com\/index.php?rest_route=\/wp\/v2\/product"}],"about":[{"href":"https:\/\/serverdedicato.lovenailsrivenditore.com\/index.php?rest_route=\/wp\/v2\/types\/product"}],"replies":[{"embeddable":true,"href":"https:\/\/serverdedicato.lovenailsrivenditore.com\/index.php?rest_route=%2Fwp%2Fv2%2Fcomments&post=19857"}],"wp:featuredmedia":[{"embeddable":true,"href":"https:\/\/serverdedicato.lovenailsrivenditore.com\/index.php?rest_route=\/wp\/v2\/media\/19858"}],"wp:attachment":[{"href":"https:\/\/serverdedicato.lovenailsrivenditore.com\/index.php?rest_route=%2Fwp%2Fv2%2Fmedia&parent=19857"}],"wp:term":[{"taxonomy":"product_brand","embeddable":true,"href":"https:\/\/serverdedicato.lovenailsrivenditore.com\/index.php?rest_route=%2Fwp%2Fv2%2Fproduct_brand&post=19857"},{"taxonomy":"product_cat","embeddable":true,"href":"https:\/\/serverdedicato.lovenailsrivenditore.com\/index.php?rest_route=%2Fwp%2Fv2%2Fproduct_cat&post=19857"},{"taxonomy":"product_tag","embeddable":true,"href":"https:\/\/serverdedicato.lovenailsrivenditore.com\/index.php?rest_route=%2Fwp%2Fv2%2Fproduct_tag&post=19857"}],"curies":[{"name":"wp","href":"https:\/\/api.w.org\/{rel}","templated":true}]}}