{"id":20211,"date":"2024-02-07T15:29:46","date_gmt":"2024-02-07T14:29:46","guid":{"rendered":"https:\/\/serverdedicato.lovenailsrivenditore.com\/?product=claresa-top-bubble-5ml-gold-matt"},"modified":"2026-04-18T12:18:44","modified_gmt":"2026-04-18T10:18:44","slug":"claresa-top-bubble-5ml-gold-matt","status":"publish","type":"product","link":"https:\/\/serverdedicato.lovenailsrivenditore.com\/?product=claresa-top-bubble-5ml-gold-matt","title":{"rendered":"CLARESA &#8211; TOP BUBBLE 5ml Gold Matt"},"content":{"rendered":"<p>Il top coat opaco trasparente <strong>Bubble Gold Matt No Wipe<\/strong>\u00a0<strong>con particelle d&#8217;oro<\/strong> star\u00e0 benissimo su qualsiasi smalto semipermanente. Le particelle incorporate nel prodotto <strong>variano per dimensioni e forma<\/strong>, grazie alle quali la tua manicure diventer\u00e0 ancora pi\u00f9 multidimensionale e la finitura opaca le conferir\u00e0 eleganza.<\/p>\n<p><strong>PROPRIET\u00c0:<\/strong><\/p>\n<ul>\n<li>Applicazione senza problemi<\/li>\n<li>trasparente con particelle d&#8217;oro<\/li>\n<li>finitura opaca<\/li>\n<li>Media densit\u00e0 ideale<\/li>\n<li>Durata fino a 3 settimane<\/li>\n<li>Capacit\u00e0: 5 g<\/li>\n<\/ul>\n","protected":false},"excerpt":{"rendered":"<p>Il top coat opaco trasparente <strong>Bubble Gold Matt No Wipe<\/strong>\u00a0<strong>con particelle d&#8217;oro<\/strong> star\u00e0 benissimo su qualsiasi smalto semipermanente. Le particelle incorporate nel prodotto <strong>variano per dimensioni e forma<\/strong>, grazie alle quali la tua manicure diventer\u00e0 ancora pi\u00f9 multidimensionale e la finitura opaca le conferir\u00e0 eleganza.<\/p>\n<p><strong>PROPRIET\u00c0:<\/strong><\/p>\n<ul>\n<li>Applicazione senza problemi<\/li>\n<li>trasparente con particelle d&#8217;oro<\/li>\n<li>finitura opaca<\/li>\n<li>Media densit\u00e0 ideale<\/li>\n<li>Durata fino a 3 settimane<\/li>\n<li>Capacit\u00e0: 5 g<\/li>\n<\/ul>\n","protected":false},"featured_media":20212,"comment_status":"closed","ping_status":"open","template":"","meta":[],"product_brand":[],"product_cat":[1507,1556,202,1509],"product_tag":[1962,1963,1425],"class_list":{"0":"post-20211","1":"product","2":"type-product","3":"status-publish","4":"has-post-thumbnail","6":"product_cat-claresa","7":"product_cat-finish-claresa","8":"product_cat-finish","9":"product_cat-top-brand-professionali-unghie","10":"product_tag-finish-gold","11":"product_tag-finish-matt","12":"product_tag-top-matt","14":"first","15":"instock","16":"shipping-taxable","17":"purchasable","18":"product-type-simple"},"_links":{"self":[{"href":"https:\/\/serverdedicato.lovenailsrivenditore.com\/index.php?rest_route=\/wp\/v2\/product\/20211","targetHints":{"allow":["GET"]}}],"collection":[{"href":"https:\/\/serverdedicato.lovenailsrivenditore.com\/index.php?rest_route=\/wp\/v2\/product"}],"about":[{"href":"https:\/\/serverdedicato.lovenailsrivenditore.com\/index.php?rest_route=\/wp\/v2\/types\/product"}],"replies":[{"embeddable":true,"href":"https:\/\/serverdedicato.lovenailsrivenditore.com\/index.php?rest_route=%2Fwp%2Fv2%2Fcomments&post=20211"}],"wp:featuredmedia":[{"embeddable":true,"href":"https:\/\/serverdedicato.lovenailsrivenditore.com\/index.php?rest_route=\/wp\/v2\/media\/20212"}],"wp:attachment":[{"href":"https:\/\/serverdedicato.lovenailsrivenditore.com\/index.php?rest_route=%2Fwp%2Fv2%2Fmedia&parent=20211"}],"wp:term":[{"taxonomy":"product_brand","embeddable":true,"href":"https:\/\/serverdedicato.lovenailsrivenditore.com\/index.php?rest_route=%2Fwp%2Fv2%2Fproduct_brand&post=20211"},{"taxonomy":"product_cat","embeddable":true,"href":"https:\/\/serverdedicato.lovenailsrivenditore.com\/index.php?rest_route=%2Fwp%2Fv2%2Fproduct_cat&post=20211"},{"taxonomy":"product_tag","embeddable":true,"href":"https:\/\/serverdedicato.lovenailsrivenditore.com\/index.php?rest_route=%2Fwp%2Fv2%2Fproduct_tag&post=20211"}],"curies":[{"name":"wp","href":"https:\/\/api.w.org\/{rel}","templated":true}]}}