{"id":21604,"date":"2024-05-02T16:03:37","date_gmt":"2024-05-02T14:03:37","guid":{"rendered":"https:\/\/serverdedicato.lovenailsrivenditore.com\/?product=allepaznokcie-sirena-effect-n-04"},"modified":"2026-04-18T12:36:48","modified_gmt":"2026-04-18T10:36:48","slug":"allepaznokcie-sirena-effect-n-04","status":"publish","type":"product","link":"https:\/\/serverdedicato.lovenailsrivenditore.com\/?product=allepaznokcie-sirena-effect-n-04","title":{"rendered":"Allepaznokcie &#8211; Sirena Effect n.04"},"content":{"rendered":"<p>Una polvere minuscola e lucida che ha gi\u00e0 conquistato tutti. Grazie ad esso, le tue unghie brilleranno di una lucentezza incredibile da cui \u00e8 difficile distogliere lo sguardo. Mermaid Dust \u00e8 molto facile da applicare e permette di ottenere risultati duraturi. Inoltre, protetto con un gloss, rimane a lungo sulla lamina ungueale e in perfette condizioni. Puoi applicarlo al tuo colore preferito e goderti quanto sono belle le tue unghie. Mermaid Dust \u00e8 il modo pi\u00f9 semplice per aggiungere brillantezza al tuo outfit e far girare la testa ovunque tu vada. Con poco sforzo, l&#8217;effetto \u00e8 quasi favoloso.<\/p>\n<p><strong>Capacit\u00e0:<\/strong> peso netto del glitter circa 2,5 g, polline confezionato in un barattolo da 7 ml.<\/p>\n","protected":false},"excerpt":{"rendered":"<p>Una polvere minuscola e lucida che ha gi\u00e0 conquistato tutti. Grazie ad esso, le tue unghie brilleranno di una lucentezza incredibile da cui \u00e8 difficile distogliere lo sguardo. Mermaid Dust \u00e8 molto facile da applicare e permette di ottenere risultati duraturi. Inoltre, protetto con un gloss, rimane a lungo sulla lamina ungueale e in perfette condizioni. Puoi applicarlo al tuo colore preferito e goderti quanto sono belle le tue unghie. Mermaid Dust \u00e8 il modo pi\u00f9 semplice per aggiungere brillantezza al tuo outfit e far girare la testa ovunque tu vada. Con poco sforzo, l&#8217;effetto \u00e8 quasi favoloso.<\/p>\n<p><strong>Capacit\u00e0:<\/strong> peso netto del glitter circa 2,5 g, polline confezionato in un barattolo da 7 ml.<\/p>\n","protected":false},"featured_media":21605,"comment_status":"closed","ping_status":"open","template":"","meta":[],"product_brand":[],"product_cat":[35,514,81],"product_tag":[2087,350,72,2086],"class_list":{"0":"post-21604","1":"product","2":"type-product","3":"status-publish","4":"has-post-thumbnail","6":"product_cat-decorazioni","7":"product_cat-glitter","8":"product_cat-molly-lac","9":"product_tag-effetto-sirena","10":"product_tag-glitter","11":"product_tag-neon","12":"product_tag-sirena","14":"first","15":"instock","16":"shipping-taxable","17":"purchasable","18":"product-type-simple"},"_links":{"self":[{"href":"https:\/\/serverdedicato.lovenailsrivenditore.com\/index.php?rest_route=\/wp\/v2\/product\/21604","targetHints":{"allow":["GET"]}}],"collection":[{"href":"https:\/\/serverdedicato.lovenailsrivenditore.com\/index.php?rest_route=\/wp\/v2\/product"}],"about":[{"href":"https:\/\/serverdedicato.lovenailsrivenditore.com\/index.php?rest_route=\/wp\/v2\/types\/product"}],"replies":[{"embeddable":true,"href":"https:\/\/serverdedicato.lovenailsrivenditore.com\/index.php?rest_route=%2Fwp%2Fv2%2Fcomments&post=21604"}],"wp:featuredmedia":[{"embeddable":true,"href":"https:\/\/serverdedicato.lovenailsrivenditore.com\/index.php?rest_route=\/wp\/v2\/media\/21605"}],"wp:attachment":[{"href":"https:\/\/serverdedicato.lovenailsrivenditore.com\/index.php?rest_route=%2Fwp%2Fv2%2Fmedia&parent=21604"}],"wp:term":[{"taxonomy":"product_brand","embeddable":true,"href":"https:\/\/serverdedicato.lovenailsrivenditore.com\/index.php?rest_route=%2Fwp%2Fv2%2Fproduct_brand&post=21604"},{"taxonomy":"product_cat","embeddable":true,"href":"https:\/\/serverdedicato.lovenailsrivenditore.com\/index.php?rest_route=%2Fwp%2Fv2%2Fproduct_cat&post=21604"},{"taxonomy":"product_tag","embeddable":true,"href":"https:\/\/serverdedicato.lovenailsrivenditore.com\/index.php?rest_route=%2Fwp%2Fv2%2Fproduct_tag&post=21604"}],"curies":[{"name":"wp","href":"https:\/\/api.w.org\/{rel}","templated":true}]}}