{"id":21946,"date":"2024-05-20T11:19:38","date_gmt":"2024-05-20T09:19:38","guid":{"rendered":"https:\/\/serverdedicato.lovenailsrivenditore.com\/?product=claresa-rubber-gel-90ml-n-02"},"modified":"2026-04-18T12:41:35","modified_gmt":"2026-04-18T10:41:35","slug":"claresa-rubber-gel-90ml-n-02","status":"publish","type":"product","link":"https:\/\/serverdedicato.lovenailsrivenditore.com\/?product=claresa-rubber-gel-90ml-n-02","title":{"rendered":"Claresa &#8211; Rubber Gel 90ml n.02"},"content":{"rendered":"<div class=\"woocommerce-tabs wc-tabs-wrapper\">\n<div id=\"tab-description\" class=\"woocommerce-Tabs-panel woocommerce-Tabs-panel--description panel entry-content wc-tab\" role=\"tabpanel\" aria-labelledby=\"tab-title-description\">\n<p>Hai bisogno di un prodotto che ti permetta di creare una manicure davvero resistente e duratura? O forse stai cercando una formula che sia favolosamente facile e piacevole da lavorare?<\/p>\n<p><strong>Claresa Rubber Gel<\/strong>\u00a0\u00e8 un prodotto dalle propriet\u00e0 uniche. La sua formula \u00e8\u00a0<strong>densa e resistente alla temperatura ambientale<\/strong>, il che lo rende perfetto per\u00a0<strong>la ricostruzione delle unghie<\/strong>. Puoi essere certo che anche nelle giornate calde, il gel si comporter\u00e0 allo stesso modo.\u00a0<strong>Il rubber gel<\/strong>\u00a0\u00e8 anche caratterizzato dalla\u00a0<strong>tissotropia (cio\u00e8 dalla memoria liquida),<\/strong>\u00a0il che significa che quando viene applicato sull\u2019unghia, non scende fino alle cuticole. Si autolivella<strong>\u00a0perfettamente<\/strong>, consentendo di\u00a0<strong>distribuire uniformemente<\/strong>\u00a0il prodotto anche per i principianti. Il gel\u00a0<strong>copre e corregge le imperfezioni<\/strong>\u00a0della lamina ungueale, quindi pu\u00f2 essere utilizzato da solo, senza l\u2019uso di smalti semipermanente.<\/p>\n<p><strong>Il Rubber gel<\/strong>\u00a0richiede l\u2019uso di\u00a0<strong>un primer ed una base aggrappante.<\/strong><\/p>\n<p><strong>IL PRODOTTO \u00c8 DISPONIBILE IN UN\u2019INTERA GAMMA DI TONALIT\u00c0 NUDE COVER:<\/strong><\/p>\n<p>&nbsp;<\/p>\n<p><strong>PROPRIET\u00c0:<\/strong><\/p>\n<ul>\n<li>Consistenza densa<\/li>\n<li>Tixotropia Memoria Liquida Formula<\/li>\n<li>Resistenza alla temperatura ambientale<\/li>\n<li>Autolivellante<\/li>\n<li>Applicazione senza problemi, non cola<\/li>\n<li>Una tavolozza di tonalit\u00e0 nude tra cui scegliere<\/li>\n<\/ul>\n<\/div>\n<\/div>\n","protected":false},"excerpt":{"rendered":"<p>Hai bisogno di un prodotto che ti permetta di creare una manicure davvero resistente e duratura? O forse stai cercando una formula che sia favolosamente facile e piacevole da lavorare?<\/p>\n<p><strong>Claresa Rubber Gel<\/strong>\u00a0\u00e8 un prodotto dalle propriet\u00e0 uniche. La sua formula \u00e8\u00a0<strong>densa e resistente alla temperatura ambientale<\/strong>, il che lo rende perfetto per\u00a0<strong>la ricostruzione delle unghie<\/strong>. Puoi essere certo che anche nelle giornate calde, il gel si comporter\u00e0 allo stesso modo.\u00a0<strong>Il rubber gel<\/strong>\u00a0\u00e8 anche caratterizzato dalla\u00a0<strong>tissotropia (cio\u00e8 dalla memoria liquida),<\/strong>\u00a0il che significa che quando viene applicato sull\u2019unghia, non scende fino alle cuticole. Si autolivella<strong>\u00a0perfettamente<\/strong>, consentendo di\u00a0<strong>distribuire uniformemente<\/strong>\u00a0il prodotto anche per i principianti. Il gel\u00a0<strong>copre e corregge le imperfezioni<\/strong>\u00a0della lamina ungueale, quindi pu\u00f2 essere utilizzato da solo, senza l\u2019uso di smalti semipermanente.<\/p>\n<p><strong>Il Rubber gel<\/strong>\u00a0richiede l\u2019uso di\u00a0<strong>un primer ed una base aggrappante.<\/strong><\/p>\n<p><strong>IL PRODOTTO \u00c8 DISPONIBILE IN UN\u2019INTERA GAMMA DI TONALIT\u00c0 NUDE COVER:<\/strong><\/p>\n","protected":false},"featured_media":20425,"comment_status":"closed","ping_status":"open","template":"","meta":[],"product_brand":[],"product_cat":[1507,224,1508,223,1509],"product_tag":[1510,227,1995],"class_list":{"0":"post-21946","1":"product","2":"type-product","3":"status-publish","4":"has-post-thumbnail","6":"product_cat-claresa","7":"product_cat-costruttori","8":"product_cat-costruttori-claresa","9":"product_cat-gel-uv","10":"product_cat-top-brand-professionali-unghie","11":"product_tag-claresa","12":"product_tag-costruttore","13":"product_tag-rubber-gel","15":"first","16":"instock","17":"shipping-taxable","18":"purchasable","19":"product-type-simple"},"_links":{"self":[{"href":"https:\/\/serverdedicato.lovenailsrivenditore.com\/index.php?rest_route=\/wp\/v2\/product\/21946","targetHints":{"allow":["GET"]}}],"collection":[{"href":"https:\/\/serverdedicato.lovenailsrivenditore.com\/index.php?rest_route=\/wp\/v2\/product"}],"about":[{"href":"https:\/\/serverdedicato.lovenailsrivenditore.com\/index.php?rest_route=\/wp\/v2\/types\/product"}],"replies":[{"embeddable":true,"href":"https:\/\/serverdedicato.lovenailsrivenditore.com\/index.php?rest_route=%2Fwp%2Fv2%2Fcomments&post=21946"}],"wp:featuredmedia":[{"embeddable":true,"href":"https:\/\/serverdedicato.lovenailsrivenditore.com\/index.php?rest_route=\/wp\/v2\/media\/20425"}],"wp:attachment":[{"href":"https:\/\/serverdedicato.lovenailsrivenditore.com\/index.php?rest_route=%2Fwp%2Fv2%2Fmedia&parent=21946"}],"wp:term":[{"taxonomy":"product_brand","embeddable":true,"href":"https:\/\/serverdedicato.lovenailsrivenditore.com\/index.php?rest_route=%2Fwp%2Fv2%2Fproduct_brand&post=21946"},{"taxonomy":"product_cat","embeddable":true,"href":"https:\/\/serverdedicato.lovenailsrivenditore.com\/index.php?rest_route=%2Fwp%2Fv2%2Fproduct_cat&post=21946"},{"taxonomy":"product_tag","embeddable":true,"href":"https:\/\/serverdedicato.lovenailsrivenditore.com\/index.php?rest_route=%2Fwp%2Fv2%2Fproduct_tag&post=21946"}],"curies":[{"name":"wp","href":"https:\/\/api.w.org\/{rel}","templated":true}]}}