{"id":22067,"date":"2024-05-27T15:54:57","date_gmt":"2024-05-27T13:54:57","guid":{"rendered":"https:\/\/serverdedicato.lovenailsrivenditore.com\/?product=lumino-effect-n-12-allepaznokcie"},"modified":"2026-04-18T12:43:01","modified_gmt":"2026-04-18T10:43:01","slug":"lumino-effect-n-12-allepaznokcie","status":"publish","type":"product","link":"https:\/\/serverdedicato.lovenailsrivenditore.com\/?product=lumino-effect-n-12-allepaznokcie","title":{"rendered":"Lumino Effect n.12 &#8211; Allepaznokcie"},"content":{"rendered":"<p><span>La polvere pu\u00f2 essere applicata su qualsiasi colore , ma se applicata su un colore simile a quello in cui <\/span><strong><span>Lumino<\/span><\/strong><span>\u00a0brilla al buio, migliorer\u00e0 ulteriormente l&#8217;effetto, rafforzer\u00e0 e enfatizzer\u00e0 la sua bellezza.<\/span><\/p>\n<p><strong><span>Attenzione! La modalit\u00e0 di utilizzo pu\u00f2 provocare:<\/span><\/strong><span> incanto, contentezza, dipendenza e soddisfazione!<\/span><\/p>\n<p>&nbsp;<\/p>\n","protected":false},"excerpt":{"rendered":"<p>La polvere pu\u00f2 essere applicata su qualsiasi colore , ma se applicata su un colore simile a quello in cui <strong>Lumino<\/strong>\u00a0brilla al buio, migliorer\u00e0 ulteriormente l&#8217;effetto, rafforzer\u00e0 e enfatizzer\u00e0 la sua bellezza.<\/p>\n<p><strong>Attenzione! La modalit\u00e0 di utilizzo pu\u00f2 provocare:<\/strong> incanto, contentezza, dipendenza e soddisfazione!<\/p>\n<p>&nbsp;<\/p>\n","protected":false},"featured_media":22068,"comment_status":"open","ping_status":"open","template":"","meta":[],"product_brand":[],"product_cat":[35,514],"product_tag":[1359,72],"class_list":{"0":"post-22067","1":"product","2":"type-product","3":"status-publish","4":"has-post-thumbnail","6":"product_cat-decorazioni","7":"product_cat-glitter","8":"product_tag-lumino","9":"product_tag-neon","11":"first","12":"instock","13":"shipping-taxable","14":"purchasable","15":"product-type-simple"},"_links":{"self":[{"href":"https:\/\/serverdedicato.lovenailsrivenditore.com\/index.php?rest_route=\/wp\/v2\/product\/22067","targetHints":{"allow":["GET"]}}],"collection":[{"href":"https:\/\/serverdedicato.lovenailsrivenditore.com\/index.php?rest_route=\/wp\/v2\/product"}],"about":[{"href":"https:\/\/serverdedicato.lovenailsrivenditore.com\/index.php?rest_route=\/wp\/v2\/types\/product"}],"replies":[{"embeddable":true,"href":"https:\/\/serverdedicato.lovenailsrivenditore.com\/index.php?rest_route=%2Fwp%2Fv2%2Fcomments&post=22067"}],"wp:featuredmedia":[{"embeddable":true,"href":"https:\/\/serverdedicato.lovenailsrivenditore.com\/index.php?rest_route=\/wp\/v2\/media\/22068"}],"wp:attachment":[{"href":"https:\/\/serverdedicato.lovenailsrivenditore.com\/index.php?rest_route=%2Fwp%2Fv2%2Fmedia&parent=22067"}],"wp:term":[{"taxonomy":"product_brand","embeddable":true,"href":"https:\/\/serverdedicato.lovenailsrivenditore.com\/index.php?rest_route=%2Fwp%2Fv2%2Fproduct_brand&post=22067"},{"taxonomy":"product_cat","embeddable":true,"href":"https:\/\/serverdedicato.lovenailsrivenditore.com\/index.php?rest_route=%2Fwp%2Fv2%2Fproduct_cat&post=22067"},{"taxonomy":"product_tag","embeddable":true,"href":"https:\/\/serverdedicato.lovenailsrivenditore.com\/index.php?rest_route=%2Fwp%2Fv2%2Fproduct_tag&post=22067"}],"curies":[{"name":"wp","href":"https:\/\/api.w.org\/{rel}","templated":true}]}}