{"id":23842,"date":"2024-08-06T16:31:08","date_gmt":"2024-08-06T14:31:08","guid":{"rendered":"https:\/\/serverdedicato.lovenailsrivenditore.com\/?product=molly-lac-rubber-base-flakes-milk-purple-10gr"},"modified":"2026-04-18T13:08:08","modified_gmt":"2026-04-18T11:08:08","slug":"molly-lac-rubber-base-flakes-milk-purple-10gr","status":"publish","type":"product","link":"https:\/\/serverdedicato.lovenailsrivenditore.com\/?product=molly-lac-rubber-base-flakes-milk-purple-10gr","title":{"rendered":"Molly Lac &#8211; Rubber Base Flakes &#8211; Milk &#038; Purple 10gr"},"content":{"rendered":"<p>Scopri le nostre fanastiche <strong>basi rubber Flakes <\/strong><\/p>\n<p>Grazie alla flessibilit\u00e0, all&#8217;eccellente copertura, alla densit\u00e0 adeguata e alla capacit\u00e0 di rinforzare le unghie, non solo svolgono diverse funzioni in un unico prodotto, ma lavorare con loro \u00e8 semplice, piacevole e, soprattutto, veloce!<\/p>\n<p><strong>Flakes Rubber Base MollyLac<\/strong>\u00a0\u00e8 un prodotto\u00a0<strong>2 in 1<\/strong>\u00a0che ti far\u00e0 risparmiare tempo e denaro!<\/p>\n<p><strong>Perch\u00e9 vale la pena usarle?<\/strong><\/p>\n<ul>\n<li>non diventa giallo<\/li>\n<li>livello di copertura 90%<\/li>\n<li>Formula senza HEMA<\/li>\n<li>non richiede limatura<\/li>\n<li>durata dello styling +21 giorni<\/li>\n<li>fornisce un&#8217;ottima resistenza<\/li>\n<li>nasconde e uniforma le imperfezioni della lamina ungueale<\/li>\n<li>comodit\u00e0 di lavoro durante l&#8217;applicazione della base (non inonda le cuticole)<\/li>\n<li>ha uno strato inibitore (strato di dispersione)<\/li>\n<li>protegge la lamina ungueale dai danni meccanici e dalla rottura delle unghie<\/li>\n<li>perfetto per unghie fragili<\/li>\n<li>contiene Flakes che aggiungono style alla manicure<\/li>\n<li>un pennello corto e perfettamente profilato consente un&#8217;applicazione precisa della base fino alle cuticole<\/li>\n<\/ul>\n<p><strong>Tempo di polimerizzazione:<\/strong>\u00a0lampada LED\/UV 48 W &#8211; 60 sec.<\/p>\n<p><strong>Avvertenze:<\/strong><\/p>\n<ul>\n<li>Tenere lontano dai bambini.<\/li>\n<li>Pu\u00f2 causare una reazione allergica.<\/li>\n<li>Evitare il contatto con la pelle.<\/li>\n<li>Evitare il contatto con gli occhi.<\/li>\n<li>Si prega di leggere attentamente le istruzioni per l&#8217;uso.<\/li>\n<\/ul>\n<p><strong>Ingredienti\/INCI:<\/strong><\/p>\n<p>Copolimero di acrilati, isobornil acrilato, idrossipropil metacrilato, dimeticone, etil trimetilbenzoil fenilfosfinato, cera microcristallina, mica, polietilene tereftalato, [+\/-] CI 77163, CI 15880, CI 77492, CI 77891, CI 77007, CI 77266<\/p>\n","protected":false},"excerpt":{"rendered":"<p>Scopri le nostre fanastiche <strong>basi rubber Flakes <\/strong><\/p>\n<p>Grazie alla flessibilit\u00e0, all&#8217;eccellente copertura, alla densit\u00e0 adeguata e alla capacit\u00e0 di rinforzare le unghie, non solo svolgono diverse funzioni in un unico prodotto, ma lavorare con loro \u00e8 semplice, piacevole e, soprattutto, veloce!<\/p>\n<p><strong>Flakes Rubber Base MollyLac<\/strong>\u00a0\u00e8 un prodotto\u00a0<strong>2 in 1<\/strong>\u00a0che ti far\u00e0 risparmiare tempo e denaro!<\/p>\n<p><strong>Colore : Bianco latte con Flakes Viola<\/strong><\/p>\n<p><strong>Tempo di polimerizzazione:<\/strong>\u00a0lampada LED\/UV 48 W &#8211; 60 sec.<\/p>\n","protected":false},"featured_media":23843,"comment_status":"closed","ping_status":"open","template":"","meta":[],"product_brand":[],"product_cat":[240,241,81,239],"product_tag":[258,2299,1028,2300],"class_list":{"0":"post-23842","1":"product","2":"type-product","3":"status-publish","4":"has-post-thumbnail","6":"product_cat-base","7":"product_cat-base-molly-lac","8":"product_cat-molly-lac","9":"product_cat-semipermanente","10":"product_tag-base","11":"product_tag-base-molly-lac","12":"product_tag-bianco-latte","13":"product_tag-rubber-flakes","15":"first","16":"instock","17":"shipping-taxable","18":"purchasable","19":"product-type-simple"},"_links":{"self":[{"href":"https:\/\/serverdedicato.lovenailsrivenditore.com\/index.php?rest_route=\/wp\/v2\/product\/23842","targetHints":{"allow":["GET"]}}],"collection":[{"href":"https:\/\/serverdedicato.lovenailsrivenditore.com\/index.php?rest_route=\/wp\/v2\/product"}],"about":[{"href":"https:\/\/serverdedicato.lovenailsrivenditore.com\/index.php?rest_route=\/wp\/v2\/types\/product"}],"replies":[{"embeddable":true,"href":"https:\/\/serverdedicato.lovenailsrivenditore.com\/index.php?rest_route=%2Fwp%2Fv2%2Fcomments&post=23842"}],"wp:featuredmedia":[{"embeddable":true,"href":"https:\/\/serverdedicato.lovenailsrivenditore.com\/index.php?rest_route=\/wp\/v2\/media\/23843"}],"wp:attachment":[{"href":"https:\/\/serverdedicato.lovenailsrivenditore.com\/index.php?rest_route=%2Fwp%2Fv2%2Fmedia&parent=23842"}],"wp:term":[{"taxonomy":"product_brand","embeddable":true,"href":"https:\/\/serverdedicato.lovenailsrivenditore.com\/index.php?rest_route=%2Fwp%2Fv2%2Fproduct_brand&post=23842"},{"taxonomy":"product_cat","embeddable":true,"href":"https:\/\/serverdedicato.lovenailsrivenditore.com\/index.php?rest_route=%2Fwp%2Fv2%2Fproduct_cat&post=23842"},{"taxonomy":"product_tag","embeddable":true,"href":"https:\/\/serverdedicato.lovenailsrivenditore.com\/index.php?rest_route=%2Fwp%2Fv2%2Fproduct_tag&post=23842"}],"curies":[{"name":"wp","href":"https:\/\/api.w.org\/{rel}","templated":true}]}}