{"id":23997,"date":"2024-08-28T15:14:12","date_gmt":"2024-08-28T13:14:12","guid":{"rendered":"https:\/\/serverdedicato.lovenailsrivenditore.com\/?product=claresa-eyeliner-easy-on-the-eye-01-black-is-black"},"modified":"2026-04-18T13:10:11","modified_gmt":"2026-04-18T11:10:11","slug":"claresa-eyeliner-easy-on-the-eye-01-black-is-black","status":"publish","type":"product","link":"https:\/\/serverdedicato.lovenailsrivenditore.com\/?product=claresa-eyeliner-easy-on-the-eye-01-black-is-black","title":{"rendered":"CLARESA &#8211; EYELINER EASY ON THE EYE 01 BLACK IS BLACK"},"content":{"rendered":"<div class=\"menu row\">\n<nav class=\"innermenu row container relative\">\n<h3><strong style=\"color: #555555; font-size: 14.4px;\">Penna per eyeliner precisa<\/strong><\/h3>\n<\/nav>\n<\/div>\n<div class=\"main row\">\n<div class=\"innermain container\">\n<div class=\"s-row\">\n<div class=\"centercol s-grid-12\">\n<div class=\"product-modules\">\n<div id=\"box_description\" class=\"box tab\">\n<div class=\"innerbox\">\n<div class=\"resetcss\">\n<p><strong>EASY ON THE EYE<\/strong>\u00a0\u00e8 un eyeliner per compiti speciali! La punta del pennello estremamente sottile, ultra precisa e flessibile render\u00e0 possibile un tratto perfetto gi\u00e0 con la prima passata. EASY ON THE EYE \u00e8 un prodotto perfetto sia per i professionisti che per le persone che hanno appena iniziato la loro storia con l&#8217;eyeliner. La formula nera, intensamente pigmentata, garantisce un effetto trucco di lunga durata e ti consente di goderti il \u200b\u200blook dei tuoi sogni per tutto il giorno. L&#8217;eyeliner segue ogni tua idea di linea, che si tratti di uno styling delicato e romantico, di un espressivo &#8220;occhio di gatto&#8221; o di un trucco artistico.<\/p>\n<p><strong>\u00a0<\/strong><\/p>\n<p><strong>CURIOSIT\u00c0:\u00a0<\/strong><br \/>\nL&#8217;eyeliner ha un pennello moderno e ultra preciso che facilita l&#8217;applicazione. Una sfera speciale impedisce alla massa di seccarsi: agitare il prodotto prima dell&#8217;uso.<\/p>\n<p><strong>\u00a0<\/strong><\/p>\n<p><strong>APPLICAZIONE:<\/strong><br \/>\nIniziare a tracciare una linea dal centro della palpebra superiore verso l&#8217;esterno, quindi evidenziare l&#8217;angolo interno dell&#8217;occhio. Apri l&#8217;occhio e, guardando dritto davanti a te, traccia una linea verso la tempia.<\/p>\n<\/div>\n<\/div>\n<\/div>\n<\/div>\n<\/div>\n<\/div>\n<\/div>\n<\/div>\n","protected":false},"excerpt":{"rendered":"<div class=\"menu row\">\n<nav class=\"innermenu row container relative\">\n<h3><strong style=\"color: #555555; font-size: 14.4px;\">Penna per eyeliner precisa<\/strong><\/h3>\n<\/nav>\n<\/div>\n<div class=\"main row\">\n<div class=\"innermain container\">\n<div class=\"s-row\">\n<div class=\"centercol s-grid-12\">\n<div class=\"product-modules\">\n<div id=\"box_description\" class=\"box tab\">\n<div class=\"innerbox\">\n<div class=\"resetcss\">\n<p><strong>EASY ON THE EYE<\/strong>\u00a0\u00e8 un eyeliner per compiti speciali! La punta del pennello estremamente sottile, ultra precisa e flessibile render\u00e0 possibile un tratto perfetto gi\u00e0 con la prima passata. EASY ON THE EYE \u00e8 un prodotto perfetto sia per i professionisti che per le persone che hanno appena iniziato la loro storia con l&#8217;eyeliner. La formula nera, intensamente pigmentata, garantisce un effetto trucco di lunga durata e ti consente di goderti il \u200b\u200blook dei tuoi sogni per tutto il giorno. L&#8217;eyeliner segue ogni tua idea di linea, che si tratti di uno styling delicato e romantico, di un espressivo &#8220;occhio di gatto&#8221; o di un trucco artistico.<\/p>\n<p><strong>\u00a0<\/strong><\/p>\n<p><strong>CURIOSIT\u00c0:\u00a0<\/strong><br \/>\nL&#8217;eyeliner ha un pennello moderno e ultra preciso che facilita l&#8217;applicazione. Una sfera speciale impedisce alla massa di seccarsi: agitare il prodotto prima dell&#8217;uso.<\/p>\n<p><strong>\u00a0<\/strong><\/p>\n<p><strong>APPLICAZIONE:<\/strong><br \/>\nIniziare a tracciare una linea dal centro della palpebra superiore verso l&#8217;esterno, quindi evidenziare l&#8217;angolo interno dell&#8217;occhio. Apri l&#8217;occhio e, guardando dritto davanti a te, traccia una linea verso la tempia.<\/p>\n<\/div>\n<\/div>\n<\/div>\n<\/div>\n<\/div>\n<\/div>\n<\/div>\n<\/div>\n","protected":false},"featured_media":23998,"comment_status":"closed","ping_status":"open","template":"","meta":[],"product_brand":[],"product_cat":[2319,1856,2320],"product_tag":[511,2323,197,2326],"class_list":{"0":"post-23997","1":"product","2":"type-product","3":"status-publish","4":"has-post-thumbnail","6":"product_cat-claresa-make-up","7":"product_cat-make-up","8":"product_cat-occhi-claresa-make-up","9":"product_tag-black","10":"product_tag-eyeliner","11":"product_tag-nero","12":"product_tag-penna","14":"first","15":"instock","16":"shipping-taxable","17":"purchasable","18":"product-type-simple"},"_links":{"self":[{"href":"https:\/\/serverdedicato.lovenailsrivenditore.com\/index.php?rest_route=\/wp\/v2\/product\/23997","targetHints":{"allow":["GET"]}}],"collection":[{"href":"https:\/\/serverdedicato.lovenailsrivenditore.com\/index.php?rest_route=\/wp\/v2\/product"}],"about":[{"href":"https:\/\/serverdedicato.lovenailsrivenditore.com\/index.php?rest_route=\/wp\/v2\/types\/product"}],"replies":[{"embeddable":true,"href":"https:\/\/serverdedicato.lovenailsrivenditore.com\/index.php?rest_route=%2Fwp%2Fv2%2Fcomments&post=23997"}],"wp:featuredmedia":[{"embeddable":true,"href":"https:\/\/serverdedicato.lovenailsrivenditore.com\/index.php?rest_route=\/wp\/v2\/media\/23998"}],"wp:attachment":[{"href":"https:\/\/serverdedicato.lovenailsrivenditore.com\/index.php?rest_route=%2Fwp%2Fv2%2Fmedia&parent=23997"}],"wp:term":[{"taxonomy":"product_brand","embeddable":true,"href":"https:\/\/serverdedicato.lovenailsrivenditore.com\/index.php?rest_route=%2Fwp%2Fv2%2Fproduct_brand&post=23997"},{"taxonomy":"product_cat","embeddable":true,"href":"https:\/\/serverdedicato.lovenailsrivenditore.com\/index.php?rest_route=%2Fwp%2Fv2%2Fproduct_cat&post=23997"},{"taxonomy":"product_tag","embeddable":true,"href":"https:\/\/serverdedicato.lovenailsrivenditore.com\/index.php?rest_route=%2Fwp%2Fv2%2Fproduct_tag&post=23997"}],"curies":[{"name":"wp","href":"https:\/\/api.w.org\/{rel}","templated":true}]}}