{"id":25011,"date":"2024-09-19T12:12:56","date_gmt":"2024-09-19T10:12:56","guid":{"rendered":"https:\/\/serverdedicato.lovenailsrivenditore.com\/?product=claresa-correttore-so-matchy-02"},"modified":"2026-04-18T13:28:00","modified_gmt":"2026-04-18T11:28:00","slug":"claresa-correttore-so-matchy-02","status":"publish","type":"product","link":"https:\/\/serverdedicato.lovenailsrivenditore.com\/?product=claresa-correttore-so-matchy-02","title":{"rendered":"CLARESA &#8211; CORRETTORE &#8211; SO MATCHY &#8211; 02"},"content":{"rendered":"<p>Un correttore in stick cremoso e mimetico \u00e8 un modo conveniente per nascondere rapidamente le imperfezioni della pelle. La formula a base di cere naturali (carnauba e cera d&#8217;api) resiste all&#8217;umidit\u00e0, non sbava e non crea aloni. \u00c8 stato inoltre arricchito con olio di ricino, ottimo per combattere l&#8217;acne. Il correttore fornisce una copertura forte con una finitura naturale e una lunga durata.<\/p>\n<p>\u00c8 disponibile in 4 varianti con diverse funzioni:<\/p>\n<p><strong>01 VANIGLIA, 02 NATURALE, 03 SUNNY<\/strong>\u00a0&#8211; varie tonalit\u00e0 del beige tradizionale, consigliato per mascherare lesioni cutanee, imperfezioni e discromie<br \/>\n<strong>04 CONTOURING<\/strong>\u00a0&#8211; destinato al contouring bagnato<br \/>\n<strong>05 ANTI-ROSSO<\/strong>\u00a0&#8211; neutralizza i rossori, come eritemi, lesioni acneiche infiammate, capillari dilatati<br \/>\n<strong>06 ANTI-GIALLO<\/strong>\u00a0\u2013 neutralizza i toni gialli nei lividi e nelle discromie, oltre a illuminare la pelle opaca e stanca.<\/p>\n<p><strong>CURIOSIT\u00c0:\u00a0<\/strong><br \/>\nLa cera d&#8217;api contenuta nel cosmetico ha propriet\u00e0 nutritive e accelera la rigenerazione della pelle, mentre l&#8217;olio di ricino \u00e8 noto per le sue propriet\u00e0 antinfiammatorie, antibatteriche e idratanti.<\/p>\n<p><strong>APPLICAZIONE:<\/strong><br \/>\nApplicare una piccola quantit\u00e0 di correttore dove \u00e8 necessaria una copertura efficace o una correzione del colore e tamponare con una spugna o un dito. Per aumentare la precisione, puoi utilizzare un pennello per applicare il correttore.<\/p>\n<p><strong>TRUCCO DEI MAKEUP ARTISTS:<\/strong><br \/>\nApplichiamo sempre i correttori per compiti speciali, ad esempio viola e verde, in uno strato sottile prima di applicare il fondotinta.<\/p>\n","protected":false},"excerpt":{"rendered":"<p>Un correttore in stick cremoso e mimetico \u00e8 un modo conveniente per nascondere rapidamente le imperfezioni della pelle. La formula a base di cere naturali (carnauba e cera d&#8217;api) resiste all&#8217;umidit\u00e0, non sbava e non crea aloni. \u00c8 stato inoltre arricchito con olio di ricino, ottimo per combattere l&#8217;acne. Il correttore fornisce una copertura forte con una finitura naturale e una lunga durata.<\/p>\n","protected":false},"featured_media":25012,"comment_status":"closed","ping_status":"open","template":"","meta":[],"product_brand":[],"product_cat":[2319,1856,1509,2329,2315],"product_tag":[2330,2429,2430],"class_list":{"0":"post-25011","1":"product","2":"type-product","3":"status-publish","4":"has-post-thumbnail","6":"product_cat-claresa-make-up","7":"product_cat-make-up","8":"product_cat-top-brand-professionali-unghie","9":"product_cat-viso-claresa-make-up","10":"product_cat-viso","11":"product_tag-correttore","12":"product_tag-correttore-claresa","13":"product_tag-so-matchy","15":"first","16":"outofstock","17":"shipping-taxable","18":"purchasable","19":"product-type-simple"},"_links":{"self":[{"href":"https:\/\/serverdedicato.lovenailsrivenditore.com\/index.php?rest_route=\/wp\/v2\/product\/25011","targetHints":{"allow":["GET"]}}],"collection":[{"href":"https:\/\/serverdedicato.lovenailsrivenditore.com\/index.php?rest_route=\/wp\/v2\/product"}],"about":[{"href":"https:\/\/serverdedicato.lovenailsrivenditore.com\/index.php?rest_route=\/wp\/v2\/types\/product"}],"replies":[{"embeddable":true,"href":"https:\/\/serverdedicato.lovenailsrivenditore.com\/index.php?rest_route=%2Fwp%2Fv2%2Fcomments&post=25011"}],"wp:featuredmedia":[{"embeddable":true,"href":"https:\/\/serverdedicato.lovenailsrivenditore.com\/index.php?rest_route=\/wp\/v2\/media\/25012"}],"wp:attachment":[{"href":"https:\/\/serverdedicato.lovenailsrivenditore.com\/index.php?rest_route=%2Fwp%2Fv2%2Fmedia&parent=25011"}],"wp:term":[{"taxonomy":"product_brand","embeddable":true,"href":"https:\/\/serverdedicato.lovenailsrivenditore.com\/index.php?rest_route=%2Fwp%2Fv2%2Fproduct_brand&post=25011"},{"taxonomy":"product_cat","embeddable":true,"href":"https:\/\/serverdedicato.lovenailsrivenditore.com\/index.php?rest_route=%2Fwp%2Fv2%2Fproduct_cat&post=25011"},{"taxonomy":"product_tag","embeddable":true,"href":"https:\/\/serverdedicato.lovenailsrivenditore.com\/index.php?rest_route=%2Fwp%2Fv2%2Fproduct_tag&post=25011"}],"curies":[{"name":"wp","href":"https:\/\/api.w.org\/{rel}","templated":true}]}}