{"id":25030,"date":"2024-09-19T13:47:58","date_gmt":"2024-09-19T11:47:58","guid":{"rendered":"https:\/\/serverdedicato.lovenailsrivenditore.com\/?product=claresa-magic-stick-eyeliner-e-colla-per-ciglia"},"modified":"2026-04-18T13:28:19","modified_gmt":"2026-04-18T11:28:19","slug":"claresa-magic-stick-eyeliner-e-colla-per-ciglia","status":"publish","type":"product","link":"https:\/\/serverdedicato.lovenailsrivenditore.com\/?product=claresa-magic-stick-eyeliner-e-colla-per-ciglia","title":{"rendered":"CLARESA &#8211; MAGIC STICK &#8211; EYELINER E COLLA PER CIGLIA"},"content":{"rendered":"<p><strong><span>Prima che si asciughi \u00e8 colla per ciglia finte, dopo l&#8217;asciugatura un eyeliner super resistente!<\/span><\/strong><span>\u00a0MAGIC STICK \u00e8 una colla magica nell&#8217;eyeliner che cambier\u00e0 per sempre il modo in cui applichi le ciglia finte: facile, veloce e preciso. \u00c8 un adesivo durevole, ad asciugatura rapida, con una formula impermeabile e un processo di rimozione senza problemi. Estremamente facile da usare: agita la confezione, applica la colla sulla palpebra come un normale eyeliner, applica le ciglia finte, premi delicatamente per 2-3 secondi e il gioco \u00e8 fatto! Applicare le ciglia finte non \u00e8 mai stato cos\u00ec facile!<\/span><\/p>\n<p><strong><span>CURIOSIT\u00c0:\u00a0<\/span><\/strong><br \/>\n<span>La formula vegana \u00e8 inodore, priva di alcool e priva di microplastica.<\/span><\/p>\n<p><strong><span>APPLICAZIONE:<\/span><\/strong><br \/>\n<span>Agita la confezione, applica la colla sulla palpebra come un normale eyeliner, applica le ciglia finte, premi delicatamente per 2-3 secondi e il gioco \u00e8 fatto!<\/span><\/p>\n<p><strong><span>TRUCCO DA MAKEUP ARTISTS:<\/span><\/strong><br \/>\n<span>Ricordatevi di abbinare le ciglia finte alla dimensione e alla forma del vostro occhio. Prima di applicare MAGIC STICK, prova le tue ciglia posizionandole contro la tua linea naturale e controlla se non sono troppo lunghe (nella stragrande maggioranza dei casi lo sono!). Se necessario, accorciarli alla lunghezza adeguata dall&#8217;angolo esterno tagliando la quantit\u00e0 adeguata degli ultimi ciuffi. La maggior parte dei modelli sono pi\u00f9 lunghi su questo lato e pi\u00f9 corti all&#8217;interno. Se accorci questa striscia dall&#8217;angolo interno, in primo luogo, l&#8217;occhio non sembrer\u00e0 naturale (perch\u00e9 l&#8217;inizio delle ciglia sar\u00e0 troppo lungo) e, in secondo luogo, rischi di non sentirti a tuo agio perch\u00e9 le ciglia iniziali troppo lunghe ti pungeranno quando le battito di ciglia. Solo la giusta lunghezza delle ciglia finte sollever\u00e0 in modo attraente l&#8217;angolo esterno dell&#8217;occhio e gli conferir\u00e0 una forma sexy e felina. I capelli troppo lunghi faranno abbassare l&#8217;angolo e questo effetto non \u00e8 mai desiderato.<\/span><\/p>\n<p><strong><span>ATTENZIONE!<\/span><\/strong><span>\u00a0Per massimizzare la durata del prodotto, conservare con il tappo abbassato.<\/span><\/p>\n","protected":false},"excerpt":{"rendered":"<p><strong>Prima che si asciughi &#8211; colla per ciglia finte, dopo l&#8217;asciugatura &#8211; eyeliner super resistente!<\/strong>\u00a0MAGIC STICK \u00e8 una colla magica nell&#8217;eyeliner che cambier\u00e0 per sempre il modo in cui applichi le ciglia finte: facile, veloce e preciso. \u00c8 un adesivo durevole, ad asciugatura rapida, con una formula impermeabile e un processo di rimozione senza problemi. Estremamente facile da usare: agita la confezione, applica la colla sulla palpebra come un normale eyeliner, applica le ciglia finte, premi delicatamente per 2-3 secondi e il gioco \u00e8 fatto! Applicare le ciglia finte non \u00e8 mai stato cos\u00ec facile!<\/p>\n","protected":false},"featured_media":25031,"comment_status":"closed","ping_status":"open","template":"","meta":[],"product_brand":[],"product_cat":[2319,1856,2320,2318,1509],"product_tag":[911,737,2323],"class_list":{"0":"post-25030","1":"product","2":"type-product","3":"status-publish","4":"has-post-thumbnail","6":"product_cat-claresa-make-up","7":"product_cat-make-up","8":"product_cat-occhi-claresa-make-up","9":"product_cat-occhi","10":"product_cat-top-brand-professionali-unghie","11":"product_tag-ciglia-finte","12":"product_tag-colla","13":"product_tag-eyeliner","15":"first","16":"instock","17":"shipping-taxable","18":"purchasable","19":"product-type-simple"},"_links":{"self":[{"href":"https:\/\/serverdedicato.lovenailsrivenditore.com\/index.php?rest_route=\/wp\/v2\/product\/25030","targetHints":{"allow":["GET"]}}],"collection":[{"href":"https:\/\/serverdedicato.lovenailsrivenditore.com\/index.php?rest_route=\/wp\/v2\/product"}],"about":[{"href":"https:\/\/serverdedicato.lovenailsrivenditore.com\/index.php?rest_route=\/wp\/v2\/types\/product"}],"replies":[{"embeddable":true,"href":"https:\/\/serverdedicato.lovenailsrivenditore.com\/index.php?rest_route=%2Fwp%2Fv2%2Fcomments&post=25030"}],"wp:featuredmedia":[{"embeddable":true,"href":"https:\/\/serverdedicato.lovenailsrivenditore.com\/index.php?rest_route=\/wp\/v2\/media\/25031"}],"wp:attachment":[{"href":"https:\/\/serverdedicato.lovenailsrivenditore.com\/index.php?rest_route=%2Fwp%2Fv2%2Fmedia&parent=25030"}],"wp:term":[{"taxonomy":"product_brand","embeddable":true,"href":"https:\/\/serverdedicato.lovenailsrivenditore.com\/index.php?rest_route=%2Fwp%2Fv2%2Fproduct_brand&post=25030"},{"taxonomy":"product_cat","embeddable":true,"href":"https:\/\/serverdedicato.lovenailsrivenditore.com\/index.php?rest_route=%2Fwp%2Fv2%2Fproduct_cat&post=25030"},{"taxonomy":"product_tag","embeddable":true,"href":"https:\/\/serverdedicato.lovenailsrivenditore.com\/index.php?rest_route=%2Fwp%2Fv2%2Fproduct_tag&post=25030"}],"curies":[{"name":"wp","href":"https:\/\/api.w.org\/{rel}","templated":true}]}}