{"id":25062,"date":"2024-09-19T14:46:06","date_gmt":"2024-09-19T12:46:06","guid":{"rendered":"https:\/\/serverdedicato.lovenailsrivenditore.com\/?product=claresa-fissante-all-night-fixer-50gr"},"modified":"2026-04-18T13:28:46","modified_gmt":"2026-04-18T11:28:46","slug":"claresa-fissante-all-night-fixer-50gr","status":"publish","type":"product","link":"https:\/\/serverdedicato.lovenailsrivenditore.com\/?product=claresa-fissante-all-night-fixer-50gr","title":{"rendered":"CLARESA &#8211; FISSANTE &#8211; ALL NIGHT FIXER &#8211; 50gr"},"content":{"rendered":"<p><strong><span>ALL NIGHT FIXER<\/span><\/strong><span>\u00a0&#8211; il trucco che dura pi\u00f9 a lungo!<\/span><br \/>\n<span>Stai cercando un modo per prolungare la durata del tuo trucco? Durante una festa continui a guardarti allo specchio e a controllare se il trucco non \u00e8 colato? ALL NIGHT FIXER \u00e8 un prodotto che migliorer\u00e0 la durata del tuo trucco e ti far\u00e0 godere del trucco intatto pi\u00f9 a lungo. Grazie alla sua consistenza leggera, si assorbe rapidamente, donando al trucco un aspetto fresco e naturale. Questo \u00e8 un prodotto per il viso sotto forma di nebbia che fornisce un fissaggio immediato.<\/span><br \/>\n<span>Ha un comodo atomizzatore e fa s\u00ec che il trucco rimanga sulla pelle tutto il giorno.<\/span><br \/>\n<span>La texture leggera si assorbe rapidamente, donando al trucco un aspetto fresco e naturale.<\/span><\/p>\n<p><strong><span>CURIOSIT\u00c0<\/span><\/strong><br \/>\n<span>The Fixer \u00e8 stato arricchito con estratto di fiordaliso e pantenolo, famosi per le loro propriet\u00e0 idratanti, lenitive e lenitive.<\/span><\/p>\n<p><strong><span>APPLICAZIONE<\/span><\/strong><br \/>\n<span>Dopo aver applicato il trucco, spruzzare il fissativo sul viso da una distanza di 30 cm. Aspetta che si asciughi e goditi un trucco impeccabile pi\u00f9 a lungo.<\/span><\/p>\n<p><strong><span>TRUCCO DEI MAKEUP ARTISTS<\/span><\/strong><br \/>\n<span>Per raddoppiare il trucco, assicurati di utilizzare una buona base di fondotinta adatta al tuo tipo di pelle. La base uniformer\u00e0 l&#8217;incarnato e far\u00e0 s\u00ec che il trucco rimanga intatto ancora pi\u00f9 a lungo.<\/span><\/p>\n","protected":false},"excerpt":{"rendered":"<p><strong><span>ALL NIGHT FIXER<\/span><\/strong><span>\u00a0&#8211; il trucco che dura pi\u00f9 a lungo!<\/span><br \/>\n<span>Stai cercando un modo per prolungare la durata del tuo trucco? Durante una festa continui a guardarti allo specchio e a controllare se il trucco non \u00e8 colato? ALL NIGHT FIXER \u00e8 un prodotto che migliorer\u00e0 la durata del tuo trucco e ti far\u00e0 godere del trucco intatto pi\u00f9 a lungo. Grazie alla sua consistenza leggera, si assorbe rapidamente, donando al trucco un aspetto fresco e naturale. Questo \u00e8 un prodotto per il viso sotto forma di nebbia che fornisce un fissaggio immediato.<\/span><br \/>\n<span>Ha un comodo atomizzatore e fa s\u00ec che il trucco rimanga sulla pelle tutto il giorno.<\/span><br \/>\n<span>Il fissatore per tutta la notte \u00e8 un modo perfetto per fissare il trucco iniziale per lunghe ore. La texture leggera si assorbe rapidamente, donando al trucco un aspetto fresco e naturale.<\/span><\/p>\n<p><strong><span>CURIOSIT\u00c0<\/span><\/strong><br \/>\n<span>The Fixer \u00e8 stato arricchito con estratto di fiordaliso e pantenolo, famosi per le loro propriet\u00e0 idratanti, lenitive e lenitive.<\/span><\/p>\n<p><strong><span>APPLICAZIONE<\/span><\/strong><br \/>\n<span>Dopo aver applicato il trucco, spruzzare il fissativo sul viso da una distanza di 30 cm. Aspetta che si asciughi e goditi un trucco impeccabile pi\u00f9 a lungo.<\/span><\/p>\n<p><strong><span>TRUCCO DEI MAKEUP ARTISTS<\/span><\/strong><br \/>\n<span>Per raddoppiare il trucco, assicurati di utilizzare una buona base di fondotinta adatta al tuo tipo di pelle. La base uniformer\u00e0 l&#8217;incarnato e far\u00e0 s\u00ec che il trucco rimanga intatto ancora pi\u00f9 a lungo.<\/span><\/p>\n","protected":false},"featured_media":25063,"comment_status":"closed","ping_status":"open","template":"","meta":[],"product_brand":[],"product_cat":[2319,1856,1509,2329,2315],"product_tag":[2437,2438],"class_list":{"0":"post-25062","1":"product","2":"type-product","3":"status-publish","4":"has-post-thumbnail","6":"product_cat-claresa-make-up","7":"product_cat-make-up","8":"product_cat-top-brand-professionali-unghie","9":"product_cat-viso-claresa-make-up","10":"product_cat-viso","11":"product_tag-all-night-fixer","12":"product_tag-fissante","14":"first","15":"instock","16":"shipping-taxable","17":"purchasable","18":"product-type-simple"},"_links":{"self":[{"href":"https:\/\/serverdedicato.lovenailsrivenditore.com\/index.php?rest_route=\/wp\/v2\/product\/25062","targetHints":{"allow":["GET"]}}],"collection":[{"href":"https:\/\/serverdedicato.lovenailsrivenditore.com\/index.php?rest_route=\/wp\/v2\/product"}],"about":[{"href":"https:\/\/serverdedicato.lovenailsrivenditore.com\/index.php?rest_route=\/wp\/v2\/types\/product"}],"replies":[{"embeddable":true,"href":"https:\/\/serverdedicato.lovenailsrivenditore.com\/index.php?rest_route=%2Fwp%2Fv2%2Fcomments&post=25062"}],"wp:featuredmedia":[{"embeddable":true,"href":"https:\/\/serverdedicato.lovenailsrivenditore.com\/index.php?rest_route=\/wp\/v2\/media\/25063"}],"wp:attachment":[{"href":"https:\/\/serverdedicato.lovenailsrivenditore.com\/index.php?rest_route=%2Fwp%2Fv2%2Fmedia&parent=25062"}],"wp:term":[{"taxonomy":"product_brand","embeddable":true,"href":"https:\/\/serverdedicato.lovenailsrivenditore.com\/index.php?rest_route=%2Fwp%2Fv2%2Fproduct_brand&post=25062"},{"taxonomy":"product_cat","embeddable":true,"href":"https:\/\/serverdedicato.lovenailsrivenditore.com\/index.php?rest_route=%2Fwp%2Fv2%2Fproduct_cat&post=25062"},{"taxonomy":"product_tag","embeddable":true,"href":"https:\/\/serverdedicato.lovenailsrivenditore.com\/index.php?rest_route=%2Fwp%2Fv2%2Fproduct_tag&post=25062"}],"curies":[{"name":"wp","href":"https:\/\/api.w.org\/{rel}","templated":true}]}}