{"id":25467,"date":"2024-10-02T11:30:37","date_gmt":"2024-10-02T09:30:37","guid":{"rendered":"https:\/\/serverdedicato.lovenailsrivenditore.com\/?product=claresa-glitter-5ml-n-15"},"modified":"2026-04-18T13:35:02","modified_gmt":"2026-04-18T11:35:02","slug":"claresa-glitter-5ml-n-15","status":"publish","type":"product","link":"https:\/\/serverdedicato.lovenailsrivenditore.com\/?product=claresa-glitter-5ml-n-15","title":{"rendered":"CLARESA &#8211; GLITTER 5ml &#8211; n.15"},"content":{"rendered":"<p><span>Il colore pi\u00f9 nobile del mondo? La risposta \u00e8 una sola: \u00e8 oro.<\/span><\/p>\n<p><span>Ecco perch\u00e9 abbiamo una proposta per te in questo colore elegante: il bellissimo<\/span><strong><span>\u00a0Glitter 15<\/span><\/strong><span>\u00a0, alla quale sicuramente non potrai resistere.<\/span><\/p>\n<p><span>Il colore dorato chiaro, pieno di particelle scintillanti, \u00e8 un&#8217;opzione perfetta!<\/span><\/p>\n<p><strong><span>LA NUOVA EDIZIONE DI CLARESA HYBRID POLISHES \u00c8<\/span><\/strong><\/p>\n<ul>\n<li><span>applicazione senza problemi, senza allagare le cuticole<\/span><\/li>\n<li><span>lucentezza intensa<\/span><\/li>\n<li><span>perfetto, media densit\u00e0<\/span><\/li>\n<li><span>durata fino a 3 settimane<\/span><\/li>\n<li><span>capacit\u00e0: 5 g<\/span><\/li>\n<\/ul>\n","protected":false},"excerpt":{"rendered":"<p><span style=\"font-size: 14.4px;\">Il colore pi\u00f9 nobile del mondo? La risposta \u00e8 una sola: \u00e8 oro.<\/span><\/p>\n<p>Ecco perch\u00e9 abbiamo una proposta per te in questo colore elegante: il bellissimo<strong>\u00a0Glitter 15<\/strong>\u00a0, alla quale sicuramente non potrai resistere.<\/p>\n<p>Il colore dorato chiaro, pieno di particelle scintillanti, \u00e8 un&#8217;opzione perfetta!<\/p>\n<p><strong>LA NUOVA EDIZIONE DI CLARESA HYBRID POLISHES \u00c8<\/strong><\/p>\n<ul>\n<li>applicazione senza problemi, senza allagare le cuticole<\/li>\n<li>lucentezza intensa<\/li>\n<li>perfetto, media densit\u00e0<\/li>\n<li>durata fino a 3 settimane<\/li>\n<li>capacit\u00e0: 5 g<\/li>\n<\/ul>\n","protected":false},"featured_media":25468,"comment_status":"closed","ping_status":"open","template":"","meta":[],"product_brand":[],"product_cat":[1507,1560,1509],"product_tag":[2458,350,47],"class_list":{"0":"post-25467","1":"product","2":"type-product","3":"status-publish","4":"has-post-thumbnail","6":"product_cat-claresa","7":"product_cat-colori-semipermanente-claresa","8":"product_cat-top-brand-professionali-unghie","9":"product_tag-claresa-glitter","10":"product_tag-glitter","11":"product_tag-oro","13":"first","14":"outofstock","15":"shipping-taxable","16":"purchasable","17":"product-type-simple"},"_links":{"self":[{"href":"https:\/\/serverdedicato.lovenailsrivenditore.com\/index.php?rest_route=\/wp\/v2\/product\/25467","targetHints":{"allow":["GET"]}}],"collection":[{"href":"https:\/\/serverdedicato.lovenailsrivenditore.com\/index.php?rest_route=\/wp\/v2\/product"}],"about":[{"href":"https:\/\/serverdedicato.lovenailsrivenditore.com\/index.php?rest_route=\/wp\/v2\/types\/product"}],"replies":[{"embeddable":true,"href":"https:\/\/serverdedicato.lovenailsrivenditore.com\/index.php?rest_route=%2Fwp%2Fv2%2Fcomments&post=25467"}],"wp:featuredmedia":[{"embeddable":true,"href":"https:\/\/serverdedicato.lovenailsrivenditore.com\/index.php?rest_route=\/wp\/v2\/media\/25468"}],"wp:attachment":[{"href":"https:\/\/serverdedicato.lovenailsrivenditore.com\/index.php?rest_route=%2Fwp%2Fv2%2Fmedia&parent=25467"}],"wp:term":[{"taxonomy":"product_brand","embeddable":true,"href":"https:\/\/serverdedicato.lovenailsrivenditore.com\/index.php?rest_route=%2Fwp%2Fv2%2Fproduct_brand&post=25467"},{"taxonomy":"product_cat","embeddable":true,"href":"https:\/\/serverdedicato.lovenailsrivenditore.com\/index.php?rest_route=%2Fwp%2Fv2%2Fproduct_cat&post=25467"},{"taxonomy":"product_tag","embeddable":true,"href":"https:\/\/serverdedicato.lovenailsrivenditore.com\/index.php?rest_route=%2Fwp%2Fv2%2Fproduct_tag&post=25467"}],"curies":[{"name":"wp","href":"https:\/\/api.w.org\/{rel}","templated":true}]}}