{"id":26331,"date":"2024-12-17T10:58:01","date_gmt":"2024-12-17T09:58:01","guid":{"rendered":"https:\/\/serverdedicato.lovenailsrivenditore.com\/?product=molly-nails-cat-eye-n-162-8ml"},"modified":"2026-04-18T13:47:22","modified_gmt":"2026-04-18T11:47:22","slug":"molly-nails-cat-eye-n-162-8ml","status":"publish","type":"product","link":"https:\/\/serverdedicato.lovenailsrivenditore.com\/?product=molly-nails-cat-eye-n-162-8ml","title":{"rendered":"Molly Nails &#8211; Cat Eye n.162 &#8211; 8ml"},"content":{"rendered":"<p>La\u00a0\u00a0<strong>consistenza perfettamente cremosa<\/strong>\u00a0\u00a0e\u00a0\u00a0<strong>la formula innovativa<\/strong> \u00a0garantiscono una facile applicazione.<\/p>\n<p><b>164<\/b>\u00a0Pink Rose Crystal Water Cat Eye \u00e8 una proposta ideale per le persone che desiderano aggiungere fascino sottile e lucentezza unica alle proprie unghie. Questa tonalit\u00e0 abbina il rosa delicato all&#8217;effetto cat eye, creando una manicure estremamente sensuale e femminile.<\/p>\n<ul>\n<li>Tonalit\u00e0 profonda e magnetica: il colore di base \u00e8 un&#8217;elegante tonalit\u00e0 di grigio, che \u00e8 la base perfetta per l&#8217;effetto cat eye. Questa tonalit\u00e0 si adatta a qualsiasi stile, aggiungendo classe ed eleganza alle tue unghie.<\/li>\n<li><b>Effetto occhi di gatto:<\/b> speciali particelle magnetiche contenute nella semipermanente creano un fenomenale effetto occhi di gatto, che cambia a seconda dell&#8217;angolo di incidenza della luce.<\/li>\n<li><b>Lucentezza di cristallo:<\/b> il semipermanente \u00e8 decorato con un delicato effetto scintillante che aggiunge eleganza e classe<\/li>\n<\/ul>\n","protected":false},"excerpt":{"rendered":"<p>La\u00a0\u00a0<strong>consistenza perfettamente cremosa<\/strong>\u00a0\u00a0e\u00a0\u00a0<strong>la formula innovativa<\/strong> \u00a0garantiscono una facile applicazione.<\/p>\n<p><b>164<\/b>\u00a0Pink Rose Crystal Water Cat Eye \u00e8 una proposta ideale per le persone che desiderano aggiungere fascino sottile e lucentezza unica alle proprie unghie. Questa tonalit\u00e0 abbina il rosa delicato all&#8217;effetto cat eye, creando una manicure estremamente sensuale e femminile.<\/p>\n<ul>\n<li><b><span><span>Tonalit\u00e0 profonda e magnetica:<\/span><\/span><\/b><span><span>\u00a0il colore di base \u00e8 un&#8217;elegante tonalit\u00e0 di grigio, che \u00e8 la base perfetta per l&#8217;effetto cat eye. Questa tonalit\u00e0 si adatta a qualsiasi stile, aggiungendo classe ed eleganza alle tue unghie.<\/span><\/span><\/li>\n<li><\/li>\n<li><b>Effetto occhi di gatto:<\/b> speciali particelle magnetiche contenute nella semipermanente creano un fenomenale effetto occhi di gatto, che cambia a seconda dell&#8217;angolo di incidenza della luce.<\/li>\n<li><b>Lucentezza di cristallo:<\/b> il semipermanente \u00e8 decorato con un delicato effetto scintillante che aggiunge eleganza e classe<\/li>\n<\/ul>\n","protected":false},"featured_media":26332,"comment_status":"closed","ping_status":"open","template":"","meta":[],"product_brand":[],"product_cat":[24,82,81,83],"product_tag":[927,103,2470],"class_list":{"0":"post-26331","1":"product","2":"type-product","3":"status-publish","4":"has-post-thumbnail","6":"product_cat-colori","7":"product_cat-colori-semipermanente","8":"product_cat-molly-lac","9":"product_cat-semipermanenti","10":"product_tag-cat-eye","11":"product_tag-cat-eyes","12":"product_tag-crystal-water","14":"first","15":"instock","16":"shipping-taxable","17":"purchasable","18":"product-type-simple"},"_links":{"self":[{"href":"https:\/\/serverdedicato.lovenailsrivenditore.com\/index.php?rest_route=\/wp\/v2\/product\/26331","targetHints":{"allow":["GET"]}}],"collection":[{"href":"https:\/\/serverdedicato.lovenailsrivenditore.com\/index.php?rest_route=\/wp\/v2\/product"}],"about":[{"href":"https:\/\/serverdedicato.lovenailsrivenditore.com\/index.php?rest_route=\/wp\/v2\/types\/product"}],"replies":[{"embeddable":true,"href":"https:\/\/serverdedicato.lovenailsrivenditore.com\/index.php?rest_route=%2Fwp%2Fv2%2Fcomments&post=26331"}],"wp:featuredmedia":[{"embeddable":true,"href":"https:\/\/serverdedicato.lovenailsrivenditore.com\/index.php?rest_route=\/wp\/v2\/media\/26332"}],"wp:attachment":[{"href":"https:\/\/serverdedicato.lovenailsrivenditore.com\/index.php?rest_route=%2Fwp%2Fv2%2Fmedia&parent=26331"}],"wp:term":[{"taxonomy":"product_brand","embeddable":true,"href":"https:\/\/serverdedicato.lovenailsrivenditore.com\/index.php?rest_route=%2Fwp%2Fv2%2Fproduct_brand&post=26331"},{"taxonomy":"product_cat","embeddable":true,"href":"https:\/\/serverdedicato.lovenailsrivenditore.com\/index.php?rest_route=%2Fwp%2Fv2%2Fproduct_cat&post=26331"},{"taxonomy":"product_tag","embeddable":true,"href":"https:\/\/serverdedicato.lovenailsrivenditore.com\/index.php?rest_route=%2Fwp%2Fv2%2Fproduct_tag&post=26331"}],"curies":[{"name":"wp","href":"https:\/\/api.w.org\/{rel}","templated":true}]}}