{"id":28200,"date":"2025-02-22T12:31:08","date_gmt":"2025-02-22T11:31:08","guid":{"rendered":"https:\/\/serverdedicato.lovenailsrivenditore.com\/?product=molly-nails-angel-pink-pro-salon-15gr"},"modified":"2026-04-20T08:59:43","modified_gmt":"2026-04-20T06:59:43","slug":"molly-nails-angel-pink-pro-salon-15gr","status":"publish","type":"product","link":"https:\/\/serverdedicato.lovenailsrivenditore.com\/?product=molly-nails-angel-pink-pro-salon-15gr","title":{"rendered":"Molly Nails &#8211; Angel Pink Pro Salon 15gr"},"content":{"rendered":"<p><strong>Gel per unghie monofasico autolivellante<\/strong>\u00a0in un comodo flacone con pennellino.<\/p>\n<p>Puoi utilizzarlo per allungare, ma anche per rinforzare e correggere le unghie naturali.<\/p>\n<p>Comodit\u00e0 d&#8217;uso e una formula pi\u00f9 flessibile rispetto a un normale gel sono la ricetta del successo!<\/p>\n<p><strong>Un prodotto, tante possibilit\u00e0!<\/strong> Questo gel ti sar\u00e0 utile se hai bisogno di: allungare, rinforzare e correggere<\/p>\n<p><strong>Riduci al minimo il tuo tempo di lavoro!<\/strong> Un comodo pennellino velocizzer\u00e0 notevolmente la procedura di manicure, consentendoti di massimizzare i profitti del tuo salone! L&#8217;applicazione \u00e8 semplicissima: preleva il prodotto direttamente dal flacone con un pennello e applicalo secondo necessit\u00e0.<\/p>\n<p>La formula in gel monofasico agisce sulla lamina ungueale naturale, creando uno stile senza l&#8217;antiestetica tinta gialla.<\/p>\n<p>La consistenza densa consente la creazione di un apice e di una curva a C. Protegge dai danni meccanici e dai fattori esterni.<\/p>\n<p>Resistenti da indossare, comodi da tagliare! Non si sbriciola n\u00e9 si rompe. Resistente alle alte temperature: non si ammorbidisce durante l&#8217;uso.<\/p>\n<p>Formula\u00a0<strong>priva di HEMA\/Di-HEMA .<\/strong><\/p>\n<p><strong>Vantaggi:<\/strong><\/p>\n<ul>\n<li>Il tempo pi\u00f9 breve possibile per lo styling delle unghie<\/li>\n<li>Aspetto ultra naturale<\/li>\n<li>Applicazione comoda grazie al pennello appositamente dedicato<\/li>\n<li>Formula monofase densa, autolivellante, con strato di dispersione<\/li>\n<li>Perfetta aderenza alla lamina ungueale naturale<\/li>\n<li>Copertura intorno all&#8217;80%<\/li>\n<\/ul>\n<p><strong>Applicazione:<\/strong><\/p>\n<ul>\n<li>per la riparazione e l&#8217;allungamento delle unghie (fino a 5 mm)<\/li>\n<li>per livellare, rinforzare e ricostruire le unghie in modo leggero<\/li>\n<li>per babyboomer e french<\/li>\n<li>per la tecnica no file<\/li>\n<li>per persone con diversi livelli di avanzamento<\/li>\n<\/ul>\n<p><strong>Tempo di polimerizzazione:<\/strong><\/p>\n<ul>\n<li>Lampada LED\/UV 48W &#8211; 60s<\/li>\n<\/ul>\n","protected":false},"excerpt":{"rendered":"<p><strong>Gel per unghie monofasico autolivellante<\/strong>\u00a0in un comodo flacone con pennellino.<\/p>\n<p>Puoi utilizzarlo per allungare, ma anche per rinforzare e correggere le unghie naturali.<\/p>\n<p>Comodit\u00e0 d&#8217;uso e una formula pi\u00f9 flessibile rispetto a un normale gel sono la ricetta del successo!<\/p>\n<p><strong>Un prodotto, tante possibilit\u00e0!<\/strong> Questo gel ti sar\u00e0 utile se hai bisogno di: allungare, rinforzare e correggere<\/p>\n<p><strong>Riduci al minimo il tuo tempo di lavoro!<\/strong><\/p>\n","protected":false},"featured_media":28201,"comment_status":"closed","ping_status":"open","template":"","meta":[],"product_brand":[],"product_cat":[225,81],"product_tag":[1029,725],"class_list":{"0":"post-28200","1":"product","2":"type-product","3":"status-publish","4":"has-post-thumbnail","6":"product_cat-costruttori-molly-lac","7":"product_cat-molly-lac","8":"product_tag-gel-in-bottiglia","9":"product_tag-gel-in-bottle","11":"first","12":"instock","13":"shipping-taxable","14":"purchasable","15":"product-type-simple"},"_links":{"self":[{"href":"https:\/\/serverdedicato.lovenailsrivenditore.com\/index.php?rest_route=\/wp\/v2\/product\/28200","targetHints":{"allow":["GET"]}}],"collection":[{"href":"https:\/\/serverdedicato.lovenailsrivenditore.com\/index.php?rest_route=\/wp\/v2\/product"}],"about":[{"href":"https:\/\/serverdedicato.lovenailsrivenditore.com\/index.php?rest_route=\/wp\/v2\/types\/product"}],"replies":[{"embeddable":true,"href":"https:\/\/serverdedicato.lovenailsrivenditore.com\/index.php?rest_route=%2Fwp%2Fv2%2Fcomments&post=28200"}],"wp:featuredmedia":[{"embeddable":true,"href":"https:\/\/serverdedicato.lovenailsrivenditore.com\/index.php?rest_route=\/wp\/v2\/media\/28201"}],"wp:attachment":[{"href":"https:\/\/serverdedicato.lovenailsrivenditore.com\/index.php?rest_route=%2Fwp%2Fv2%2Fmedia&parent=28200"}],"wp:term":[{"taxonomy":"product_brand","embeddable":true,"href":"https:\/\/serverdedicato.lovenailsrivenditore.com\/index.php?rest_route=%2Fwp%2Fv2%2Fproduct_brand&post=28200"},{"taxonomy":"product_cat","embeddable":true,"href":"https:\/\/serverdedicato.lovenailsrivenditore.com\/index.php?rest_route=%2Fwp%2Fv2%2Fproduct_cat&post=28200"},{"taxonomy":"product_tag","embeddable":true,"href":"https:\/\/serverdedicato.lovenailsrivenditore.com\/index.php?rest_route=%2Fwp%2Fv2%2Fproduct_tag&post=28200"}],"curies":[{"name":"wp","href":"https:\/\/api.w.org\/{rel}","templated":true}]}}