{"id":28259,"date":"2025-02-24T11:30:29","date_gmt":"2025-02-24T10:30:29","guid":{"rendered":"https:\/\/serverdedicato.lovenailsrivenditore.com\/?product=722-pink-gerbera-molly-lac-10ml"},"modified":"2026-04-20T09:00:20","modified_gmt":"2026-04-20T07:00:20","slug":"722-pink-gerbera-molly-lac-10ml","status":"publish","type":"product","link":"https:\/\/serverdedicato.lovenailsrivenditore.com\/?product=722-pink-gerbera-molly-lac-10ml","title":{"rendered":"722 Pink Gerbera &#8211; Molly Lac 10ml"},"content":{"rendered":"<p><b><span>722. Gerbera rosa:\u00a0\u00a0<\/span><\/b><span>una combinazione energica di sfumature rosa-arancio ha creato un colore pieno di fascino e romanticismo, che richiama la bellezza dei fiori di gerbera. Questa tonalit\u00e0 \u00e8 simbolo di femminilit\u00e0, eleganza ed energia positiva. Lascia che questo colore ti ricordi la bellezza, la gioia e l&#8217;amore che ti circondano, aggiungendo fascino a ogni giorno e consentendoti di brillare in modo unico.<\/span><\/p>\n","protected":false},"excerpt":{"rendered":"<p><b><span>722. Gerbera rosa:\u00a0\u00a0<\/span><\/b><span>una combinazione energica di sfumature rosa-arancio ha creato un colore pieno di fascino e romanticismo, che richiama la bellezza dei fiori di gerbera. Questa tonalit\u00e0 \u00e8 simbolo di femminilit\u00e0, eleganza ed energia positiva. Lascia che questo colore ti ricordi la bellezza, la gioia e l&#8217;amore che ti circondano, aggiungendo fascino a ogni giorno e consentendoti di brillare in modo unico.<\/span><\/p>\n","protected":false},"featured_media":28260,"comment_status":"closed","ping_status":"open","template":"","meta":[],"product_brand":[],"product_cat":[82,81],"product_tag":[2581,61],"class_list":{"0":"post-28259","1":"product","2":"type-product","3":"status-publish","4":"has-post-thumbnail","6":"product_cat-colori-semipermanente","7":"product_cat-molly-lac","8":"product_tag-fucsia-fluo","9":"product_tag-pink","11":"first","12":"instock","13":"shipping-taxable","14":"purchasable","15":"product-type-simple"},"_links":{"self":[{"href":"https:\/\/serverdedicato.lovenailsrivenditore.com\/index.php?rest_route=\/wp\/v2\/product\/28259","targetHints":{"allow":["GET"]}}],"collection":[{"href":"https:\/\/serverdedicato.lovenailsrivenditore.com\/index.php?rest_route=\/wp\/v2\/product"}],"about":[{"href":"https:\/\/serverdedicato.lovenailsrivenditore.com\/index.php?rest_route=\/wp\/v2\/types\/product"}],"replies":[{"embeddable":true,"href":"https:\/\/serverdedicato.lovenailsrivenditore.com\/index.php?rest_route=%2Fwp%2Fv2%2Fcomments&post=28259"}],"wp:featuredmedia":[{"embeddable":true,"href":"https:\/\/serverdedicato.lovenailsrivenditore.com\/index.php?rest_route=\/wp\/v2\/media\/28260"}],"wp:attachment":[{"href":"https:\/\/serverdedicato.lovenailsrivenditore.com\/index.php?rest_route=%2Fwp%2Fv2%2Fmedia&parent=28259"}],"wp:term":[{"taxonomy":"product_brand","embeddable":true,"href":"https:\/\/serverdedicato.lovenailsrivenditore.com\/index.php?rest_route=%2Fwp%2Fv2%2Fproduct_brand&post=28259"},{"taxonomy":"product_cat","embeddable":true,"href":"https:\/\/serverdedicato.lovenailsrivenditore.com\/index.php?rest_route=%2Fwp%2Fv2%2Fproduct_cat&post=28259"},{"taxonomy":"product_tag","embeddable":true,"href":"https:\/\/serverdedicato.lovenailsrivenditore.com\/index.php?rest_route=%2Fwp%2Fv2%2Fproduct_tag&post=28259"}],"curies":[{"name":"wp","href":"https:\/\/api.w.org\/{rel}","templated":true}]}}