{"id":28639,"date":"2025-03-08T09:38:39","date_gmt":"2025-03-08T08:38:39","guid":{"rendered":"https:\/\/serverdedicato.lovenailsrivenditore.com\/?product=staleks-parte-operativa-pusher-rotondo-stretto"},"modified":"2026-04-20T09:04:50","modified_gmt":"2026-04-20T07:04:50","slug":"staleks-parte-operativa-pusher-rotondo-stretto","status":"publish","type":"product","link":"https:\/\/serverdedicato.lovenailsrivenditore.com\/?product=staleks-parte-operativa-pusher-rotondo-stretto","title":{"rendered":"STALEKS &#8211; PARTE OPERATIVA- PUSHER ROTONDO STRETTO"},"content":{"rendered":"<ul>\n<li><span data-sheets-root=\"1\">La parte operativa intercambiabile &#8220;pusher rotondo stretto&#8221; per la spatola COMBO UNIQ \u00e8 uno degli elementi di una spatola modulare innovativa, progettata per creare il tuo strumento universale. Scegli due parti necessarie dalla vasta gamma COMBO UNIQ e avvitale semplicemente al manico speciale.<\/span><\/li>\n<li><span data-sheets-root=\"1\">La parte operativa &#8220;pusher rotondo stretto&#8221; \u00e8 progettata per sollevare e spostare la cuticola per la sua successiva rimozione durante la manicure e la pedicure.<\/span><\/li>\n<li><span data-sheets-root=\"1\">Il pusher si adatta perfettamente alla superficie della lamina ungueale, grazie alla sua forma leggermente curva che segue il contorno dell&#8217;unghia.<\/span><\/li>\n<li><span data-sheets-root=\"1\">L&#8217;acciaio inossidabile di alta qualit\u00e0 garantisce durata e protezione contro la corrosione.<\/span><\/li>\n<li><span data-sheets-root=\"1\">Il silicone ipoallergenico assicura una presa sicura dello strumento nella mano del professionista, consentendo un lavoro pi\u00f9 efficiente e senza fatica.<\/span><\/li>\n<li><span data-sheets-root=\"1\">Le parti in acciaio inossidabile e silicone sono resistenti a tutti i tipi di disinfezione e sterilizzazione senza compromettere la qualit\u00e0.<\/span><\/li>\n<li><span data-sheets-root=\"1\">Le parti operative possono essere disinfettate e sterilizzate senza bisogno di smontare continuamente lo strumento, poich\u00e9 la spatola pu\u00f2 essere trattata anche quando assemblata, semplificando e velocizzando il processo di manutenzione.\u00a0<\/span>La parte operativa intercambiabile garantisce un&#8217;elevata economicit\u00e0 della spatola, poich\u00e9, in caso di necessit\u00e0 di sostituzione, non \u00e8 necessario acquistare l&#8217;intero strumento; basta sostituire solo la parte necessaria, svitando quella vecchia e avvitando quella nuova.<\/li>\n<li><span data-sheets-root=\"1\">UNIQ COMBO \u00e8 la soluzione ideale per creare il pusher dei tuoi sogni!<\/span><\/li>\n<\/ul>\n","protected":false},"excerpt":{"rendered":"<ul>\n<li><span data-sheets-root=\"1\">La parte operativa intercambiabile &#8220;pusher rotondo stretto&#8221; per la spatola COMBO UNIQ \u00e8 uno degli elementi di una spatola modulare innovativa, progettata per creare il tuo strumento universale. Scegli due parti necessarie dalla vasta gamma COMBO UNIQ e avvitale semplicemente al manico speciale.<\/span><\/li>\n<li><span data-sheets-root=\"1\">La parte operativa &#8220;pusher rotondo stretto&#8221; \u00e8 progettata per sollevare e spostare la cuticola per la sua successiva rimozione durante la manicure e la pedicure.<\/span><\/li>\n<li><span data-sheets-root=\"1\">Il pusher si adatta perfettamente alla superficie della lamina ungueale, grazie alla sua forma leggermente curva che segue il contorno dell&#8217;unghia.<\/span><\/li>\n<li><span data-sheets-root=\"1\">L&#8217;acciaio inossidabile di alta qualit\u00e0 garantisce durata e protezione contro la corrosione.<\/span><\/li>\n<li><span data-sheets-root=\"1\">Il silicone ipoallergenico assicura una presa sicura dello strumento nella mano del professionista, consentendo un lavoro pi\u00f9 efficiente e senza fatica.<\/span><\/li>\n<li><span data-sheets-root=\"1\">Le parti in acciaio inossidabile e silicone sono resistenti a tutti i tipi di disinfezione e sterilizzazione senza compromettere la qualit\u00e0.<\/span><\/li>\n<li><span data-sheets-root=\"1\">Le parti operative possono essere disinfettate e sterilizzate senza bisogno di smontare continuamente lo strumento, poich\u00e9 la spatola pu\u00f2 essere trattata anche quando assemblata, semplificando e velocizzando il processo di manutenzione.\u00a0<\/span>La parte operativa intercambiabile garantisce un&#8217;elevata economicit\u00e0 della spatola, poich\u00e9, in caso di necessit\u00e0 di sostituzione, non \u00e8 necessario acquistare l&#8217;intero strumento; basta sostituire solo la parte necessaria, svitando quella vecchia e avvitando quella nuova.<\/li>\n<li><span data-sheets-root=\"1\">UNIQ COMBO \u00e8 la soluzione ideale per creare il pusher dei tuoi sogni!<\/span><\/li>\n<\/ul>\n","protected":false},"featured_media":28640,"comment_status":"closed","ping_status":"open","template":"","meta":[],"product_brand":[],"product_cat":[1808,1310],"product_tag":[2540,2541],"class_list":{"0":"post-28639","1":"product","2":"type-product","3":"status-publish","4":"has-post-thumbnail","6":"product_cat-spingicuticole-professionali","7":"product_cat-staleks","8":"product_tag-pusher","9":"product_tag-spingicuticola","11":"first","12":"outofstock","13":"shipping-taxable","14":"purchasable","15":"product-type-simple"},"_links":{"self":[{"href":"https:\/\/serverdedicato.lovenailsrivenditore.com\/index.php?rest_route=\/wp\/v2\/product\/28639","targetHints":{"allow":["GET"]}}],"collection":[{"href":"https:\/\/serverdedicato.lovenailsrivenditore.com\/index.php?rest_route=\/wp\/v2\/product"}],"about":[{"href":"https:\/\/serverdedicato.lovenailsrivenditore.com\/index.php?rest_route=\/wp\/v2\/types\/product"}],"replies":[{"embeddable":true,"href":"https:\/\/serverdedicato.lovenailsrivenditore.com\/index.php?rest_route=%2Fwp%2Fv2%2Fcomments&post=28639"}],"wp:featuredmedia":[{"embeddable":true,"href":"https:\/\/serverdedicato.lovenailsrivenditore.com\/index.php?rest_route=\/wp\/v2\/media\/28640"}],"wp:attachment":[{"href":"https:\/\/serverdedicato.lovenailsrivenditore.com\/index.php?rest_route=%2Fwp%2Fv2%2Fmedia&parent=28639"}],"wp:term":[{"taxonomy":"product_brand","embeddable":true,"href":"https:\/\/serverdedicato.lovenailsrivenditore.com\/index.php?rest_route=%2Fwp%2Fv2%2Fproduct_brand&post=28639"},{"taxonomy":"product_cat","embeddable":true,"href":"https:\/\/serverdedicato.lovenailsrivenditore.com\/index.php?rest_route=%2Fwp%2Fv2%2Fproduct_cat&post=28639"},{"taxonomy":"product_tag","embeddable":true,"href":"https:\/\/serverdedicato.lovenailsrivenditore.com\/index.php?rest_route=%2Fwp%2Fv2%2Fproduct_tag&post=28639"}],"curies":[{"name":"wp","href":"https:\/\/api.w.org\/{rel}","templated":true}]}}