{"id":28828,"date":"2025-03-12T14:55:15","date_gmt":"2025-03-12T13:55:15","guid":{"rendered":"https:\/\/serverdedicato.lovenailsrivenditore.com\/?product=claresa-palette-illuminante-rosy-glow"},"modified":"2026-04-20T09:07:47","modified_gmt":"2026-04-20T07:07:47","slug":"claresa-palette-illuminante-rosy-glow","status":"publish","type":"product","link":"https:\/\/serverdedicato.lovenailsrivenditore.com\/?product=claresa-palette-illuminante-rosy-glow","title":{"rendered":"CLARESA &#8211; PALETTE ILLUMINANTE &#8211; ROSY GLOW"},"content":{"rendered":"<p><strong><span>Un set di tre tonalit\u00e0 illuminanti perfettamente composte che creano un effetto superficie d&#8217;acqua sulla pelle.<\/span><\/strong><span> I prodotti possono essere combinati tra loro o applicati separatamente su viso e corpo per donare loro una radiosa luminosit\u00e0.\u00a0<\/span><span> Consente di modulare gradualmente l&#8217;effetto, da delicato e naturale a intenso e brillante.\u00a0<\/span><\/p>\n<p><strong><span>FATTO INTERESSANTE:\u00a0<\/span><\/strong><br \/>\n<span>La formula vegana, setosa e leggera \u00e8 ricca di cera di carnauba, che protegge la pelle dalla perdita di acqua e crea su di essa una pellicola nutriente e levigante. La mica contenuta nella composizione riflette la luce, riducendo otticamente la visibilit\u00e0 delle piccole rughe e delle irregolarit\u00e0 della pelle.<\/span><\/p>\n<p><strong><span>APPLICAZIONE:<\/span><\/strong><br \/>\n<span>applicare l&#8217;illuminante con un pennello morbido sulla parte superiore degli zigomi, sull&#8217;arco di Cupido, sul ponte del naso e sul d\u00e9collet\u00e9. Mescola le tonalit\u00e0 come preferisci per ottenere un colore unico che si abbini perfettamente al tuo incarnato e alle tue preferenze.<\/span><\/p>\n<p><strong><span>TRUCCO DEL TRUCCATORE:<\/span><\/strong><br \/>\n<span>Per massimizzare la luminosit\u00e0, spruzzare la zona illuminata con un velo di spray per il viso o con acqua termale.<\/span><\/p>\n","protected":false},"excerpt":{"rendered":"<p><strong>Un set di tre tonalit\u00e0 illuminanti perfettamente composte che creano un effetto superficie d&#8217;acqua sulla pelle.<\/strong> I prodotti possono essere combinati tra loro o applicati separatamente su viso e corpo per donare loro una radiosa luminosit\u00e0.\u00a0 Consente di modulare gradualmente l&#8217;effetto, da delicato e naturale a intenso e brillante.<\/p>\n","protected":false},"featured_media":28829,"comment_status":"closed","ping_status":"open","template":"","meta":[],"product_brand":[],"product_cat":[2319,1856,1509,2315,2329],"product_tag":[2357,2605,801,2606],"class_list":{"0":"post-28828","1":"product","2":"type-product","3":"status-publish","4":"has-post-thumbnail","6":"product_cat-claresa-make-up","7":"product_cat-make-up","8":"product_cat-top-brand-professionali-unghie","9":"product_cat-viso","10":"product_cat-viso-claresa-make-up","11":"product_tag-illuminante","12":"product_tag-illuminanti","13":"product_tag-palette","14":"product_tag-palette-make-up","16":"first","17":"instock","18":"shipping-taxable","19":"purchasable","20":"product-type-simple"},"_links":{"self":[{"href":"https:\/\/serverdedicato.lovenailsrivenditore.com\/index.php?rest_route=\/wp\/v2\/product\/28828","targetHints":{"allow":["GET"]}}],"collection":[{"href":"https:\/\/serverdedicato.lovenailsrivenditore.com\/index.php?rest_route=\/wp\/v2\/product"}],"about":[{"href":"https:\/\/serverdedicato.lovenailsrivenditore.com\/index.php?rest_route=\/wp\/v2\/types\/product"}],"replies":[{"embeddable":true,"href":"https:\/\/serverdedicato.lovenailsrivenditore.com\/index.php?rest_route=%2Fwp%2Fv2%2Fcomments&post=28828"}],"wp:featuredmedia":[{"embeddable":true,"href":"https:\/\/serverdedicato.lovenailsrivenditore.com\/index.php?rest_route=\/wp\/v2\/media\/28829"}],"wp:attachment":[{"href":"https:\/\/serverdedicato.lovenailsrivenditore.com\/index.php?rest_route=%2Fwp%2Fv2%2Fmedia&parent=28828"}],"wp:term":[{"taxonomy":"product_brand","embeddable":true,"href":"https:\/\/serverdedicato.lovenailsrivenditore.com\/index.php?rest_route=%2Fwp%2Fv2%2Fproduct_brand&post=28828"},{"taxonomy":"product_cat","embeddable":true,"href":"https:\/\/serverdedicato.lovenailsrivenditore.com\/index.php?rest_route=%2Fwp%2Fv2%2Fproduct_cat&post=28828"},{"taxonomy":"product_tag","embeddable":true,"href":"https:\/\/serverdedicato.lovenailsrivenditore.com\/index.php?rest_route=%2Fwp%2Fv2%2Fproduct_tag&post=28828"}],"curies":[{"name":"wp","href":"https:\/\/api.w.org\/{rel}","templated":true}]}}