{"id":28886,"date":"2025-03-13T13:50:54","date_gmt":"2025-03-13T12:50:54","guid":{"rendered":"https:\/\/serverdedicato.lovenailsrivenditore.com\/?product=claresa-eyeshadow-solo-107-sophisticated"},"modified":"2026-04-20T09:08:55","modified_gmt":"2026-04-20T07:08:55","slug":"claresa-eyeshadow-solo-107-sophisticated","status":"publish","type":"product","link":"https:\/\/serverdedicato.lovenailsrivenditore.com\/?product=claresa-eyeshadow-solo-107-sophisticated","title":{"rendered":"CLARESA &#8211; EYESHADOW SOLO &#8211; 107 SOPHISTICATED"},"content":{"rendered":"<p>Gli ombretti SOLO sono una collezione di ombretti opachi singoli in colori naturali. Questa \u00e8 una proposta per chi si trucca utilizzando uno o due ombretti e non ha bisogno dell&#8217;intera palette. Saranno apprezzati anche da chi non ha nella propria palette preferita uno dei colori base nude.<br \/>\nLa consistenza setosa e l&#8217;intensa pigmentazione assicurano un trucco occhi perfetto e duraturo, senza sgretolarsi, sbiadire o accumularsi nelle pieghe delle palpebre.<\/p>\n<p><strong>CURIOSIT\u00c0:<br \/>\n<\/strong>I cosmetici si abbinano perfettamente tra loro e con altri prodotti, come gli ombretti intensamente perlati della collezione GLOW. Prodotto in Polonia, vegano, non testato sugli animali, privo di profumi, alcol o microplastiche.<\/p>\n<p><strong>APPLICAZIONE:<\/strong><br \/>\nApplicare con un pennello sulla palpebra opportunamente preparata.<\/p>\n<p><strong>TRUCCO DEI TRUCCHIATORI:<\/strong><br \/>\nPer ottenere la massima profondit\u00e0 e intensit\u00e0 di colore dal prodotto, nonch\u00e9 prolungarne la durata, ricordatevi di utilizzare una base per ombretto!<\/p>\n","protected":false},"excerpt":{"rendered":"<p>Gli ombretti SOLO sono una collezione di ombretti opachi singoli in colori naturali. Questa \u00e8 una proposta per chi si trucca utilizzando uno o due ombretti e non ha bisogno dell&#8217;intera palette. Saranno apprezzati anche da chi non ha nella propria palette preferita uno dei colori base nude.<br \/>\nLa consistenza setosa e l&#8217;intensa pigmentazione assicurano un trucco occhi perfetto e duraturo, senza sgretolarsi, sbiadire o accumularsi nelle pieghe delle palpebre.<\/p>\n","protected":false},"featured_media":28887,"comment_status":"closed","ping_status":"open","template":"","meta":[],"product_brand":[],"product_cat":[2319,1856,2320,2318,1509],"product_tag":[2321,234,2322],"class_list":{"0":"post-28886","1":"product","2":"type-product","3":"status-publish","4":"has-post-thumbnail","6":"product_cat-claresa-make-up","7":"product_cat-make-up","8":"product_cat-occhi-claresa-make-up","9":"product_cat-occhi","10":"product_cat-top-brand-professionali-unghie","11":"product_tag-eyeshadow","12":"product_tag-nude","13":"product_tag-ombretto","15":"first","16":"instock","17":"shipping-taxable","18":"purchasable","19":"product-type-simple"},"_links":{"self":[{"href":"https:\/\/serverdedicato.lovenailsrivenditore.com\/index.php?rest_route=\/wp\/v2\/product\/28886","targetHints":{"allow":["GET"]}}],"collection":[{"href":"https:\/\/serverdedicato.lovenailsrivenditore.com\/index.php?rest_route=\/wp\/v2\/product"}],"about":[{"href":"https:\/\/serverdedicato.lovenailsrivenditore.com\/index.php?rest_route=\/wp\/v2\/types\/product"}],"replies":[{"embeddable":true,"href":"https:\/\/serverdedicato.lovenailsrivenditore.com\/index.php?rest_route=%2Fwp%2Fv2%2Fcomments&post=28886"}],"wp:featuredmedia":[{"embeddable":true,"href":"https:\/\/serverdedicato.lovenailsrivenditore.com\/index.php?rest_route=\/wp\/v2\/media\/28887"}],"wp:attachment":[{"href":"https:\/\/serverdedicato.lovenailsrivenditore.com\/index.php?rest_route=%2Fwp%2Fv2%2Fmedia&parent=28886"}],"wp:term":[{"taxonomy":"product_brand","embeddable":true,"href":"https:\/\/serverdedicato.lovenailsrivenditore.com\/index.php?rest_route=%2Fwp%2Fv2%2Fproduct_brand&post=28886"},{"taxonomy":"product_cat","embeddable":true,"href":"https:\/\/serverdedicato.lovenailsrivenditore.com\/index.php?rest_route=%2Fwp%2Fv2%2Fproduct_cat&post=28886"},{"taxonomy":"product_tag","embeddable":true,"href":"https:\/\/serverdedicato.lovenailsrivenditore.com\/index.php?rest_route=%2Fwp%2Fv2%2Fproduct_tag&post=28886"}],"curies":[{"name":"wp","href":"https:\/\/api.w.org\/{rel}","templated":true}]}}