{"id":29333,"date":"2025-03-27T17:16:09","date_gmt":"2025-03-27T16:16:09","guid":{"rendered":"https:\/\/serverdedicato.lovenailsrivenditore.com\/?product=kodi-professional-rossetto-velour-pink-sweet-pea-35gr"},"modified":"2026-04-20T09:16:02","modified_gmt":"2026-04-20T07:16:02","slug":"kodi-professional-rossetto-velour-pink-sweet-pea-35gr","status":"publish","type":"product","link":"https:\/\/serverdedicato.lovenailsrivenditore.com\/?product=kodi-professional-rossetto-velour-pink-sweet-pea-35gr","title":{"rendered":"KODI PROFESSIONAL &#8211; ROSSETTO VELOUR- PINK SWEET PEA 3,5gr"},"content":{"rendered":"<p>La gamma di trucchi KODI PROFESSIONAL \u00e8 stata ampliata con una collezione limitata di lussuosi rossetti classici con una finitura vellutata alla moda. I rossetti della nuova collezione VELOUR sono garanzia di labbra vellutate incredibilmente belle e curate, che mantengono la loro attrattiva e il loro aspetto impeccabile per tutto il giorno. Il rossetto classico \u00e8 ben pigmentato e garantisce un colore intenso e ricco con propriet\u00e0 riempitive. Caratteristica distintiva del prodotto \u00e8 la sua delicata consistenza in mousse, che rende l\u2019applicazione facile e piacevole e dona una sensazione di comfort alla pelle delle labbra. La composizione comprende oli naturali biologicamente attivi: l&#8217;olio di ricino nutre e ammorbidisce efficacemente le labbra, mentre l&#8217;olio di semi di murumuru rigenera la pelle, guarisce le microfessure, elimina desquamazione e secchezza, rendendo le labbra idratate e curate in modo ottimale.<\/p>\n<p>Colore: Pink Sweet Pea. Il colore pu\u00f2 variare leggermente a seconda della pigmentazione naturale delle labbra. Consistenza: vellutata.<\/p>\n<p>Come si usa: applicare il rossetto sulle labbra con un pennello. Per ottenere un colore pi\u00f9 denso e saturo, disegna prima il contorno delle labbra con una matita e sfumalo leggermente.<\/p>\n","protected":false},"excerpt":{"rendered":"<p>La gamma di trucchi KODI PROFESSIONAL \u00e8 stata ampliata con una collezione limitata di lussuosi rossetti classici con una finitura vellutata alla moda. I rossetti della nuova collezione VELOUR sono garanzia di labbra vellutate incredibilmente belle e curate, che mantengono la loro attrattiva e il loro aspetto impeccabile per tutto il giorno. Il rossetto classico \u00e8 ben pigmentato e garantisce un colore intenso e ricco con propriet\u00e0 riempitive. Caratteristica distintiva del prodotto \u00e8 la sua delicata consistenza in mousse, che rende l\u2019applicazione facile e piacevole e dona una sensazione di comfort alla pelle delle labbra. La composizione comprende oli naturali biologicamente attivi: l&#8217;olio di ricino nutre e ammorbidisce efficacemente le labbra, mentre l&#8217;olio di semi di murumuru rigenera la pelle, guarisce le microfessure, elimina desquamazione e secchezza, rendendo le labbra idratate e curate in modo ottimale.<\/p>\n<p>Colore: Pink Sweet Pea. Il colore pu\u00f2 variare leggermente a seconda della pigmentazione naturale delle labbra. Consistenza: vellutata.<\/p>\n<p>&nbsp;<\/p>\n<p>&nbsp;<\/p>\n","protected":false},"featured_media":29334,"comment_status":"closed","ping_status":"open","template":"","meta":[],"product_brand":[],"product_cat":[2627,2628,2647,1857,1856,1509],"product_tag":[909,2486],"class_list":{"0":"post-29333","1":"product","2":"type-product","3":"status-publish","4":"has-post-thumbnail","6":"product_cat-kodi","7":"product_cat-kodi-professional","8":"product_cat-labbra-kodi-professional","9":"product_cat-labbra","10":"product_cat-make-up","11":"product_cat-top-brand-professionali-unghie","12":"product_tag-lipstick","13":"product_tag-rossetto","15":"first","16":"instock","17":"shipping-taxable","18":"purchasable","19":"product-type-simple"},"_links":{"self":[{"href":"https:\/\/serverdedicato.lovenailsrivenditore.com\/index.php?rest_route=\/wp\/v2\/product\/29333","targetHints":{"allow":["GET"]}}],"collection":[{"href":"https:\/\/serverdedicato.lovenailsrivenditore.com\/index.php?rest_route=\/wp\/v2\/product"}],"about":[{"href":"https:\/\/serverdedicato.lovenailsrivenditore.com\/index.php?rest_route=\/wp\/v2\/types\/product"}],"replies":[{"embeddable":true,"href":"https:\/\/serverdedicato.lovenailsrivenditore.com\/index.php?rest_route=%2Fwp%2Fv2%2Fcomments&post=29333"}],"wp:featuredmedia":[{"embeddable":true,"href":"https:\/\/serverdedicato.lovenailsrivenditore.com\/index.php?rest_route=\/wp\/v2\/media\/29334"}],"wp:attachment":[{"href":"https:\/\/serverdedicato.lovenailsrivenditore.com\/index.php?rest_route=%2Fwp%2Fv2%2Fmedia&parent=29333"}],"wp:term":[{"taxonomy":"product_brand","embeddable":true,"href":"https:\/\/serverdedicato.lovenailsrivenditore.com\/index.php?rest_route=%2Fwp%2Fv2%2Fproduct_brand&post=29333"},{"taxonomy":"product_cat","embeddable":true,"href":"https:\/\/serverdedicato.lovenailsrivenditore.com\/index.php?rest_route=%2Fwp%2Fv2%2Fproduct_cat&post=29333"},{"taxonomy":"product_tag","embeddable":true,"href":"https:\/\/serverdedicato.lovenailsrivenditore.com\/index.php?rest_route=%2Fwp%2Fv2%2Fproduct_tag&post=29333"}],"curies":[{"name":"wp","href":"https:\/\/api.w.org\/{rel}","templated":true}]}}