{"id":29354,"date":"2025-03-28T12:00:51","date_gmt":"2025-03-28T11:00:51","guid":{"rendered":"https:\/\/serverdedicato.lovenailsrivenditore.com\/?product=kodi-professional-fondotinta-hd-n-01"},"modified":"2026-04-20T09:16:18","modified_gmt":"2026-04-20T07:16:18","slug":"kodi-professional-fondotinta-hd-n-01","status":"publish","type":"product","link":"https:\/\/serverdedicato.lovenailsrivenditore.com\/?product=kodi-professional-fondotinta-hd-n-01","title":{"rendered":"KODI PROFESSIONAL &#8211; FONDOTINTA HD n.01"},"content":{"rendered":"<p>Il fondotinta HD LIQUID FOUNDATION, sviluppato dagli esperti del marchio internazionale Kodi professional, vi conquister\u00e0 per la sua multifunzionalit\u00e0 e flessibilit\u00e0.<\/p>\n<p>Il fondotinta ha una consistenza leggera a base d&#8217;acqua, grazie alla quale il prodotto si stende in pochi minuti, senza colare n\u00e9 evidenziare i rilievi della pelle. Ha un livello di coprenza denso, ma allo stesso tempo risulta naturale sul viso, senza creare l&#8217;effetto maschera. L&#8217;aggiunta di particelle riflettenti HD rende questa tonalit\u00e0 un&#8217;eccellente scelta per riprese fotografiche e video. La tonalit\u00e0 #01 \u00e8 beige chiaro. \u00a0 Uno speciale erogatore impedisce il consumo eccessivo di toner, aumenta l&#8217;igiene e previene le fuoriuscite. \u00a0 Come si usa: applicare con un pennello per ottenere texture cremose o con una spugna umida. Per una maggiore stabilit\u00e0, fissare con la cipria. Pu\u00f2 essere utilizzato come ausilio per correggere singole aree del viso.<\/p>\n<p>Contenuto: 30 ml<\/p>\n<p>Ingredienti: ACQUA, CICLOPENTASILOSSANO, PEG-10, DIMETILCONE, GLICERILE, BUTILENGLICOLE, SQUALANO, ISONONIL ISONONANOATO, STEARETH-21, COPOLIMERO DIMETILCONE\/METILCONE, ACETATO DI TOCOFEROLO, NITRURO DI BORO, PROPILPARABENE, FRAGRANZA. PU\u00d2 CONTENERE (+\/-): CI 77891, OSSIDI DI FERRO, CI 77491, CI 77492.<\/p>\n","protected":false},"excerpt":{"rendered":"<p>Il fondotinta HD LIQUID FOUNDATION, sviluppato dagli esperti del marchio internazionale Kodi professional, vi conquister\u00e0 per la sua multifunzionalit\u00e0 e flessibilit\u00e0.<\/p>\n<p>Il fondotinta ha una consistenza leggera a base d&#8217;acqua, grazie alla quale il prodotto si stende in pochi minuti, senza colare n\u00e9 evidenziare i rilievi della pelle. Ha un livello di coprenza denso, ma allo stesso tempo risulta naturale sul viso, senza creare l&#8217;effetto maschera. L&#8217;aggiunta di particelle riflettenti HD rende questa tonalit\u00e0 un&#8217;eccellente scelta per riprese fotografiche e video. La tonalit\u00e0 #01 \u00e8 beige chiaro. \u00a0 Uno speciale erogatore impedisce il consumo eccessivo di toner, aumenta l&#8217;igiene e previene le fuoriuscite. \u00a0 Come si usa: applicare con un pennello per ottenere texture cremose o con una spugna umida. Per una maggiore stabilit\u00e0, fissare con la cipria. Pu\u00f2 essere utilizzato come ausilio per correggere singole aree del viso.<\/p>\n<p>Contenuto: 30 ml<\/p>\n","protected":false},"featured_media":29355,"comment_status":"closed","ping_status":"open","template":"","meta":[],"product_brand":[],"product_cat":[2627,2628,1856,1509,2629,2315],"product_tag":[2334,2649],"class_list":{"0":"post-29354","1":"product","2":"type-product","3":"status-publish","4":"has-post-thumbnail","6":"product_cat-kodi","7":"product_cat-kodi-professional","8":"product_cat-make-up","9":"product_cat-top-brand-professionali-unghie","10":"product_cat-viso-kodi-professional","11":"product_cat-viso","12":"product_tag-fondotinta","13":"product_tag-fondotinta-hd","15":"first","16":"instock","17":"shipping-taxable","18":"purchasable","19":"product-type-simple"},"_links":{"self":[{"href":"https:\/\/serverdedicato.lovenailsrivenditore.com\/index.php?rest_route=\/wp\/v2\/product\/29354","targetHints":{"allow":["GET"]}}],"collection":[{"href":"https:\/\/serverdedicato.lovenailsrivenditore.com\/index.php?rest_route=\/wp\/v2\/product"}],"about":[{"href":"https:\/\/serverdedicato.lovenailsrivenditore.com\/index.php?rest_route=\/wp\/v2\/types\/product"}],"replies":[{"embeddable":true,"href":"https:\/\/serverdedicato.lovenailsrivenditore.com\/index.php?rest_route=%2Fwp%2Fv2%2Fcomments&post=29354"}],"wp:featuredmedia":[{"embeddable":true,"href":"https:\/\/serverdedicato.lovenailsrivenditore.com\/index.php?rest_route=\/wp\/v2\/media\/29355"}],"wp:attachment":[{"href":"https:\/\/serverdedicato.lovenailsrivenditore.com\/index.php?rest_route=%2Fwp%2Fv2%2Fmedia&parent=29354"}],"wp:term":[{"taxonomy":"product_brand","embeddable":true,"href":"https:\/\/serverdedicato.lovenailsrivenditore.com\/index.php?rest_route=%2Fwp%2Fv2%2Fproduct_brand&post=29354"},{"taxonomy":"product_cat","embeddable":true,"href":"https:\/\/serverdedicato.lovenailsrivenditore.com\/index.php?rest_route=%2Fwp%2Fv2%2Fproduct_cat&post=29354"},{"taxonomy":"product_tag","embeddable":true,"href":"https:\/\/serverdedicato.lovenailsrivenditore.com\/index.php?rest_route=%2Fwp%2Fv2%2Fproduct_tag&post=29354"}],"curies":[{"name":"wp","href":"https:\/\/api.w.org\/{rel}","templated":true}]}}