{"id":29603,"date":"2025-03-30T16:52:15","date_gmt":"2025-03-30T14:52:15","guid":{"rendered":"https:\/\/serverdedicato.lovenailsrivenditore.com\/?product=kodi-professional-cipria-compatta-wet-dry-n-03"},"modified":"2026-04-20T09:19:30","modified_gmt":"2026-04-20T07:19:30","slug":"kodi-professional-cipria-compatta-wet-dry-n-03","status":"publish","type":"product","link":"https:\/\/serverdedicato.lovenailsrivenditore.com\/?product=kodi-professional-cipria-compatta-wet-dry-n-03","title":{"rendered":"KODI PROFESSIONAL &#8211; CIPRIA COMPATTA WET &#038; DRY &#8211; n.03"},"content":{"rendered":"<p>La nuova serie di ciprie compatte Wet and Dry in formato refill \u00e8 appositamente studiata per donare alla pelle un aspetto liscio e vellutato, preservandone la consistenza naturale e la piacevole sensazione sul viso. Il prodotto \u00e8 studiato per un uso professionale, adatto al trucco quotidiano. Un rivestimento visivamente impercettibile sulla pelle, uniforma istantaneamente il tono e opacizza perfettamente, tutto questo \u00e8 stato reso possibile dall&#8217;utilizzo del processo di micronizzazione. La base del prodotto \u00e8 composta da componenti minerali di alta qualit\u00e0 ripetutamente frantumati, grazie ai quali il prodotto si adatta bene a qualsiasi colore della pelle in pochi secondi, garantisce la durata del trucco e allo stesso tempo non crea l&#8217;effetto maschera. Sono previsti metodi di applicazione a secco e a umido. La densit\u00e0 del rivestimento \u00e8 regolata mediante stratificazione graduale. Adatto alle donne con pelle sensibile. La polvere non \u00e8 comedogena, non secca la pelle e non si ossida.<\/p>\n<p>&nbsp;<\/p>\n<p>Ingredienti: mica, silice, biossido di titanio, nitruro di boro, polimero incrociato di vinil dimeticone\/meticone silsesquiossano, etilesil metossicinnamato, ossido di zinco, dimeticone, nylon-12, trietossicaprililsilano, caprilil glicole, 1,2-esandiolo, etilesilglicerina, fenil trimethicone, polimero incrociato dimeticone\/vinil dimeticone, allantoina. Pu\u00f2 contenere (+\/-): ossidi di ferro (CI 77491, CI 77492, CI 77499).<\/p>\n","protected":false},"excerpt":{"rendered":"<p>La nuova serie di ciprie compatte Wet and Dry in formato refill \u00e8 appositamente studiata per donare alla pelle un aspetto liscio e vellutato, preservandone la consistenza naturale e la piacevole sensazione sul viso. Il prodotto \u00e8 studiato per un uso professionale, adatto al trucco quotidiano. Un rivestimento visivamente impercettibile sulla pelle, uniforma istantaneamente il tono e opacizza perfettamente, tutto questo \u00e8 stato reso possibile dall&#8217;utilizzo del processo di micronizzazione. La base del prodotto \u00e8 composta da componenti minerali di alta qualit\u00e0 ripetutamente frantumati, grazie ai quali il prodotto si adatta bene a qualsiasi colore della pelle in pochi secondi, garantisce la durata del trucco e allo stesso tempo non crea l&#8217;effetto maschera. Sono previsti metodi di applicazione a secco e a umido. La densit\u00e0 del rivestimento \u00e8 regolata mediante stratificazione graduale. Adatto alle donne con pelle sensibile. La polvere non \u00e8 comedogena, non secca la pelle e non si ossida.<\/p>\n","protected":false},"featured_media":29604,"comment_status":"closed","ping_status":"open","template":"","meta":[],"product_brand":[],"product_cat":[2627,2628,1856,1509,2629,2315],"product_tag":[2359,2655],"class_list":{"0":"post-29603","1":"product","2":"type-product","3":"status-publish","4":"has-post-thumbnail","6":"product_cat-kodi","7":"product_cat-kodi-professional","8":"product_cat-make-up","9":"product_cat-top-brand-professionali-unghie","10":"product_cat-viso-kodi-professional","11":"product_cat-viso","12":"product_tag-cipria","13":"product_tag-cipria-compatta","15":"first","16":"instock","17":"shipping-taxable","18":"purchasable","19":"product-type-simple"},"_links":{"self":[{"href":"https:\/\/serverdedicato.lovenailsrivenditore.com\/index.php?rest_route=\/wp\/v2\/product\/29603","targetHints":{"allow":["GET"]}}],"collection":[{"href":"https:\/\/serverdedicato.lovenailsrivenditore.com\/index.php?rest_route=\/wp\/v2\/product"}],"about":[{"href":"https:\/\/serverdedicato.lovenailsrivenditore.com\/index.php?rest_route=\/wp\/v2\/types\/product"}],"replies":[{"embeddable":true,"href":"https:\/\/serverdedicato.lovenailsrivenditore.com\/index.php?rest_route=%2Fwp%2Fv2%2Fcomments&post=29603"}],"wp:featuredmedia":[{"embeddable":true,"href":"https:\/\/serverdedicato.lovenailsrivenditore.com\/index.php?rest_route=\/wp\/v2\/media\/29604"}],"wp:attachment":[{"href":"https:\/\/serverdedicato.lovenailsrivenditore.com\/index.php?rest_route=%2Fwp%2Fv2%2Fmedia&parent=29603"}],"wp:term":[{"taxonomy":"product_brand","embeddable":true,"href":"https:\/\/serverdedicato.lovenailsrivenditore.com\/index.php?rest_route=%2Fwp%2Fv2%2Fproduct_brand&post=29603"},{"taxonomy":"product_cat","embeddable":true,"href":"https:\/\/serverdedicato.lovenailsrivenditore.com\/index.php?rest_route=%2Fwp%2Fv2%2Fproduct_cat&post=29603"},{"taxonomy":"product_tag","embeddable":true,"href":"https:\/\/serverdedicato.lovenailsrivenditore.com\/index.php?rest_route=%2Fwp%2Fv2%2Fproduct_tag&post=29603"}],"curies":[{"name":"wp","href":"https:\/\/api.w.org\/{rel}","templated":true}]}}