{"id":29614,"date":"2025-03-31T13:05:44","date_gmt":"2025-03-31T11:05:44","guid":{"rendered":"https:\/\/serverdedicato.lovenailsrivenditore.com\/?product=kodi-professional-cipria-compatta-wet-dry-n-05"},"modified":"2026-04-20T09:19:35","modified_gmt":"2026-04-20T07:19:35","slug":"kodi-professional-cipria-compatta-wet-dry-n-05","status":"publish","type":"product","link":"https:\/\/serverdedicato.lovenailsrivenditore.com\/?product=kodi-professional-cipria-compatta-wet-dry-n-05","title":{"rendered":"KODI PROFESSIONAL &#8211; CIPRIA COMPATTA WET &#038; DRY &#8211; n.05"},"content":{"rendered":"<p>Creata tenendo conto delle ultime conquiste del settore della bellezza nella lotta per una pelle impeccabile, la nuova cipria compatta Wet and Dry di KODI PROFESSIONAL offre una nuova qualit\u00e0 di coprenza, che si esprime in un tono perfettamente uniforme, senza effetto maschera, e una sensazione di comfort sulla pelle per tutto il giorno. La particolarit\u00e0 del prodotto \u00e8 la speciale texture micronizzata che crea un effetto velo, si adatta perfettamente al colorito della pelle, la opacizza a lungo e, cosa pi\u00f9 importante, \u00e8 invisibile sulla pelle. La serie \u00e8 presentata in 5 tonalit\u00e0. La base della polvere nelle ricariche della serie Wet and Dry \u00e8 composta da componenti minerali macinati ripetutamente, il che conferisce al prodotto un&#8217;elevata coprenza senza funzione correttiva. La polvere viene utilizzata sia per l&#8217;uso quotidiano pi\u00f9 naturale, sia per quello professionale. Adatto a chi ha la pelle sensibile. Applicato asciutto o bagnato, la densit\u00e0 del rivestimento \u00e8 regolata tramite stratificazione. Non comedogenico e non si ossida sulla pelle.<\/p>\n<p>Capacit\u00e0 : 9gr<\/p>\n<p>Ingredienti: Mica, Biossido di Titanio, Silice, Dimeticone, Nitruro di Boro, Vinil Dimeticone\/Methicone Silsesquioxane Crosspolymer Nylon-12, Caprilil Glicole, Dimeticone\/Vinil Dimeticone Crosspolymer, 1,2-Esandiolo, Fenil Trimeticone, Etilesilglicerina, Trietossicaprillsilano, Allantoina. Pu\u00f2 contenere (+\/-): Ossidi di Ferro (CI 77491, CI 77492, CI 77499).<\/p>\n","protected":false},"excerpt":{"rendered":"<p>Creata tenendo conto delle ultime conquiste del settore della bellezza nella lotta per una pelle impeccabile, la nuova cipria compatta Wet and Dry di KODI PROFESSIONAL offre una nuova qualit\u00e0 di coprenza, che si esprime in un tono perfettamente uniforme, senza effetto maschera, e una sensazione di comfort sulla pelle per tutto il giorno. La particolarit\u00e0 del prodotto \u00e8 la speciale texture micronizzata che crea un effetto velo, si adatta perfettamente al colorito della pelle, la opacizza a lungo e, cosa pi\u00f9 importante, \u00e8 invisibile sulla pelle. La serie \u00e8 presentata in 5 tonalit\u00e0. La base della polvere nelle ricariche della serie Wet and Dry \u00e8 composta da componenti minerali macinati ripetutamente, il che conferisce al prodotto un&#8217;elevata coprenza senza funzione correttiva. La polvere viene utilizzata sia per l&#8217;uso quotidiano pi\u00f9 naturale, sia per quello professionale. Adatto a chi ha la pelle sensibile. Applicato asciutto o bagnato, la densit\u00e0 del rivestimento \u00e8 regolata tramite stratificazione. Non comedogenico e non si ossida sulla pelle.<\/p>\n<p>Capacit\u00e0 : 9gr<\/p>\n","protected":false},"featured_media":29615,"comment_status":"closed","ping_status":"open","template":"","meta":[],"product_brand":[],"product_cat":[2627,2628,1856,1509,2629,2315],"product_tag":[2359,2655],"class_list":{"0":"post-29614","1":"product","2":"type-product","3":"status-publish","4":"has-post-thumbnail","6":"product_cat-kodi","7":"product_cat-kodi-professional","8":"product_cat-make-up","9":"product_cat-top-brand-professionali-unghie","10":"product_cat-viso-kodi-professional","11":"product_cat-viso","12":"product_tag-cipria","13":"product_tag-cipria-compatta","15":"first","16":"instock","17":"shipping-taxable","18":"purchasable","19":"product-type-simple"},"_links":{"self":[{"href":"https:\/\/serverdedicato.lovenailsrivenditore.com\/index.php?rest_route=\/wp\/v2\/product\/29614","targetHints":{"allow":["GET"]}}],"collection":[{"href":"https:\/\/serverdedicato.lovenailsrivenditore.com\/index.php?rest_route=\/wp\/v2\/product"}],"about":[{"href":"https:\/\/serverdedicato.lovenailsrivenditore.com\/index.php?rest_route=\/wp\/v2\/types\/product"}],"replies":[{"embeddable":true,"href":"https:\/\/serverdedicato.lovenailsrivenditore.com\/index.php?rest_route=%2Fwp%2Fv2%2Fcomments&post=29614"}],"wp:featuredmedia":[{"embeddable":true,"href":"https:\/\/serverdedicato.lovenailsrivenditore.com\/index.php?rest_route=\/wp\/v2\/media\/29615"}],"wp:attachment":[{"href":"https:\/\/serverdedicato.lovenailsrivenditore.com\/index.php?rest_route=%2Fwp%2Fv2%2Fmedia&parent=29614"}],"wp:term":[{"taxonomy":"product_brand","embeddable":true,"href":"https:\/\/serverdedicato.lovenailsrivenditore.com\/index.php?rest_route=%2Fwp%2Fv2%2Fproduct_brand&post=29614"},{"taxonomy":"product_cat","embeddable":true,"href":"https:\/\/serverdedicato.lovenailsrivenditore.com\/index.php?rest_route=%2Fwp%2Fv2%2Fproduct_cat&post=29614"},{"taxonomy":"product_tag","embeddable":true,"href":"https:\/\/serverdedicato.lovenailsrivenditore.com\/index.php?rest_route=%2Fwp%2Fv2%2Fproduct_tag&post=29614"}],"curies":[{"name":"wp","href":"https:\/\/api.w.org\/{rel}","templated":true}]}}