{"id":29840,"date":"2025-04-04T16:03:31","date_gmt":"2025-04-04T14:03:31","guid":{"rendered":"https:\/\/serverdedicato.lovenailsrivenditore.com\/?product=kodi-professional-ombretto-in-cialda-n-106"},"modified":"2026-04-20T09:22:15","modified_gmt":"2026-04-20T07:22:15","slug":"kodi-professional-ombretto-in-cialda-n-106","status":"publish","type":"product","link":"https:\/\/serverdedicato.lovenailsrivenditore.com\/?product=kodi-professional-ombretto-in-cialda-n-106","title":{"rendered":"KODI PROFESSIONAL &#8211; OMBRETTO IN CIALDA n.106"},"content":{"rendered":"<p>La scelta dell&#8217;ombretto per ogni cliente viene decisa in base al tipo di trucco, al tipo di pelle e al colore degli occhi. Ci\u00f2 crea la necessit\u00e0 per un truccatore di avere a disposizione un gran numero di tonalit\u00e0 e texture, cosa che pu\u00f2 essere facilmente ottenuta tramite una palette di ombretti professionale con ricariche sostituibili. Nella gamma di ombretti KODI PROFESSIONAL troverai un&#8217;ampia scelta di ricariche per completare una palette di ombretti universale e adatta a ogni occasione. Gli ombretti nelle ricariche n. 72 contengono un&#8217;alta concentrazione di pigmenti, che consente di regolare la densit\u00e0 e la saturazione della stesura. Grazie alla loro texture finemente distribuita, si applicano facilmente con il pennello e si sfumano delicatamente per creare una finitura opaca che dura fino a 12 ore. Gli ombretti non cadono durante l&#8217;applicazione e non scorrono nella piega della palpebra. Pu\u00f2 essere applicato asciutto o bagnato. Come si usa: prelevare l&#8217;ombretto con un pennello e applicarlo in modo uniforme, sfumando se necessario.<\/p>\n","protected":false},"excerpt":{"rendered":"<p>Le ricariche per ombretti professionali contengono ingredienti speciali che mantengono la tonalit\u00e0 sulla pelle, consentendo di ottenere un trucco perfetto per tutto il periodo di tempo desiderato. Le ricariche per ombretti KODI PROFESSIONAL sono disponibili in una variet\u00e0 di tonalit\u00e0 e texture, soddisfano i pi\u00f9 elevati standard qualitativi e consentono di realizzare anche le soluzioni di trucco occhi pi\u00f9 complesse. Gli ombretti nelle ricariche n. 72 sono altamente pigmentati e offrono una finitura opaca con il grado di densit\u00e0 richiesto. La texture finemente distribuita \u00e8 facile da applicare e si fonde in modo uniforme sulla pelle, consentendo una sfumatura delicata con transizioni di colore omogenee. Le ombre possono essere utilizzate asciutte o bagnate. Non si staccano e non lasciano segni durante l&#8217;applicazione. Come si usa: prelevare l&#8217;ombretto con un pennello e applicarlo in modo uniforme, sfumando se necessario.<\/p>\n","protected":false},"featured_media":29841,"comment_status":"closed","ping_status":"open","template":"","meta":[],"product_brand":[],"product_cat":[2628,208,1856,2643,2318,315],"product_tag":[2321,2322],"class_list":{"0":"post-29840","1":"product","2":"type-product","3":"status-publish","4":"has-post-thumbnail","6":"product_cat-kodi-professional","7":"product_cat-liquidi-e-preparatori-2","8":"product_cat-make-up","9":"product_cat-occhi-kodi-professional","10":"product_cat-occhi","11":"product_cat-olio-per-cuticole","12":"product_tag-eyeshadow","13":"product_tag-ombretto","15":"first","16":"instock","17":"shipping-taxable","18":"purchasable","19":"product-type-simple"},"_links":{"self":[{"href":"https:\/\/serverdedicato.lovenailsrivenditore.com\/index.php?rest_route=\/wp\/v2\/product\/29840","targetHints":{"allow":["GET"]}}],"collection":[{"href":"https:\/\/serverdedicato.lovenailsrivenditore.com\/index.php?rest_route=\/wp\/v2\/product"}],"about":[{"href":"https:\/\/serverdedicato.lovenailsrivenditore.com\/index.php?rest_route=\/wp\/v2\/types\/product"}],"replies":[{"embeddable":true,"href":"https:\/\/serverdedicato.lovenailsrivenditore.com\/index.php?rest_route=%2Fwp%2Fv2%2Fcomments&post=29840"}],"wp:featuredmedia":[{"embeddable":true,"href":"https:\/\/serverdedicato.lovenailsrivenditore.com\/index.php?rest_route=\/wp\/v2\/media\/29841"}],"wp:attachment":[{"href":"https:\/\/serverdedicato.lovenailsrivenditore.com\/index.php?rest_route=%2Fwp%2Fv2%2Fmedia&parent=29840"}],"wp:term":[{"taxonomy":"product_brand","embeddable":true,"href":"https:\/\/serverdedicato.lovenailsrivenditore.com\/index.php?rest_route=%2Fwp%2Fv2%2Fproduct_brand&post=29840"},{"taxonomy":"product_cat","embeddable":true,"href":"https:\/\/serverdedicato.lovenailsrivenditore.com\/index.php?rest_route=%2Fwp%2Fv2%2Fproduct_cat&post=29840"},{"taxonomy":"product_tag","embeddable":true,"href":"https:\/\/serverdedicato.lovenailsrivenditore.com\/index.php?rest_route=%2Fwp%2Fv2%2Fproduct_tag&post=29840"}],"curies":[{"name":"wp","href":"https:\/\/api.w.org\/{rel}","templated":true}]}}