{"id":30227,"date":"2025-04-19T10:57:19","date_gmt":"2025-04-19T08:57:19","guid":{"rendered":"https:\/\/serverdedicato.lovenailsrivenditore.com\/?product=kodi-primer-acido-10ml"},"modified":"2026-04-20T10:13:36","modified_gmt":"2026-04-20T08:13:36","slug":"kodi-primer-acido-10ml","status":"publish","type":"product","link":"https:\/\/serverdedicato.lovenailsrivenditore.com\/?product=kodi-primer-acido-10ml","title":{"rendered":"KODI &#8211; PRIMER ACIDO &#8211; 10ml"},"content":{"rendered":"<p>Il primer acido KODI PROFESSIONAL \u00e8 realizzato a base di acido metacrilico.<\/p>\n<p>L&#8217;uso di questo prodotto garantisce un&#8217;adesione affidabile del materiale polimerico alla lamina ungueale. I componenti inclusi nella composizione non danneggiano l&#8217;unghia naturale e prevengono la comparsa di infezioni fungine.<\/p>\n<p>Composizione: acido metacrilico, acetato di butile, metacrilato di butile.<\/p>\n<p>Perch\u00e9 hai bisogno di un primer acido? I primer acidi per unghie\u00a0 vengono utilizzati per preparare la base per la modellazione. Questo prodotto rende la superficie ruvida, aumentando il grado di adesione con il rivestimento artificiale. Inoltre, disidrata e sgrassa, il che aiuta il polimero a rimanere saldamente attaccato e a non staccarsi per un periodo di tempo significativo. Gli esperti attribuiscono i vantaggi di questo prodotto cosmetico alla sua capacit\u00e0 di impedire la crescita dei batteri sotto il rivestimento creato.<\/p>\n<p>Primer acido per unghie: come si usa? Durante il lavoro, la nail artist deve essere il pi\u00f9 attenta possibile e prendere precauzioni, perch\u00e9 se il prodotto entra in contatto con i tessuti molli e la pelle, pu\u00f2 causare irritazioni.<\/p>\n<p>Istruzioni per il primer acido Kodi: Utilizzare uno spingi-unghie (un bastoncino d&#8217;arancio) per spingere indietro la cuticola, utilizzare una lima per preparare l&#8217;unghia, rimuovendo la lucentezza naturale, e spazzolare via la polvere che si forma.\u00a0 Applicare il primer acido sulla lamina ungueale. Prendi una piccola quantit\u00e0 di prodotto, fai uscire l&#8217;eccesso usando il bordo del flacone e tampona ulteriormente il pennello con un tovagliolo di carta. Applicare il pennello al centro dell&#8217;unghia, lasciando che il prodotto si distribuisca uniformemente su tutta la superficie. Assicurarsi che la sostanza non penetri nella zona della cuticola o entri in contatto con la pelle; in caso di contatto con l&#8217;epidermide, sciacquare abbondantemente con acqua. Per ottenere il massimo effetto \u00e8 necessario applicare uno strato sottile di PRIMER. Lasciare asciugare lo strato applicato. La superficie \u00e8 pronta per la modellazione delle unghie e per creare una nail art spettacolare.<\/p>\n<p>Informazioni importanti! Il primer contiene un componente che congela a temperature basse (cristallizza) pertanto <strong>si\u00a0sconsiglia di svitare il tappo dell&#8217;innesco a temperature inferiori a +17\u00b0C (la spazzola potrebbe rompersi)!!!<\/strong><\/p>\n","protected":false},"excerpt":{"rendered":"<p>Il primer acido KODI PROFESSIONAL \u00e8 realizzato a base di acido metacrilico.<\/p>\n<p>L&#8217;uso di questo prodotto garantisce un&#8217;adesione affidabile del materiale polimerico alla lamina ungueale. I componenti inclusi nella composizione non danneggiano l&#8217;unghia naturale e prevengono la comparsa di infezioni fungine.<\/p>\n<p>Composizione: acido metacrilico, acetato di butile, metacrilato di butile.<\/p>\n<p>Perch\u00e9 hai bisogno di un primer acido? I primer acidi per unghie\u00a0 vengono utilizzati per preparare la base per la modellazione. Questo prodotto rende la superficie ruvida, aumentando il grado di adesione con il rivestimento artificiale. Inoltre, disidrata e sgrassa, il che aiuta il polimero a rimanere saldamente attaccato e a non staccarsi per un periodo di tempo significativo. Gli esperti attribuiscono i vantaggi di questo prodotto cosmetico alla sua capacit\u00e0 di impedire la crescita dei batteri sotto il rivestimento creato.<\/p>\n","protected":false},"featured_media":30228,"comment_status":"closed","ping_status":"open","template":"","meta":[],"product_brand":[],"product_cat":[2627,2664,1509],"product_tag":[213,1485],"class_list":{"0":"post-30227","1":"product","2":"type-product","3":"status-publish","4":"has-post-thumbnail","6":"product_cat-kodi","7":"product_cat-liquidi-e-preparatori-kodi","8":"product_cat-top-brand-professionali-unghie","9":"product_tag-primer","10":"product_tag-primer-acido","12":"first","13":"instock","14":"shipping-taxable","15":"purchasable","16":"product-type-simple"},"_links":{"self":[{"href":"https:\/\/serverdedicato.lovenailsrivenditore.com\/index.php?rest_route=\/wp\/v2\/product\/30227","targetHints":{"allow":["GET"]}}],"collection":[{"href":"https:\/\/serverdedicato.lovenailsrivenditore.com\/index.php?rest_route=\/wp\/v2\/product"}],"about":[{"href":"https:\/\/serverdedicato.lovenailsrivenditore.com\/index.php?rest_route=\/wp\/v2\/types\/product"}],"replies":[{"embeddable":true,"href":"https:\/\/serverdedicato.lovenailsrivenditore.com\/index.php?rest_route=%2Fwp%2Fv2%2Fcomments&post=30227"}],"wp:featuredmedia":[{"embeddable":true,"href":"https:\/\/serverdedicato.lovenailsrivenditore.com\/index.php?rest_route=\/wp\/v2\/media\/30228"}],"wp:attachment":[{"href":"https:\/\/serverdedicato.lovenailsrivenditore.com\/index.php?rest_route=%2Fwp%2Fv2%2Fmedia&parent=30227"}],"wp:term":[{"taxonomy":"product_brand","embeddable":true,"href":"https:\/\/serverdedicato.lovenailsrivenditore.com\/index.php?rest_route=%2Fwp%2Fv2%2Fproduct_brand&post=30227"},{"taxonomy":"product_cat","embeddable":true,"href":"https:\/\/serverdedicato.lovenailsrivenditore.com\/index.php?rest_route=%2Fwp%2Fv2%2Fproduct_cat&post=30227"},{"taxonomy":"product_tag","embeddable":true,"href":"https:\/\/serverdedicato.lovenailsrivenditore.com\/index.php?rest_route=%2Fwp%2Fv2%2Fproduct_tag&post=30227"}],"curies":[{"name":"wp","href":"https:\/\/api.w.org\/{rel}","templated":true}]}}