{"id":31281,"date":"2025-05-31T07:02:10","date_gmt":"2025-05-31T05:02:10","guid":{"rendered":"https:\/\/serverdedicato.lovenailsrivenditore.com\/?product=paese-lipstick-con-argan-oil-n-10"},"modified":"2026-04-20T10:27:35","modified_gmt":"2026-04-20T08:27:35","slug":"paese-lipstick-con-argan-oil-n-10","status":"publish","type":"product","link":"https:\/\/serverdedicato.lovenailsrivenditore.com\/?product=paese-lipstick-con-argan-oil-n-10","title":{"rendered":"PAESE &#8211; LIPSTICK CON ARGAN OIL n.10"},"content":{"rendered":"<p><span>La natura ci sorprende continuamente, e ci offre sempre qualche dono prezioso. Bellezza e cura sono una combinazione naturale e il nostro rossetto con olio di argan crea una tonalit\u00e0 bella e duratura sulle labbra; idratandoli e coccolandoli. Inoltre, la vitamina E ha propriet\u00e0 antiossidanti mentre la cera di palma garantisce elasticit\u00e0 e un effetto brillante. La sua tonalit\u00e0 profonda e opaca \u00e8 a prova di sbavature e di lunga durata. Scegli la tua tonalit\u00e0 perfetta tra l&#8217;ampia gamma di colori.<\/span><\/p>\n<ul>\n<li>Un rossetto con olio di argan condizionante,<\/li>\n<li>Effetto garantito a lunga durata, copertura totale e colore vivido,<\/li>\n<li>A prova di sbavature con colore che dura per ore,<\/li>\n<li>L&#8217;olio di argan idrata e condiziona le labbra,<\/li>\n<li>Contiene cere vegetali naturali: la cera candelilla garantisce una texture delicata e setosa; unge e leviga la pelle; cera di palma per una bella luminosit\u00e0 ed elasticit\u00e0<\/li>\n<li>Contiene vitamina E, che ha propriet\u00e0 antiossidanti,<\/li>\n<li>Il rossetto \u00e8 facile da applicare e garantisce un finish satinato e morbido,<\/li>\n<li>Contiene molti principi attivi per creare uno strato protettivo sulla pelle e proteggerla dai fattori esterni,<\/li>\n<li>Protegge l&#8217;epidermide dalla perdita d&#8217;acqua,<\/li>\n<li>L&#8217;imballaggio magnetico garantisce una facile applicazione.<\/li>\n<\/ul>\n","protected":false},"excerpt":{"rendered":"<p>La natura ci sorprende continuamente, e ci offre sempre qualche dono prezioso. Bellezza e cura sono una combinazione naturale e il nostro rossetto con olio di argan crea una tonalit\u00e0 bella e duratura sulle labbra; idratandoli e coccolandoli. Inoltre, la vitamina E ha propriet\u00e0 antiossidanti mentre la cera di palma garantisce elasticit\u00e0 e un effetto brillante. La sua tonalit\u00e0 profonda e opaca \u00e8 a prova di sbavature e di lunga durata. Scegli la tua tonalit\u00e0 perfetta tra l&#8217;ampia gamma di colori.<\/p>\n<ul>\n<li>Un rossetto con olio di argan condizionante,<\/li>\n<li>Effetto garantito a lunga durata, copertura totale e colore vivido,<\/li>\n<li>A prova di sbavature con colore che dura per ore,<\/li>\n<li>L&#8217;olio di argan idrata e condiziona le labbra,<\/li>\n<li>Contiene cere vegetali naturali: la cera candelilla garantisce una texture delicata e setosa; unge e leviga la pelle; cera di palma per una bella luminosit\u00e0 ed elasticit\u00e0<\/li>\n<li>Contiene vitamina E, che ha propriet\u00e0 antiossidanti,<\/li>\n<li>Il rossetto \u00e8 facile da applicare e garantisce un finish satinato e morbido,<\/li>\n<li>Contiene molti principi attivi per creare uno strato protettivo sulla pelle e proteggerla dai fattori esterni,<\/li>\n<li>Protegge l&#8217;epidermide dalla perdita d&#8217;acqua,<\/li>\n<li>L&#8217;imballaggio magnetico garantisce una facile applicazione.<\/li>\n<\/ul>\n","protected":false},"featured_media":31282,"comment_status":"closed","ping_status":"open","template":"","meta":[],"product_brand":[],"product_cat":[2696,1856,2695],"product_tag":[909,2486],"class_list":{"0":"post-31281","1":"product","2":"type-product","3":"status-publish","4":"has-post-thumbnail","6":"product_cat-labbra-paese","7":"product_cat-make-up","8":"product_cat-paese","9":"product_tag-lipstick","10":"product_tag-rossetto","12":"first","13":"instock","14":"shipping-taxable","15":"purchasable","16":"product-type-simple"},"_links":{"self":[{"href":"https:\/\/serverdedicato.lovenailsrivenditore.com\/index.php?rest_route=\/wp\/v2\/product\/31281","targetHints":{"allow":["GET"]}}],"collection":[{"href":"https:\/\/serverdedicato.lovenailsrivenditore.com\/index.php?rest_route=\/wp\/v2\/product"}],"about":[{"href":"https:\/\/serverdedicato.lovenailsrivenditore.com\/index.php?rest_route=\/wp\/v2\/types\/product"}],"replies":[{"embeddable":true,"href":"https:\/\/serverdedicato.lovenailsrivenditore.com\/index.php?rest_route=%2Fwp%2Fv2%2Fcomments&post=31281"}],"wp:featuredmedia":[{"embeddable":true,"href":"https:\/\/serverdedicato.lovenailsrivenditore.com\/index.php?rest_route=\/wp\/v2\/media\/31282"}],"wp:attachment":[{"href":"https:\/\/serverdedicato.lovenailsrivenditore.com\/index.php?rest_route=%2Fwp%2Fv2%2Fmedia&parent=31281"}],"wp:term":[{"taxonomy":"product_brand","embeddable":true,"href":"https:\/\/serverdedicato.lovenailsrivenditore.com\/index.php?rest_route=%2Fwp%2Fv2%2Fproduct_brand&post=31281"},{"taxonomy":"product_cat","embeddable":true,"href":"https:\/\/serverdedicato.lovenailsrivenditore.com\/index.php?rest_route=%2Fwp%2Fv2%2Fproduct_cat&post=31281"},{"taxonomy":"product_tag","embeddable":true,"href":"https:\/\/serverdedicato.lovenailsrivenditore.com\/index.php?rest_route=%2Fwp%2Fv2%2Fproduct_tag&post=31281"}],"curies":[{"name":"wp","href":"https:\/\/api.w.org\/{rel}","templated":true}]}}