{"id":32004,"date":"2025-06-10T07:01:10","date_gmt":"2025-06-10T05:01:10","guid":{"rendered":"https:\/\/serverdedicato.lovenailsrivenditore.com\/?product=kodi-reflective-base-gel-n-01-15ml"},"modified":"2026-04-20T11:54:34","modified_gmt":"2026-04-20T09:54:34","slug":"kodi-reflective-base-gel-n-01-15ml","status":"publish","type":"product","link":"https:\/\/serverdedicato.lovenailsrivenditore.com\/?product=kodi-reflective-base-gel-n-01-15ml","title":{"rendered":"KODI &#8211; REFLECTIVE BASE GEL n.01 &#8211; 15ml"},"content":{"rendered":"<div>La nuova collezione di database riflettenti del famoso marchio internazionale Kodi Professional \u00e8 esattamente l&#8217;elemento che manca nella manicure per dare un&#8217;atmosfera di vacanza speciale. Il rivestimento crea un effetto elegante sulle unghie, attirando l&#8217;attenzione e i complimenti.<\/div>\n<div><\/div>\n<div>La base ha una densit\u00e0 media e ottime propriet\u00e0 adesive. \u00c8 facile da applicare e si autoallinea per risultati perfetti. La densa pigmentazione della base consente di coprire completamente l&#8217;unghia e un&#8217;ampia tavolozza di sfumature render\u00e0 confuso anche l&#8217;esteta pi\u00f9 sofisticato.<\/div>\n<div><\/div>\n<div>Il colore 01 \u00e8 una tonalit\u00e0 di rosso ciliegia matura con l&#8217;aggiunta di particelle riflettenti per un effetto visivo pi\u00f9 profondo e interessante.<\/div>\n<div><\/div>\n<div><b>Consigli per l&#8217;applicazione:<\/b>\u00a0si consiglia di applicare uno strato sottile di gel a base di gomma o Quick Base sotto la base pigmentata con movimenti di sfregamento, seguito da polimerizzazione per 30 secondi in lampada LED o 2 minuti in lampada UV. Applicare la base pigmentata in 2 strati sottili con polimerizzazione di ogni strato per 90-120 secondi.<\/div>\n<div>A discrezione del maestro, \u00e8 consentito applicare uno strato con un leggero (minimo) allineamento della lamina ungueale, se necessario. Anche in questo caso la polimerizzazione \u00e8 di 90-120 secondi.<\/div>\n","protected":false},"excerpt":{"rendered":"<div>La nuova collezione di database riflettenti del famoso marchio internazionale Kodi Professional \u00e8 esattamente l&#8217;elemento che manca nella manicure per dare un&#8217;atmosfera di vacanza speciale. Il rivestimento crea un effetto elegante sulle unghie, attirando l&#8217;attenzione e i complimenti.<\/div>\n<div><\/div>\n<div>La base ha una densit\u00e0 media e ottime propriet\u00e0 adesive. \u00c8 facile da applicare e si autoallinea per risultati perfetti. La densa pigmentazione della base consente di coprire completamente l&#8217;unghia e un&#8217;ampia tavolozza di sfumature render\u00e0 confuso anche l&#8217;esteta pi\u00f9 sofisticato.<\/div>\n<div><\/div>\n<div>Il colore 01 \u00e8 una tonalit\u00e0 di rosso ciliegia matura con l&#8217;aggiunta di particelle riflettenti per un effetto visivo pi\u00f9 profondo e interessante.<\/div>\n<div><\/div>\n<div><b>Consigli per l&#8217;applicazione:<\/b>\u00a0si consiglia di applicare uno strato sottile di gel a base di gomma o Quick Base sotto la base pigmentata con movimenti di sfregamento, seguito da polimerizzazione per 30 secondi in lampada LED o 2 minuti in lampada UV. Applicare la base pigmentata in 2 strati sottili con polimerizzazione di ogni strato per 90-120 secondi.<\/div>\n<div>A discrezione del maestro, \u00e8 consentito applicare uno strato con un leggero (minimo) allineamento della lamina ungueale, se necessario. Anche in questo caso la polimerizzazione \u00e8 di 90-120 secondi.<\/div>\n","protected":false},"featured_media":32005,"comment_status":"closed","ping_status":"open","template":"","meta":[],"product_brand":[],"product_cat":[2675,240,2627,239,1509],"product_tag":[2777,2118],"class_list":{"0":"post-32004","1":"product","2":"type-product","3":"status-publish","4":"has-post-thumbnail","6":"product_cat-base-kodi","7":"product_cat-base","8":"product_cat-kodi","9":"product_cat-semipermanente","10":"product_cat-top-brand-professionali-unghie","11":"product_tag-base-flashing","12":"product_tag-reflective","14":"first","15":"instock","16":"shipping-taxable","17":"purchasable","18":"product-type-simple"},"_links":{"self":[{"href":"https:\/\/serverdedicato.lovenailsrivenditore.com\/index.php?rest_route=\/wp\/v2\/product\/32004","targetHints":{"allow":["GET"]}}],"collection":[{"href":"https:\/\/serverdedicato.lovenailsrivenditore.com\/index.php?rest_route=\/wp\/v2\/product"}],"about":[{"href":"https:\/\/serverdedicato.lovenailsrivenditore.com\/index.php?rest_route=\/wp\/v2\/types\/product"}],"replies":[{"embeddable":true,"href":"https:\/\/serverdedicato.lovenailsrivenditore.com\/index.php?rest_route=%2Fwp%2Fv2%2Fcomments&post=32004"}],"wp:featuredmedia":[{"embeddable":true,"href":"https:\/\/serverdedicato.lovenailsrivenditore.com\/index.php?rest_route=\/wp\/v2\/media\/32005"}],"wp:attachment":[{"href":"https:\/\/serverdedicato.lovenailsrivenditore.com\/index.php?rest_route=%2Fwp%2Fv2%2Fmedia&parent=32004"}],"wp:term":[{"taxonomy":"product_brand","embeddable":true,"href":"https:\/\/serverdedicato.lovenailsrivenditore.com\/index.php?rest_route=%2Fwp%2Fv2%2Fproduct_brand&post=32004"},{"taxonomy":"product_cat","embeddable":true,"href":"https:\/\/serverdedicato.lovenailsrivenditore.com\/index.php?rest_route=%2Fwp%2Fv2%2Fproduct_cat&post=32004"},{"taxonomy":"product_tag","embeddable":true,"href":"https:\/\/serverdedicato.lovenailsrivenditore.com\/index.php?rest_route=%2Fwp%2Fv2%2Fproduct_tag&post=32004"}],"curies":[{"name":"wp","href":"https:\/\/api.w.org\/{rel}","templated":true}]}}