{"id":32203,"date":"2025-06-17T13:30:00","date_gmt":"2025-06-17T11:30:00","guid":{"rendered":"https:\/\/serverdedicato.lovenailsrivenditore.com\/?product=yoshi-professional-mermagic-n-174-seaqueen-6ml"},"modified":"2026-04-20T12:00:47","modified_gmt":"2026-04-20T10:00:47","slug":"yoshi-professional-mermagic-n-174-seaqueen-6ml","status":"publish","type":"product","link":"https:\/\/serverdedicato.lovenailsrivenditore.com\/?product=yoshi-professional-mermagic-n-174-seaqueen-6ml","title":{"rendered":"YOSHI PROFESSIONAL &#8211; MERMAGIC n.174 &#8211; SEAQUEEN 6ml"},"content":{"rendered":"<p>La collezione Mermagic cattura la bellezza dell&#8217;oceano, i cui colori cambiano in ogni istante a seconda della luce, e ogni tonalit\u00e0 dona alle unghie una lucentezza misteriosa e deliziosa.<\/p>\n<p>Seaqueen \u00e8 una tonalit\u00e0 argentata che unisce la delicata profondit\u00e0 dell&#8217;oceano al mistero delle profondit\u00e0 marine. La finitura perlata e i riflessi olografici rendono questo colore accattivante e donano alle unghie un look elegante e sensuale.<\/p>\n","protected":false},"excerpt":{"rendered":"<p>La collezione Mermagic cattura la bellezza dell&#8217;oceano, i cui colori cambiano in ogni istante a seconda della luce, e ogni tonalit\u00e0 dona alle unghie una lucentezza misteriosa e deliziosa.<\/p>\n<p>Seaqueen \u00e8 una tonalit\u00e0 argentata che unisce la delicata profondit\u00e0 dell&#8217;oceano al mistero delle profondit\u00e0 marine. La finitura perlata e i riflessi olografici rendono questo colore accattivante e donano alle unghie un look elegante e sensuale.<\/p>\n","protected":false},"featured_media":32204,"comment_status":"closed","ping_status":"open","template":"","meta":[],"product_brand":[],"product_cat":[2796,2795],"product_tag":[2087,2799,60],"class_list":{"0":"post-32203","1":"product","2":"type-product","3":"status-publish","4":"has-post-thumbnail","6":"product_cat-colori-semipermanenti","7":"product_cat-yoshi","8":"product_tag-effetto-sirena","9":"product_tag-mermagic","10":"product_tag-mermaid","12":"first","13":"instock","14":"shipping-taxable","15":"purchasable","16":"product-type-simple"},"_links":{"self":[{"href":"https:\/\/serverdedicato.lovenailsrivenditore.com\/index.php?rest_route=\/wp\/v2\/product\/32203","targetHints":{"allow":["GET"]}}],"collection":[{"href":"https:\/\/serverdedicato.lovenailsrivenditore.com\/index.php?rest_route=\/wp\/v2\/product"}],"about":[{"href":"https:\/\/serverdedicato.lovenailsrivenditore.com\/index.php?rest_route=\/wp\/v2\/types\/product"}],"replies":[{"embeddable":true,"href":"https:\/\/serverdedicato.lovenailsrivenditore.com\/index.php?rest_route=%2Fwp%2Fv2%2Fcomments&post=32203"}],"wp:featuredmedia":[{"embeddable":true,"href":"https:\/\/serverdedicato.lovenailsrivenditore.com\/index.php?rest_route=\/wp\/v2\/media\/32204"}],"wp:attachment":[{"href":"https:\/\/serverdedicato.lovenailsrivenditore.com\/index.php?rest_route=%2Fwp%2Fv2%2Fmedia&parent=32203"}],"wp:term":[{"taxonomy":"product_brand","embeddable":true,"href":"https:\/\/serverdedicato.lovenailsrivenditore.com\/index.php?rest_route=%2Fwp%2Fv2%2Fproduct_brand&post=32203"},{"taxonomy":"product_cat","embeddable":true,"href":"https:\/\/serverdedicato.lovenailsrivenditore.com\/index.php?rest_route=%2Fwp%2Fv2%2Fproduct_cat&post=32203"},{"taxonomy":"product_tag","embeddable":true,"href":"https:\/\/serverdedicato.lovenailsrivenditore.com\/index.php?rest_route=%2Fwp%2Fv2%2Fproduct_tag&post=32203"}],"curies":[{"name":"wp","href":"https:\/\/api.w.org\/{rel}","templated":true}]}}