{"id":32301,"date":"2025-06-18T08:36:18","date_gmt":"2025-06-18T06:36:18","guid":{"rendered":"https:\/\/serverdedicato.lovenailsrivenditore.com\/?product=yoshi-be-like-tracy-n-225-6ml"},"modified":"2026-04-20T12:02:38","modified_gmt":"2026-04-20T10:02:38","slug":"yoshi-be-like-tracy-n-225-6ml","status":"publish","type":"product","link":"https:\/\/serverdedicato.lovenailsrivenditore.com\/?product=yoshi-be-like-tracy-n-225-6ml","title":{"rendered":"YOSHI &#8211; BE LIKE TRACY N.225 &#8211; 6ml"},"content":{"rendered":"<p><strong>La dolce collezione di YOSHI, &#8220;Be Like Bar Be&#8221;, \u00e8 una vera esplosione di energia positiva e colori unici.<\/strong>\u00a0Colori vivaci e brillanti, dolci come caramelle, ma al tempo stesso delicati e femminili, irradiano gioia e piacere, perfetti per chi ama i dettagli carini. Troverete sia delicati colori pastello che saturi colori neon, per permettervi di giocare con lo styling delle unghie in tanti modi diversi. Ogni smalto di questa serie \u00e8 un vero e proprio petardo che aggiunger\u00e0 un fascino magnetico alle vostre unghie e render\u00e0 la vostra manicure sempre al centro dell&#8217;attenzione!<\/p>\n","protected":false},"excerpt":{"rendered":"<p><strong>La dolce collezione di YOSHI, &#8220;Be Like Bar Be&#8221;, \u00e8 una vera esplosione di energia positiva e colori unici.<\/strong>\u00a0Colori vivaci e brillanti, dolci come caramelle, ma al tempo stesso delicati e femminili, irradiano gioia e piacere, perfetti per chi ama i dettagli carini. Troverete sia delicati colori pastello che saturi colori neon, per permettervi di giocare con lo styling delle unghie in tanti modi diversi. Ogni smalto di questa serie \u00e8 un vero e proprio petardo che aggiunger\u00e0 un fascino magnetico alle vostre unghie e render\u00e0 la vostra manicure sempre al centro dell&#8217;attenzione!<\/p>\n","protected":false},"featured_media":32302,"comment_status":"closed","ping_status":"open","template":"","meta":[],"product_brand":[],"product_cat":[24,2796,83,2795],"product_tag":[2377,172,182,73],"class_list":{"0":"post-32301","1":"product","2":"type-product","3":"status-publish","4":"has-post-thumbnail","6":"product_cat-colori","7":"product_cat-colori-semipermanenti","8":"product_cat-semipermanenti","9":"product_cat-yoshi","10":"product_tag-lilac","11":"product_tag-lilla","12":"product_tag-viola","13":"product_tag-violet","15":"first","16":"instock","17":"shipping-taxable","18":"purchasable","19":"product-type-simple"},"_links":{"self":[{"href":"https:\/\/serverdedicato.lovenailsrivenditore.com\/index.php?rest_route=\/wp\/v2\/product\/32301","targetHints":{"allow":["GET"]}}],"collection":[{"href":"https:\/\/serverdedicato.lovenailsrivenditore.com\/index.php?rest_route=\/wp\/v2\/product"}],"about":[{"href":"https:\/\/serverdedicato.lovenailsrivenditore.com\/index.php?rest_route=\/wp\/v2\/types\/product"}],"replies":[{"embeddable":true,"href":"https:\/\/serverdedicato.lovenailsrivenditore.com\/index.php?rest_route=%2Fwp%2Fv2%2Fcomments&post=32301"}],"wp:featuredmedia":[{"embeddable":true,"href":"https:\/\/serverdedicato.lovenailsrivenditore.com\/index.php?rest_route=\/wp\/v2\/media\/32302"}],"wp:attachment":[{"href":"https:\/\/serverdedicato.lovenailsrivenditore.com\/index.php?rest_route=%2Fwp%2Fv2%2Fmedia&parent=32301"}],"wp:term":[{"taxonomy":"product_brand","embeddable":true,"href":"https:\/\/serverdedicato.lovenailsrivenditore.com\/index.php?rest_route=%2Fwp%2Fv2%2Fproduct_brand&post=32301"},{"taxonomy":"product_cat","embeddable":true,"href":"https:\/\/serverdedicato.lovenailsrivenditore.com\/index.php?rest_route=%2Fwp%2Fv2%2Fproduct_cat&post=32301"},{"taxonomy":"product_tag","embeddable":true,"href":"https:\/\/serverdedicato.lovenailsrivenditore.com\/index.php?rest_route=%2Fwp%2Fv2%2Fproduct_tag&post=32301"}],"curies":[{"name":"wp","href":"https:\/\/api.w.org\/{rel}","templated":true}]}}