{"id":33074,"date":"2025-07-05T11:16:15","date_gmt":"2025-07-05T09:16:15","guid":{"rendered":"https:\/\/serverdedicato.lovenailsrivenditore.com\/?product=saga-professional-top-titanium-15ml"},"modified":"2026-04-20T12:15:08","modified_gmt":"2026-04-20T10:15:08","slug":"saga-professional-top-titanium-15ml","status":"publish","type":"product","link":"https:\/\/serverdedicato.lovenailsrivenditore.com\/?product=saga-professional-top-titanium-15ml","title":{"rendered":"SAGA Professional &#8211; Top Titanium &#8211; 15ml"},"content":{"rendered":"<p>Top Finish Saga Titanium \u00e8 un top coat durevole e antigraffio. \u00c8 facile da applicare e da rimuovere. Ha una maggiore resistenza ai fattori esterni, quindi la tua manicure rimarr\u00e0 in perfette condizioni per 3-4 settimane.<\/p>\n<p>Super Lucido e resistente!.<\/p>\n<p>Caratteristiche:<br \/>\ndensit\u00e0 media;<br \/>\nsenza filtro UV;<br \/>\nsenza strato di dispersione;<br \/>\nconferisce una lucentezza brillante;<br \/>\nl&#8217;effetto si ottiene applicando uno strato;<br \/>\nprotegge la manicure da scheggiature, crepe e graffi;<br \/>\nPolimerizza in 60s in lampada UV\/LED almeno 48w<\/p>\n<p>&nbsp;<\/p>\n","protected":false},"excerpt":{"rendered":"<p>Top Finish Saga Titanium \u00e8 un top coat durevole e antigraffio. \u00c8 facile da applicare e da rimuovere. Ha una maggiore resistenza ai fattori esterni, quindi la tua manicure rimarr\u00e0 in perfette condizioni per 3-4 settimane.<\/p>\n<p>Super Lucido e resistente!.<\/p>\n","protected":false},"featured_media":33075,"comment_status":"closed","ping_status":"open","template":"","meta":[],"product_brand":[],"product_cat":[202,2840,2836],"product_tag":[634,2068,2841],"class_list":{"0":"post-33074","1":"product","2":"type-product","3":"status-publish","4":"has-post-thumbnail","6":"product_cat-finish","7":"product_cat-finish-saga-professional","8":"product_cat-saga-professional","9":"product_tag-finish","10":"product_tag-top-finish","11":"product_tag-top-titanium","13":"first","14":"instock","15":"shipping-taxable","16":"purchasable","17":"product-type-simple"},"_links":{"self":[{"href":"https:\/\/serverdedicato.lovenailsrivenditore.com\/index.php?rest_route=\/wp\/v2\/product\/33074","targetHints":{"allow":["GET"]}}],"collection":[{"href":"https:\/\/serverdedicato.lovenailsrivenditore.com\/index.php?rest_route=\/wp\/v2\/product"}],"about":[{"href":"https:\/\/serverdedicato.lovenailsrivenditore.com\/index.php?rest_route=\/wp\/v2\/types\/product"}],"replies":[{"embeddable":true,"href":"https:\/\/serverdedicato.lovenailsrivenditore.com\/index.php?rest_route=%2Fwp%2Fv2%2Fcomments&post=33074"}],"wp:featuredmedia":[{"embeddable":true,"href":"https:\/\/serverdedicato.lovenailsrivenditore.com\/index.php?rest_route=\/wp\/v2\/media\/33075"}],"wp:attachment":[{"href":"https:\/\/serverdedicato.lovenailsrivenditore.com\/index.php?rest_route=%2Fwp%2Fv2%2Fmedia&parent=33074"}],"wp:term":[{"taxonomy":"product_brand","embeddable":true,"href":"https:\/\/serverdedicato.lovenailsrivenditore.com\/index.php?rest_route=%2Fwp%2Fv2%2Fproduct_brand&post=33074"},{"taxonomy":"product_cat","embeddable":true,"href":"https:\/\/serverdedicato.lovenailsrivenditore.com\/index.php?rest_route=%2Fwp%2Fv2%2Fproduct_cat&post=33074"},{"taxonomy":"product_tag","embeddable":true,"href":"https:\/\/serverdedicato.lovenailsrivenditore.com\/index.php?rest_route=%2Fwp%2Fv2%2Fproduct_tag&post=33074"}],"curies":[{"name":"wp","href":"https:\/\/api.w.org\/{rel}","templated":true}]}}