{"id":33121,"date":"2025-07-07T13:01:31","date_gmt":"2025-07-07T11:01:31","guid":{"rendered":"https:\/\/serverdedicato.lovenailsrivenditore.com\/?product=saga-professional-french-base-n-06-10ml"},"modified":"2026-04-20T12:15:55","modified_gmt":"2026-04-20T10:15:55","slug":"saga-professional-french-base-n-06-10ml","status":"publish","type":"product","link":"https:\/\/serverdedicato.lovenailsrivenditore.com\/?product=saga-professional-french-base-n-06-10ml","title":{"rendered":"SAGA Professional &#8211; FRENCH BASE n.06 &#8211; 10ml"},"content":{"rendered":"<p>Una nuova incredibile collezione di basi camouflage dalle tonalit\u00e0 delicate. La collezione \u00e8 stata creata appositamente per chi ama la french manicure, poich\u00e9 la palette di colori si adatta a tutti i gusti e si adatta perfettamente a qualsiasi carnagione.<\/p>\n<p>La densit\u00e0 media del colore ti consentir\u00e0 di creare un colore naturale sull&#8217;unghia, adatto a qualsiasi tipo di pelle delle mani.<\/p>\n<p>In questa serie di basi, SAGA professional ha creato una consistenza insuperabile delle materie prime, cos\u00ec da poter realizzare allineamenti in pochi secondi.<\/p>\n<p>Acidit\u00e0: 6-7 pH<br \/>\nTempo di polimerizzazione: 120\/60 sec UV\/LED<br \/>\nVolume: 15 ml<\/p>\n<p>Composizione: copolimero acrilico, alcol isopropilico, acelato di butile, dimeticone, paraffina microcristallina, pigmenti.<\/p>\n","protected":false},"excerpt":{"rendered":"<p>Una nuova incredibile collezione di basi camouflage dalle tonalit\u00e0 delicate. La collezione \u00e8 stata creata appositamente per chi ama la french manicure, poich\u00e9 la palette di colori si adatta a tutti i gusti e si adatta perfettamente a qualsiasi carnagione.<\/p>\n<p>La densit\u00e0 media del colore ti consentir\u00e0 di creare un colore naturale sull&#8217;unghia, adatto a qualsiasi tipo di pelle delle mani.<\/p>\n<p>In questa serie di basi, SAGA professional ha creato una consistenza insuperabile delle materie prime, cos\u00ec da poter realizzare allineamenti in pochi secondi.<\/p>\n","protected":false},"featured_media":33122,"comment_status":"closed","ping_status":"open","template":"","meta":[],"product_brand":[],"product_cat":[2837,240,2836,239],"product_tag":[2846,452],"class_list":{"0":"post-33121","1":"product","2":"type-product","3":"status-publish","4":"has-post-thumbnail","6":"product_cat-base-saga-professional","7":"product_cat-base","8":"product_cat-saga-professional","9":"product_cat-semipermanente","10":"product_tag-base-french","11":"product_tag-french","13":"first","14":"instock","15":"shipping-taxable","16":"purchasable","17":"product-type-simple"},"_links":{"self":[{"href":"https:\/\/serverdedicato.lovenailsrivenditore.com\/index.php?rest_route=\/wp\/v2\/product\/33121","targetHints":{"allow":["GET"]}}],"collection":[{"href":"https:\/\/serverdedicato.lovenailsrivenditore.com\/index.php?rest_route=\/wp\/v2\/product"}],"about":[{"href":"https:\/\/serverdedicato.lovenailsrivenditore.com\/index.php?rest_route=\/wp\/v2\/types\/product"}],"replies":[{"embeddable":true,"href":"https:\/\/serverdedicato.lovenailsrivenditore.com\/index.php?rest_route=%2Fwp%2Fv2%2Fcomments&post=33121"}],"wp:featuredmedia":[{"embeddable":true,"href":"https:\/\/serverdedicato.lovenailsrivenditore.com\/index.php?rest_route=\/wp\/v2\/media\/33122"}],"wp:attachment":[{"href":"https:\/\/serverdedicato.lovenailsrivenditore.com\/index.php?rest_route=%2Fwp%2Fv2%2Fmedia&parent=33121"}],"wp:term":[{"taxonomy":"product_brand","embeddable":true,"href":"https:\/\/serverdedicato.lovenailsrivenditore.com\/index.php?rest_route=%2Fwp%2Fv2%2Fproduct_brand&post=33121"},{"taxonomy":"product_cat","embeddable":true,"href":"https:\/\/serverdedicato.lovenailsrivenditore.com\/index.php?rest_route=%2Fwp%2Fv2%2Fproduct_cat&post=33121"},{"taxonomy":"product_tag","embeddable":true,"href":"https:\/\/serverdedicato.lovenailsrivenditore.com\/index.php?rest_route=%2Fwp%2Fv2%2Fproduct_tag&post=33121"}],"curies":[{"name":"wp","href":"https:\/\/api.w.org\/{rel}","templated":true}]}}