{"id":35206,"date":"2025-07-29T08:01:56","date_gmt":"2025-07-29T06:01:56","guid":{"rendered":"https:\/\/serverdedicato.lovenailsrivenditore.com\/?product=kodi-professional-color-gel-gg04-7ml"},"modified":"2026-04-20T12:56:57","modified_gmt":"2026-04-20T10:56:57","slug":"kodi-professional-color-gel-gg04-7ml","status":"publish","type":"product","link":"https:\/\/serverdedicato.lovenailsrivenditore.com\/?product=kodi-professional-color-gel-gg04-7ml","title":{"rendered":"KODI PROFESSIONAL &#8211; COLOR GEL &#8211; GG04 &#8211; 7ml"},"content":{"rendered":"<p><span dir=\"auto\">Gli smalti in gel di questa serie sono saturi di particelle metallizzate e creano splendidi e morbidi riflessi.<\/span><\/p>\n<p><span dir=\"auto\">Lo smalto gel \u00e8 in linea con la tradizione di alta qualit\u00e0 del marchio professionale Kodi: \u00e8 facile da applicare e si distribuisce uniformemente con un pennello, senza colare sui laterali e sulle cuticole. Crea una copertura uniforme e densa senza striature, mantenendo la durata per tutta la durata dell&#8217;applicazione.<\/span><\/p>\n","protected":false},"excerpt":{"rendered":"<p><span dir=\"auto\">Gli smalti in gel di questa serie sono saturi di particelle metallizzate e creano splendidi e morbidi riflessi.<\/span><\/p>\n<p><span dir=\"auto\">Lo smalto gel \u00e8 in linea con la tradizione di alta qualit\u00e0 del marchio professionale Kodi: \u00e8 facile da applicare e si distribuisce uniformemente con un pennello, senza colare sui laterali e sulle cuticole. Crea una copertura uniforme e densa senza striature, mantenendo la durata per tutta la durata dell&#8217;applicazione.<\/span><\/p>\n","protected":false},"featured_media":35207,"comment_status":"closed","ping_status":"open","template":"","meta":[],"product_brand":[],"product_cat":[24,2627,83,1509],"product_tag":[103,2105,2910,2630],"class_list":{"0":"post-35206","1":"product","2":"type-product","3":"status-publish","4":"has-post-thumbnail","6":"product_cat-colori","7":"product_cat-kodi","8":"product_cat-semipermanenti","9":"product_cat-top-brand-professionali-unghie","10":"product_tag-cat-eyes","11":"product_tag-color-gel","12":"product_tag-gel-polish","13":"product_tag-kodi","15":"first","16":"instock","17":"shipping-taxable","18":"purchasable","19":"product-type-simple"},"_links":{"self":[{"href":"https:\/\/serverdedicato.lovenailsrivenditore.com\/index.php?rest_route=\/wp\/v2\/product\/35206","targetHints":{"allow":["GET"]}}],"collection":[{"href":"https:\/\/serverdedicato.lovenailsrivenditore.com\/index.php?rest_route=\/wp\/v2\/product"}],"about":[{"href":"https:\/\/serverdedicato.lovenailsrivenditore.com\/index.php?rest_route=\/wp\/v2\/types\/product"}],"replies":[{"embeddable":true,"href":"https:\/\/serverdedicato.lovenailsrivenditore.com\/index.php?rest_route=%2Fwp%2Fv2%2Fcomments&post=35206"}],"wp:featuredmedia":[{"embeddable":true,"href":"https:\/\/serverdedicato.lovenailsrivenditore.com\/index.php?rest_route=\/wp\/v2\/media\/35207"}],"wp:attachment":[{"href":"https:\/\/serverdedicato.lovenailsrivenditore.com\/index.php?rest_route=%2Fwp%2Fv2%2Fmedia&parent=35206"}],"wp:term":[{"taxonomy":"product_brand","embeddable":true,"href":"https:\/\/serverdedicato.lovenailsrivenditore.com\/index.php?rest_route=%2Fwp%2Fv2%2Fproduct_brand&post=35206"},{"taxonomy":"product_cat","embeddable":true,"href":"https:\/\/serverdedicato.lovenailsrivenditore.com\/index.php?rest_route=%2Fwp%2Fv2%2Fproduct_cat&post=35206"},{"taxonomy":"product_tag","embeddable":true,"href":"https:\/\/serverdedicato.lovenailsrivenditore.com\/index.php?rest_route=%2Fwp%2Fv2%2Fproduct_tag&post=35206"}],"curies":[{"name":"wp","href":"https:\/\/api.w.org\/{rel}","templated":true}]}}