{"id":35947,"date":"2025-09-27T11:08:02","date_gmt":"2025-09-27T09:08:02","guid":{"rendered":"https:\/\/serverdedicato.lovenailsrivenditore.com\/?product=brush-up-ombretto-scintillante-01-purple-dream"},"modified":"2026-04-20T13:09:33","modified_gmt":"2026-04-20T11:09:33","slug":"brush-up-ombretto-scintillante-01-purple-dream","status":"publish","type":"product","link":"https:\/\/serverdedicato.lovenailsrivenditore.com\/?product=brush-up-ombretto-scintillante-01-purple-dream","title":{"rendered":"BRUSH UP &#8211; OMBRETTO SCINTILLANTE &#8211; 01 PURPLE DREAM"},"content":{"rendered":"<p>Porta il tuo trucco a un livello superiore con i nostri ombretti lucidi in barattolo! Questi ombretti unici combinano una luminosit\u00e0 intensa e una formula a lunga tenuta per un effetto straordinario che trasformer\u00e0 ogni occhio.<\/p>\n<p>I nostri ombretti luccicanti offrono un bagliore straordinario che d\u00e0 vita a qualsiasi trucco. I colori audaci con particelle luccicanti aggiungono profondit\u00e0 e intensit\u00e0, creando un effetto wow ad ogni applicazione. I nostri ombretti in barattolo hanno una texture setosa che si applica dolcemente e si sfuma facilmente. Perfetti sia per i professionisti che per i dilettanti, consentono un&#8217;applicazione precisa e la creazione di una variet\u00e0 di outfit, dagli accenti delicati e sottili ai look audaci e da sera. I nostri ombretti sono delicati sulla pelle, quindi non hai bisogno di una base per ombretti.<\/p>\n<p>Caratteristiche principali:<br \/>\n&#8211; lucentezza<br \/>\ntridimensionale- facilit\u00e0 di applicazione e sfumatura<br \/>\n&#8211; elevata adesione senza necessit\u00e0 di base<br \/>\n&#8211; disponibile in 4 tonalit\u00e0 lucide<\/p>\n","protected":false},"excerpt":{"rendered":"<p>Porta il tuo trucco a un livello superiore con i nostri ombretti lucidi in barattolo! Questi ombretti unici combinano una luminosit\u00e0 intensa e una formula a lunga tenuta per un effetto straordinario che trasformer\u00e0 ogni occhio.<\/p>\n<p>I nostri ombretti luccicanti offrono un bagliore straordinario che d\u00e0 vita a qualsiasi trucco. I colori audaci con particelle luccicanti aggiungono profondit\u00e0 e intensit\u00e0, creando un effetto wow ad ogni applicazione. I nostri ombretti in barattolo hanno una texture setosa che si applica dolcemente e si sfuma facilmente. Perfetti sia per i professionisti che per i dilettanti, consentono un&#8217;applicazione precisa e la creazione di una variet\u00e0 di outfit, dagli accenti delicati e sottili ai look audaci e da sera. I nostri ombretti sono delicati sulla pelle, quindi non hai bisogno di una base per ombretti.<\/p>\n<p>Caratteristiche principali:<br \/>\n&#8211; lucentezza<br \/>\ntridimensionale- facilit\u00e0 di applicazione e sfumatura<br \/>\n&#8211; elevata adesione senza necessit\u00e0 di base<br \/>\n&#8211; disponibile in 4 tonalit\u00e0 lucide<\/p>\n","protected":false},"featured_media":35948,"comment_status":"closed","ping_status":"open","template":"","meta":[],"product_brand":[],"product_cat":[840,2945,1856,2946],"product_tag":[350,2322],"class_list":{"0":"post-35947","1":"product","2":"type-product","3":"status-publish","4":"has-post-thumbnail","6":"product_cat-black-friday","7":"product_cat-brush-up-make-up","8":"product_cat-make-up","9":"product_cat-occhi-brush-up-make-up","10":"product_tag-glitter","11":"product_tag-ombretto","13":"first","14":"instock","15":"shipping-taxable","16":"purchasable","17":"product-type-simple"},"_links":{"self":[{"href":"https:\/\/serverdedicato.lovenailsrivenditore.com\/index.php?rest_route=\/wp\/v2\/product\/35947","targetHints":{"allow":["GET"]}}],"collection":[{"href":"https:\/\/serverdedicato.lovenailsrivenditore.com\/index.php?rest_route=\/wp\/v2\/product"}],"about":[{"href":"https:\/\/serverdedicato.lovenailsrivenditore.com\/index.php?rest_route=\/wp\/v2\/types\/product"}],"replies":[{"embeddable":true,"href":"https:\/\/serverdedicato.lovenailsrivenditore.com\/index.php?rest_route=%2Fwp%2Fv2%2Fcomments&post=35947"}],"wp:featuredmedia":[{"embeddable":true,"href":"https:\/\/serverdedicato.lovenailsrivenditore.com\/index.php?rest_route=\/wp\/v2\/media\/35948"}],"wp:attachment":[{"href":"https:\/\/serverdedicato.lovenailsrivenditore.com\/index.php?rest_route=%2Fwp%2Fv2%2Fmedia&parent=35947"}],"wp:term":[{"taxonomy":"product_brand","embeddable":true,"href":"https:\/\/serverdedicato.lovenailsrivenditore.com\/index.php?rest_route=%2Fwp%2Fv2%2Fproduct_brand&post=35947"},{"taxonomy":"product_cat","embeddable":true,"href":"https:\/\/serverdedicato.lovenailsrivenditore.com\/index.php?rest_route=%2Fwp%2Fv2%2Fproduct_cat&post=35947"},{"taxonomy":"product_tag","embeddable":true,"href":"https:\/\/serverdedicato.lovenailsrivenditore.com\/index.php?rest_route=%2Fwp%2Fv2%2Fproduct_tag&post=35947"}],"curies":[{"name":"wp","href":"https:\/\/api.w.org\/{rel}","templated":true}]}}