{"id":36863,"date":"2025-10-08T09:19:12","date_gmt":"2025-10-08T07:19:12","guid":{"rendered":"https:\/\/serverdedicato.lovenailsrivenditore.com\/?product=allle-lima-dritta-180-240-high-quality"},"modified":"2026-04-20T13:24:13","modified_gmt":"2026-04-20T11:24:13","slug":"allle-lima-dritta-180-240-high-quality","status":"publish","type":"product","link":"https:\/\/serverdedicato.lovenailsrivenditore.com\/?product=allle-lima-dritta-180-240-high-quality","title":{"rendered":"ALLLE &#8211; LIMA DRITTA 180\/240 &#8211; HIGH QUALITY"},"content":{"rendered":"<div id=\"product-description-short-29289\" class=\"short-desc\">\n<p>Lima universale monouso Allle<strong>\u00a0HIGH QUALITY<\/strong> con grana 180\/240 per unghie naturali con componenti estremamente resistenti e a\u00a0 lunga durata. E&#8217; caratterizzato da un&#8217;elevata struttura dura, estremamente resistente alle fratture e alle deformazioni. Il prodotto scivola dolcemente sulla superficie segata, non ferisce la pelle n\u00e9 provoca disagio. Il rivestimento di alta qualit\u00e0 \u00e8 resistente all&#8217;abrasione.<\/p>\n<\/div>\n<div class=\"product-actions\">\n<form id=\"add-to-cart-or-refresh\" action=\"https:\/\/b2b.gnb-lab.com\/pl\/koszyk\" method=\"post\">\n<div class=\"product-variants\">\n<div class=\"hookDisplayGuide\"><\/div>\n<\/div>\n<div class=\"product-add-to-cart\"><\/div>\n<div class=\"productButtons flex-container align-items-center\">\n<div class=\"wrap_alert relative dib\"><\/div>\n<\/div>\n<\/form>\n<\/div>\n","protected":false},"excerpt":{"rendered":"<p>Lima universale monouso Allle<strong>\u00a0HIGH QUALITY<\/strong> con grana 180\/240 per unghie naturali con componenti estremamente resistenti e a\u00a0 lunga durata. E&#8217; caratterizzato da un&#8217;elevata struttura dura, estremamente resistente alle fratture e alle deformazioni. Il prodotto scivola dolcemente sulla superficie segata, non ferisce la pelle n\u00e9 provoca disagio. Il rivestimento di alta qualit\u00e0 \u00e8 resistente all&#8217;abrasione.<\/p>\n","protected":false},"featured_media":36864,"comment_status":"closed","ping_status":"open","template":"","meta":[],"product_brand":[],"product_cat":[177,358],"product_tag":[361],"class_list":{"0":"post-36863","1":"product","2":"type-product","3":"status-publish","4":"has-post-thumbnail","6":"product_cat-accessori","7":"product_cat-lime","8":"product_tag-lima","10":"first","11":"instock","12":"shipping-taxable","13":"purchasable","14":"product-type-simple"},"_links":{"self":[{"href":"https:\/\/serverdedicato.lovenailsrivenditore.com\/index.php?rest_route=\/wp\/v2\/product\/36863","targetHints":{"allow":["GET"]}}],"collection":[{"href":"https:\/\/serverdedicato.lovenailsrivenditore.com\/index.php?rest_route=\/wp\/v2\/product"}],"about":[{"href":"https:\/\/serverdedicato.lovenailsrivenditore.com\/index.php?rest_route=\/wp\/v2\/types\/product"}],"replies":[{"embeddable":true,"href":"https:\/\/serverdedicato.lovenailsrivenditore.com\/index.php?rest_route=%2Fwp%2Fv2%2Fcomments&post=36863"}],"wp:featuredmedia":[{"embeddable":true,"href":"https:\/\/serverdedicato.lovenailsrivenditore.com\/index.php?rest_route=\/wp\/v2\/media\/36864"}],"wp:attachment":[{"href":"https:\/\/serverdedicato.lovenailsrivenditore.com\/index.php?rest_route=%2Fwp%2Fv2%2Fmedia&parent=36863"}],"wp:term":[{"taxonomy":"product_brand","embeddable":true,"href":"https:\/\/serverdedicato.lovenailsrivenditore.com\/index.php?rest_route=%2Fwp%2Fv2%2Fproduct_brand&post=36863"},{"taxonomy":"product_cat","embeddable":true,"href":"https:\/\/serverdedicato.lovenailsrivenditore.com\/index.php?rest_route=%2Fwp%2Fv2%2Fproduct_cat&post=36863"},{"taxonomy":"product_tag","embeddable":true,"href":"https:\/\/serverdedicato.lovenailsrivenditore.com\/index.php?rest_route=%2Fwp%2Fv2%2Fproduct_tag&post=36863"}],"curies":[{"name":"wp","href":"https:\/\/api.w.org\/{rel}","templated":true}]}}