{"id":37444,"date":"2025-10-14T14:40:34","date_gmt":"2025-10-14T12:40:34","guid":{"rendered":"https:\/\/serverdedicato.lovenailsrivenditore.com\/?product=yoshi-essence-n-603-let-the-scarlet-6ml"},"modified":"2026-04-20T13:34:50","modified_gmt":"2026-04-20T11:34:50","slug":"yoshi-essence-n-603-let-the-scarlet-6ml","status":"publish","type":"product","link":"https:\/\/serverdedicato.lovenailsrivenditore.com\/?product=yoshi-essence-n-603-let-the-scarlet-6ml","title":{"rendered":"YOSHI &#8211; ESSENCE n.604 &#8211; LET THE SCARLET &#8211; 6ml"},"content":{"rendered":"<p>Scopri la collezione Essence di YOSHI, una tavolozza di colori che combina stili classici e moderni. Ogni smalto di questa serie racconta una storia diversa, dal rosso sensuale al classico nero e ai sottili accenti di glitter. \u00c8 una collezione che si adatta sia allo stile di tutti i giorni che alle occasioni speciali. Essence \u00e8 l&#8217;essenza della femminilit\u00e0 e dello stile espressivo in ogni goccia di smalto.<\/p>\n","protected":false},"excerpt":{"rendered":"<p>Scopri la collezione Essence di YOSHI, una tavolozza di colori che combina stili classici e moderni. Ogni smalto di questa serie racconta una storia diversa, dal rosso sensuale al classico nero e ai sottili accenti di glitter. \u00c8 una collezione che si adatta sia allo stile di tutti i giorni che alle occasioni speciali. Essence \u00e8 l&#8217;essenza della femminilit\u00e0 e dello stile espressivo in ogni goccia di smalto.<\/p>\n","protected":false},"featured_media":37445,"comment_status":"closed","ping_status":"open","template":"","meta":[],"product_brand":[],"product_cat":[24,2796,83,2795],"product_tag":[3052,3053],"class_list":{"0":"post-37444","1":"product","2":"type-product","3":"status-publish","4":"has-post-thumbnail","6":"product_cat-colori","7":"product_cat-colori-semipermanenti","8":"product_cat-semipermanenti","9":"product_cat-yoshi","10":"product_tag-essence","11":"product_tag-inverno","13":"first","14":"instock","15":"shipping-taxable","16":"purchasable","17":"product-type-simple"},"_links":{"self":[{"href":"https:\/\/serverdedicato.lovenailsrivenditore.com\/index.php?rest_route=\/wp\/v2\/product\/37444","targetHints":{"allow":["GET"]}}],"collection":[{"href":"https:\/\/serverdedicato.lovenailsrivenditore.com\/index.php?rest_route=\/wp\/v2\/product"}],"about":[{"href":"https:\/\/serverdedicato.lovenailsrivenditore.com\/index.php?rest_route=\/wp\/v2\/types\/product"}],"replies":[{"embeddable":true,"href":"https:\/\/serverdedicato.lovenailsrivenditore.com\/index.php?rest_route=%2Fwp%2Fv2%2Fcomments&post=37444"}],"wp:featuredmedia":[{"embeddable":true,"href":"https:\/\/serverdedicato.lovenailsrivenditore.com\/index.php?rest_route=\/wp\/v2\/media\/37445"}],"wp:attachment":[{"href":"https:\/\/serverdedicato.lovenailsrivenditore.com\/index.php?rest_route=%2Fwp%2Fv2%2Fmedia&parent=37444"}],"wp:term":[{"taxonomy":"product_brand","embeddable":true,"href":"https:\/\/serverdedicato.lovenailsrivenditore.com\/index.php?rest_route=%2Fwp%2Fv2%2Fproduct_brand&post=37444"},{"taxonomy":"product_cat","embeddable":true,"href":"https:\/\/serverdedicato.lovenailsrivenditore.com\/index.php?rest_route=%2Fwp%2Fv2%2Fproduct_cat&post=37444"},{"taxonomy":"product_tag","embeddable":true,"href":"https:\/\/serverdedicato.lovenailsrivenditore.com\/index.php?rest_route=%2Fwp%2Fv2%2Fproduct_tag&post=37444"}],"curies":[{"name":"wp","href":"https:\/\/api.w.org\/{rel}","templated":true}]}}