{"id":37651,"date":"2025-10-16T07:55:43","date_gmt":"2025-10-16T05:55:43","guid":{"rendered":"https:\/\/serverdedicato.lovenailsrivenditore.com\/?product=yoshi-la-premiere-n-248-pas-de-minuit-6ml"},"modified":"2026-04-20T13:38:09","modified_gmt":"2026-04-20T11:38:09","slug":"yoshi-la-premiere-n-248-pas-de-minuit-6ml","status":"publish","type":"product","link":"https:\/\/serverdedicato.lovenailsrivenditore.com\/?product=yoshi-la-premiere-n-248-pas-de-minuit-6ml","title":{"rendered":"YOSHI &#8211; LA PREMIERE n.248 &#8211; PAS DE MINUIT &#8211; 6ml"},"content":{"rendered":"<p><img decoding=\"async\" src=\"https:\/\/serverdedicato.lovenailsrivenditore.com\/wp-content\/uploads\/2026\/04\/logo_LaPremiere_webP-800x293-1.webp\" \/><\/p>\n<p>Prima che il sipario si apra e suoni la prima battuta, prima che la luce avvolga il palco e il pubblico trattenga il respiro, c&#8217;\u00e8 silenzio. Denso di emozioni, tensione, understatement. \u00c8 qui che inizia tutto.<\/p>\n<p>La Premi\u00e8re \u00e8 una collezione ispirata al teatro, ma non a quello rumoroso e spettacolare, pieno di urla e applausi. \u00c8 un teatro di sguardi, pause e intenzioni non dette. Uno che rimane con te molto tempo dopo l&#8217;ultima scena. Qui, la luce non stordisce, ma fa risaltare solo sottilmente i contorni. Qui, ogni ruolo non si basa sulle parole, ma sulla presenza. Ed \u00e8 lei che viene ricordata.<\/p>\n","protected":false},"excerpt":{"rendered":"<p>Prima che il sipario si apra e suoni la prima battuta, prima che la luce avvolga il palco e il pubblico trattenga il respiro, c&#8217;\u00e8 silenzio. Denso di emozioni, tensione, understatement. \u00c8 qui che inizia tutto.<\/p>\n<p>La Premi\u00e8re \u00e8 una collezione ispirata al teatro, ma non a quello rumoroso e spettacolare, pieno di urla e applausi. \u00c8 un teatro di sguardi, pause e intenzioni non dette. Uno che rimane con te molto tempo dopo l&#8217;ultima scena. Qui, la luce non stordisce, ma fa risaltare solo sottilmente i contorni. Qui, ogni ruolo non si basa sulle parole, ma sulla presenza. Ed \u00e8 lei che viene ricordata.<\/p>\n","protected":false},"featured_media":37652,"comment_status":"closed","ping_status":"open","template":"","meta":[],"product_brand":[],"product_cat":[24,2796,83,2795],"product_tag":[3055,2621],"class_list":{"0":"post-37651","1":"product","2":"type-product","3":"status-publish","4":"has-post-thumbnail","6":"product_cat-colori","7":"product_cat-colori-semipermanenti","8":"product_cat-semipermanenti","9":"product_cat-yoshi","10":"product_tag-la-premiere","11":"product_tag-rouge-noir","13":"first","14":"instock","15":"shipping-taxable","16":"purchasable","17":"product-type-simple"},"_links":{"self":[{"href":"https:\/\/serverdedicato.lovenailsrivenditore.com\/index.php?rest_route=\/wp\/v2\/product\/37651","targetHints":{"allow":["GET"]}}],"collection":[{"href":"https:\/\/serverdedicato.lovenailsrivenditore.com\/index.php?rest_route=\/wp\/v2\/product"}],"about":[{"href":"https:\/\/serverdedicato.lovenailsrivenditore.com\/index.php?rest_route=\/wp\/v2\/types\/product"}],"replies":[{"embeddable":true,"href":"https:\/\/serverdedicato.lovenailsrivenditore.com\/index.php?rest_route=%2Fwp%2Fv2%2Fcomments&post=37651"}],"wp:featuredmedia":[{"embeddable":true,"href":"https:\/\/serverdedicato.lovenailsrivenditore.com\/index.php?rest_route=\/wp\/v2\/media\/37652"}],"wp:attachment":[{"href":"https:\/\/serverdedicato.lovenailsrivenditore.com\/index.php?rest_route=%2Fwp%2Fv2%2Fmedia&parent=37651"}],"wp:term":[{"taxonomy":"product_brand","embeddable":true,"href":"https:\/\/serverdedicato.lovenailsrivenditore.com\/index.php?rest_route=%2Fwp%2Fv2%2Fproduct_brand&post=37651"},{"taxonomy":"product_cat","embeddable":true,"href":"https:\/\/serverdedicato.lovenailsrivenditore.com\/index.php?rest_route=%2Fwp%2Fv2%2Fproduct_cat&post=37651"},{"taxonomy":"product_tag","embeddable":true,"href":"https:\/\/serverdedicato.lovenailsrivenditore.com\/index.php?rest_route=%2Fwp%2Fv2%2Fproduct_tag&post=37651"}],"curies":[{"name":"wp","href":"https:\/\/api.w.org\/{rel}","templated":true}]}}