{"id":39704,"date":"2025-12-06T11:50:19","date_gmt":"2025-12-06T10:50:19","guid":{"rendered":"https:\/\/serverdedicato.lovenailsrivenditore.com\/?product=luna-top-bestie-13ml"},"modified":"2026-04-20T14:11:47","modified_gmt":"2026-04-20T12:11:47","slug":"luna-top-bestie-13ml","status":"publish","type":"product","link":"https:\/\/serverdedicato.lovenailsrivenditore.com\/?product=luna-top-bestie-13ml","title":{"rendered":"LUNA &#8211; TOP BESTIE &#8211; 13ml"},"content":{"rendered":"<p><strong>Il top Bestie<\/strong> \u00e8 un top senza dispersione che aggiunger\u00e0 giocosit\u00e0, stile e un tocco di particolarit\u00e0 alla tua manicure.<\/p>\n<p><strong>Descrizione:<\/strong><\/p>\n<ul>\n<li>Sopra con elementi olografici decorativi.<\/li>\n<li>Ha una consistenza media, il che la rende comoda da lavorare con il top coat. Non scorre sotto la cuticola e allo stesso tempo copre perfettamente la lamina ungueale.<\/li>\n<li>Non sviluppa calore in lampada<\/li>\n<li>Mantiene una lucentezza unica per un massimo di 3\u20134 settimane.<\/li>\n<li>Ha un odore neutro.<\/li>\n<\/ul>\n","protected":false},"excerpt":{"rendered":"<p><strong>Il top Bestie<\/strong> \u00e8 un top senza dispersione che aggiunger\u00e0 giocosit\u00e0, stile e un tocco di particolarit\u00e0 alla tua manicure.<\/p>\n","protected":false},"featured_media":39705,"comment_status":"closed","ping_status":"open","template":"","meta":[],"product_brand":[],"product_cat":[202,2488,2489],"product_tag":[3107,2068],"class_list":{"0":"post-39704","1":"product","2":"type-product","3":"status-publish","4":"has-post-thumbnail","6":"product_cat-finish","7":"product_cat-luna","8":"product_cat-top","9":"product_tag-bestie","10":"product_tag-top-finish","12":"first","13":"outofstock","14":"shipping-taxable","15":"purchasable","16":"product-type-simple"},"_links":{"self":[{"href":"https:\/\/serverdedicato.lovenailsrivenditore.com\/index.php?rest_route=\/wp\/v2\/product\/39704","targetHints":{"allow":["GET"]}}],"collection":[{"href":"https:\/\/serverdedicato.lovenailsrivenditore.com\/index.php?rest_route=\/wp\/v2\/product"}],"about":[{"href":"https:\/\/serverdedicato.lovenailsrivenditore.com\/index.php?rest_route=\/wp\/v2\/types\/product"}],"replies":[{"embeddable":true,"href":"https:\/\/serverdedicato.lovenailsrivenditore.com\/index.php?rest_route=%2Fwp%2Fv2%2Fcomments&post=39704"}],"wp:featuredmedia":[{"embeddable":true,"href":"https:\/\/serverdedicato.lovenailsrivenditore.com\/index.php?rest_route=\/wp\/v2\/media\/39705"}],"wp:attachment":[{"href":"https:\/\/serverdedicato.lovenailsrivenditore.com\/index.php?rest_route=%2Fwp%2Fv2%2Fmedia&parent=39704"}],"wp:term":[{"taxonomy":"product_brand","embeddable":true,"href":"https:\/\/serverdedicato.lovenailsrivenditore.com\/index.php?rest_route=%2Fwp%2Fv2%2Fproduct_brand&post=39704"},{"taxonomy":"product_cat","embeddable":true,"href":"https:\/\/serverdedicato.lovenailsrivenditore.com\/index.php?rest_route=%2Fwp%2Fv2%2Fproduct_cat&post=39704"},{"taxonomy":"product_tag","embeddable":true,"href":"https:\/\/serverdedicato.lovenailsrivenditore.com\/index.php?rest_route=%2Fwp%2Fv2%2Fproduct_tag&post=39704"}],"curies":[{"name":"wp","href":"https:\/\/api.w.org\/{rel}","templated":true}]}}