{"id":39747,"date":"2025-12-19T11:35:57","date_gmt":"2025-12-19T10:35:57","guid":{"rendered":"https:\/\/serverdedicato.lovenailsrivenditore.com\/?product=yoshi-loves-first-draft-n-162-6ml"},"modified":"2026-04-20T14:12:23","modified_gmt":"2026-04-20T12:12:23","slug":"yoshi-loves-first-draft-n-162-6ml","status":"publish","type":"product","link":"https:\/\/serverdedicato.lovenailsrivenditore.com\/?product=yoshi-loves-first-draft-n-162-6ml","title":{"rendered":"YOSHI &#8211; LOVE&#8217;S FIRST DRAFT n.162 &#8211; 6ml"},"content":{"rendered":"<p><img loading=\"lazy\" decoding=\"async\" class=\"alignnone wp-image-11696 \" src=\"https:\/\/serverdedicato.lovenailsrivenditore.com\/wp-content\/uploads\/2026\/04\/LOGO_Written_in_love-400x400-1.webp\" alt=\"\" width=\"236\" height=\"236\" \/><\/p>\n<h1>Ti voglio bene a scrivere con i colori<\/h1>\n<p>Perch\u00e9 scrivere lettere d&#8217;amore su carta quando puoi scrivere la tua storia&#8230; Sulle unghie? ? La\u00a0<b>raccolta Written in Love<\/b>\u00a0\u00e8 una storia di San Valentino di Yoshi che ti permette di esprimere le tue emozioni in modo completamente nuovo \u2013 attraverso colori che possono dire pi\u00f9 delle parole.<\/p>\n<p>Ogni sfumatura di questa collezione \u00e8 un capitolo d&#8217;amore \u2013 dagli inizi appassionati, attraverso segreti nascosti, fino a finali romantiche. Non \u00e8 solo smalto: \u00e8 un modo per esprimere i propri sentimenti, catturare le emozioni e creare look memorabili. Invece di parlare d&#8217;amore, mostralo al mondo.<\/p>\n<p><b>Rosa profondo con una lucentezza intensa e multicolore \u2013 la prima bozza dell&#8217;amore.<\/b><\/p>\n<p>Ogni amore inizia con piccoli gesti, come le prime timide confessioni. Questa tonalit\u00e0 si distingue per la sua elegante base rosa in una tonalit\u00e0 pi\u00f9 profonda, arricchita da minuscole particelle scintillanti e delicati piccoli flakes che conferiscono un carattere unico. La luce fa emergere riflessi argento, rosa e viola, che cambiano a seconda dell&#8217;angolo di incidenza. Il risultato? Uno sguardo pieno di profondit\u00e0 e splendore che attira l&#8217;attenzione.<\/p>\n<p>&nbsp;<\/p>\n<div class=\"wp-video\"><\/div>\n","protected":false},"excerpt":{"rendered":"<p><b>Rosa profondo con una lucentezza intensa e multicolore \u2013 la prima bozza dell&#8217;amore.<\/b><\/p>\n<p>Ogni amore inizia con piccoli gesti, come le prime timide confessioni. Questa tonalit\u00e0 si distingue per la sua elegante base rosa in una tonalit\u00e0 pi\u00f9 profonda, arricchita da minuscole particelle scintillanti e delicati piccoli flakes che conferiscono un carattere unico. La luce fa emergere riflessi argento, rosa e viola, che cambiano a seconda dell&#8217;angolo di incidenza. Il risultato? Uno sguardo pieno di profondit\u00e0 e splendore che attira l&#8217;attenzione.<\/p>\n<p>&nbsp;<\/p>\n","protected":false},"featured_media":39749,"comment_status":"closed","ping_status":"open","template":"","meta":[],"product_brand":[],"product_cat":[24,2796,83,2795],"product_tag":[49,350,275],"class_list":{"0":"post-39747","1":"product","2":"type-product","3":"status-publish","4":"has-post-thumbnail","6":"product_cat-colori","7":"product_cat-colori-semipermanenti","8":"product_cat-semipermanenti","9":"product_cat-yoshi","10":"product_tag-fucsia","11":"product_tag-glitter","12":"product_tag-rosa","14":"first","15":"instock","16":"shipping-taxable","17":"purchasable","18":"product-type-simple"},"_links":{"self":[{"href":"https:\/\/serverdedicato.lovenailsrivenditore.com\/index.php?rest_route=\/wp\/v2\/product\/39747","targetHints":{"allow":["GET"]}}],"collection":[{"href":"https:\/\/serverdedicato.lovenailsrivenditore.com\/index.php?rest_route=\/wp\/v2\/product"}],"about":[{"href":"https:\/\/serverdedicato.lovenailsrivenditore.com\/index.php?rest_route=\/wp\/v2\/types\/product"}],"replies":[{"embeddable":true,"href":"https:\/\/serverdedicato.lovenailsrivenditore.com\/index.php?rest_route=%2Fwp%2Fv2%2Fcomments&post=39747"}],"wp:featuredmedia":[{"embeddable":true,"href":"https:\/\/serverdedicato.lovenailsrivenditore.com\/index.php?rest_route=\/wp\/v2\/media\/39749"}],"wp:attachment":[{"href":"https:\/\/serverdedicato.lovenailsrivenditore.com\/index.php?rest_route=%2Fwp%2Fv2%2Fmedia&parent=39747"}],"wp:term":[{"taxonomy":"product_brand","embeddable":true,"href":"https:\/\/serverdedicato.lovenailsrivenditore.com\/index.php?rest_route=%2Fwp%2Fv2%2Fproduct_brand&post=39747"},{"taxonomy":"product_cat","embeddable":true,"href":"https:\/\/serverdedicato.lovenailsrivenditore.com\/index.php?rest_route=%2Fwp%2Fv2%2Fproduct_cat&post=39747"},{"taxonomy":"product_tag","embeddable":true,"href":"https:\/\/serverdedicato.lovenailsrivenditore.com\/index.php?rest_route=%2Fwp%2Fv2%2Fproduct_tag&post=39747"}],"curies":[{"name":"wp","href":"https:\/\/api.w.org\/{rel}","templated":true}]}}