{"id":41304,"date":"2026-01-12T17:43:44","date_gmt":"2026-01-12T16:43:44","guid":{"rendered":"https:\/\/serverdedicato.lovenailsrivenditore.com\/?product=palu-base-flexy-n-05-11gr"},"modified":"2026-04-20T14:37:27","modified_gmt":"2026-04-20T12:37:27","slug":"palu-base-flexy-n-05-11gr","status":"publish","type":"product","link":"https:\/\/serverdedicato.lovenailsrivenditore.com\/?product=palu-base-flexy-n-05-11gr","title":{"rendered":"PALU &#8211; BASE FLEXY n.05 &#8211; 11gr"},"content":{"rendered":"<p>Flexi Base \u00e8 la risposta perfetta alle esigenze di\u00a0 chi <strong>vuole lavorare in modo rapido, sicuro e senza compromessi<\/strong>. La\u00a0<strong>sua consistenza di spessore medio<\/strong>\u00a0ti d\u00e0 pieno controllo sull&#8217;applicazione e ti permette di creare una superficie perfettamente liscia senza sforzo.<\/p>\n<p><strong>L&#8217;alta adesione<\/strong> garantisce la durata dello styling e la formula senza acidi \u00e8 delicata sulla lamina naturale \u2013 cos\u00ec puoi lavorare senza preoccuparti delle condizioni dell&#8217;unghia.<\/p>\n<p>La Flexi Base \u00e8\u00a0<strong>rigida ma allo stesso tempo flessibile<\/strong>. Si adatta al movimento dell&#8217;unghia, aumentando la resistenza della manicure a crepe e scheggiature. E con\u00a0<strong>un livellamento rapido<\/strong>\u00a0e\u00a0<strong>un&#8217;applicazione senza complicazioni<\/strong>, risparmi tempo con ogni styling.<\/p>\n<p>\u00c8\u00a0<strong>una base creata per il lavoro quotidiano in salone<\/strong>\u00a0\u2013 professionale, affidabile e cos\u00ec intuitiva da diventare subito un prodotto preferito.<\/p>\n<p>Palu \u00e8 un prodotto cosmetico da professionisti per professionisti. Vogliamo offrirti libert\u00e0 di scelta, garanzia di qualit\u00e0 e comodit\u00e0 nel lavoro. Hai creato lo styling insieme ai nostri prodotti? Assicuratevi di farcelo sapere e taggate la vostra foto su Instagram\u00a0<strong>con l&#8217;hashtag #palusalonsystem<\/strong><\/p>\n<p><strong>Il prodotto \u00e8 destinato all&#8217;uso professionale.<\/strong><\/p>\n<p><strong>Caratteristiche principali:<\/strong><\/p>\n<ul>\n<li>Consistenza di spessore medio \u2013 pieno controllo durante l&#8217;applicazione<\/li>\n<li>Alta adesione \u2013 dura anche su lamine ungueali impegnative<\/li>\n<li>Livellamento perfetto \u2013 superficie liscia senza striature<\/li>\n<li>Resistente ma flessibile \u2013 resistente a danni e schegge<\/li>\n<li>Applicazione veloce e senza complicazioni \u2013 risparmiando tempo allo stylist<\/li>\n<li>Formula senza acidi \u2013 delicata<\/li>\n<li>Applicazione: allineamento, allungamento e copertura<\/li>\n<li>Polimerizzazione: 60 secondi in lampada LED UV<\/li>\n<li>Capacit\u00e0: 11 g<\/li>\n<\/ul>\n","protected":false},"excerpt":{"rendered":"<p>Flexi Base \u00e8 la risposta perfetta alle esigenze di\u00a0 chi <strong>vuole lavorare in modo rapido, sicuro e senza compromessi<\/strong>. La\u00a0<strong>sua consistenza di spessore medio<\/strong>\u00a0ti d\u00e0 pieno controllo sull&#8217;applicazione e ti permette di creare una superficie perfettamente liscia senza sforzo.<\/p>\n<p><strong>L&#8217;alta adesione<\/strong> garantisce la durata dello styling e la formula senza acidi \u00e8 delicata sulla lamina naturale \u2013 cos\u00ec puoi lavorare senza preoccuparti delle condizioni dell&#8217;unghia.<\/p>\n<p>La Flexi Base \u00e8\u00a0<strong>rigida ma allo stesso tempo flessibile<\/strong>. Si adatta al movimento dell&#8217;unghia, aumentando la resistenza della manicure a crepe e scheggiature. E con\u00a0<strong>un livellamento rapido<\/strong>\u00a0e\u00a0<strong>un&#8217;applicazione senza complicazioni<\/strong>, risparmi tempo con ogni styling.<\/p>\n<p>\u00c8\u00a0<strong>una base creata per il lavoro quotidiano in salone<\/strong>\u00a0\u2013 professionale, affidabile e cos\u00ec intuitiva da diventare subito un prodotto preferito.<\/p>\n","protected":false},"featured_media":41305,"comment_status":"closed","ping_status":"open","template":"","meta":[],"product_brand":[],"product_cat":[240,1645,1644,239,1509],"product_tag":[258,3158,1528],"class_list":{"0":"post-41304","1":"product","2":"type-product","3":"status-publish","4":"has-post-thumbnail","6":"product_cat-base","7":"product_cat-base-palu","8":"product_cat-palu","9":"product_cat-semipermanente","10":"product_cat-top-brand-professionali-unghie","11":"product_tag-base","12":"product_tag-base-flexy","13":"product_tag-base-rubber","15":"first","16":"instock","17":"shipping-taxable","18":"purchasable","19":"product-type-simple"},"_links":{"self":[{"href":"https:\/\/serverdedicato.lovenailsrivenditore.com\/index.php?rest_route=\/wp\/v2\/product\/41304","targetHints":{"allow":["GET"]}}],"collection":[{"href":"https:\/\/serverdedicato.lovenailsrivenditore.com\/index.php?rest_route=\/wp\/v2\/product"}],"about":[{"href":"https:\/\/serverdedicato.lovenailsrivenditore.com\/index.php?rest_route=\/wp\/v2\/types\/product"}],"replies":[{"embeddable":true,"href":"https:\/\/serverdedicato.lovenailsrivenditore.com\/index.php?rest_route=%2Fwp%2Fv2%2Fcomments&post=41304"}],"wp:featuredmedia":[{"embeddable":true,"href":"https:\/\/serverdedicato.lovenailsrivenditore.com\/index.php?rest_route=\/wp\/v2\/media\/41305"}],"wp:attachment":[{"href":"https:\/\/serverdedicato.lovenailsrivenditore.com\/index.php?rest_route=%2Fwp%2Fv2%2Fmedia&parent=41304"}],"wp:term":[{"taxonomy":"product_brand","embeddable":true,"href":"https:\/\/serverdedicato.lovenailsrivenditore.com\/index.php?rest_route=%2Fwp%2Fv2%2Fproduct_brand&post=41304"},{"taxonomy":"product_cat","embeddable":true,"href":"https:\/\/serverdedicato.lovenailsrivenditore.com\/index.php?rest_route=%2Fwp%2Fv2%2Fproduct_cat&post=41304"},{"taxonomy":"product_tag","embeddable":true,"href":"https:\/\/serverdedicato.lovenailsrivenditore.com\/index.php?rest_route=%2Fwp%2Fv2%2Fproduct_tag&post=41304"}],"curies":[{"name":"wp","href":"https:\/\/api.w.org\/{rel}","templated":true}]}}