{"id":41752,"date":"2026-01-21T15:33:41","date_gmt":"2026-01-21T14:33:41","guid":{"rendered":"https:\/\/serverdedicato.lovenailsrivenditore.com\/?product=kodi-professional-gel-color-11rs-7ml"},"modified":"2026-04-20T14:45:23","modified_gmt":"2026-04-20T12:45:23","slug":"kodi-professional-gel-color-11rs-7ml","status":"publish","type":"product","link":"https:\/\/serverdedicato.lovenailsrivenditore.com\/?product=kodi-professional-gel-color-11rs-7ml","title":{"rendered":"KODI PROFESSIONAL &#8211; GEL COLOR 11RS &#8211;  7ml"},"content":{"rendered":"<p>L&#8217;ispirazione per l&#8217;esclusiva collezione Rich Stone del famoso marchio Kodi Professional \u00e8 il fascino seducente delle pietre preziose. Le tonalit\u00e0 naturali, ricche e profonde sono di nuovo al culmine della popolarit\u00e0 e la loro migliore incarnazione nel campo del nail design \u00e8 diventata la sofisticata serie di smalti gel Rich Stone.<\/p>\n<p>La tonalit\u00e0 11 RS \u00e8 un viola intenso con una combinazione originale di due tipi di glitter, una tonalit\u00e0 viola e fucsia.\u00a0Lo smalto semipermanente \u00e8 denso, opaco e ricco di piccole particelle scintillanti. Tutte le caratteristiche degli smalti semipermanenti Rich Stone sono in perfetto equilibrio, consentendo al maestro di creare facilmente veri e propri capolavori di manicure.<\/p>\n<p>Si consiglia di applicare due strati sottili di smalto gel polimerizzando ogni strato in lampada UV per 2 minuti e in lampada LED per 30-60 secondi.<\/p>\n","protected":false},"excerpt":{"rendered":"<p>L&#8217;ispirazione per l&#8217;esclusiva collezione Rich Stone del famoso marchio Kodi Professional \u00e8 il fascino seducente delle pietre preziose. Le tonalit\u00e0 naturali, ricche e profonde sono di nuovo al culmine della popolarit\u00e0 e la loro migliore incarnazione nel campo del nail design \u00e8 diventata la sofisticata serie di smalti gel Rich Stone.<\/p>\n<p>Tutte le caratteristiche degli smalti semipermanenti Rich Stone sono in perfetto equilibrio, consentendo al maestro di creare facilmente veri e propri capolavori di manicure.<\/p>\n<p>Si consiglia di applicare due strati sottili di smalto gel polimerizzando ogni strato in lampada UV per 2 minuti e in lampada LED per 30-60 secondi.<\/p>\n","protected":false},"featured_media":41753,"comment_status":"closed","ping_status":"open","template":"","meta":[],"product_brand":[],"product_cat":[24,2627,83,1509],"product_tag":[197,3174,188],"class_list":{"0":"post-41752","1":"product","2":"type-product","3":"status-publish","4":"has-post-thumbnail","6":"product_cat-colori","7":"product_cat-kodi","8":"product_cat-semipermanenti","9":"product_cat-top-brand-professionali-unghie","10":"product_tag-nero","11":"product_tag-rich-stone","12":"product_tag-verde","14":"first","15":"instock","16":"shipping-taxable","17":"purchasable","18":"product-type-simple"},"_links":{"self":[{"href":"https:\/\/serverdedicato.lovenailsrivenditore.com\/index.php?rest_route=\/wp\/v2\/product\/41752","targetHints":{"allow":["GET"]}}],"collection":[{"href":"https:\/\/serverdedicato.lovenailsrivenditore.com\/index.php?rest_route=\/wp\/v2\/product"}],"about":[{"href":"https:\/\/serverdedicato.lovenailsrivenditore.com\/index.php?rest_route=\/wp\/v2\/types\/product"}],"replies":[{"embeddable":true,"href":"https:\/\/serverdedicato.lovenailsrivenditore.com\/index.php?rest_route=%2Fwp%2Fv2%2Fcomments&post=41752"}],"wp:featuredmedia":[{"embeddable":true,"href":"https:\/\/serverdedicato.lovenailsrivenditore.com\/index.php?rest_route=\/wp\/v2\/media\/41753"}],"wp:attachment":[{"href":"https:\/\/serverdedicato.lovenailsrivenditore.com\/index.php?rest_route=%2Fwp%2Fv2%2Fmedia&parent=41752"}],"wp:term":[{"taxonomy":"product_brand","embeddable":true,"href":"https:\/\/serverdedicato.lovenailsrivenditore.com\/index.php?rest_route=%2Fwp%2Fv2%2Fproduct_brand&post=41752"},{"taxonomy":"product_cat","embeddable":true,"href":"https:\/\/serverdedicato.lovenailsrivenditore.com\/index.php?rest_route=%2Fwp%2Fv2%2Fproduct_cat&post=41752"},{"taxonomy":"product_tag","embeddable":true,"href":"https:\/\/serverdedicato.lovenailsrivenditore.com\/index.php?rest_route=%2Fwp%2Fv2%2Fproduct_tag&post=41752"}],"curies":[{"name":"wp","href":"https:\/\/api.w.org\/{rel}","templated":true}]}}