{"id":41874,"date":"2026-01-24T12:11:59","date_gmt":"2026-01-24T11:11:59","guid":{"rendered":"https:\/\/serverdedicato.lovenailsrivenditore.com\/?product=dark-sotch-base-15ml"},"modified":"2026-04-20T14:47:13","modified_gmt":"2026-04-20T12:47:13","slug":"dark-sotch-base-15ml","status":"publish","type":"product","link":"https:\/\/serverdedicato.lovenailsrivenditore.com\/?product=dark-sotch-base-15ml","title":{"rendered":"DARK &#8211; SCOTCH BASE &#8211; 15ML"},"content":{"rendered":"<h4 dir=\"ltr\"><strong>DARK SCOTCH BASE<\/strong> \u00e8 una base di acidit\u00e0 media progettata per essere usata come base aggrappante per materiali duri, basi cover e a bassa acidit\u00e0, oltre che per allungamento. Offre una facile auto-livellazione e una distribuzione uniforme.<\/h4>\n<p dir=\"ltr\"><em>La base \u00e8 pensata per essere usata solo come substrato e NON per livellare (tutte le basi a media e alta acidit\u00e0 non sono destinate al livellamento, poich\u00e9 uno strato pi\u00f9 spesso di tali basi pu\u00f2 causare ustioni chimiche).<\/em><\/p>\n<ul>\n<li dir=\"ltr\">\n<p dir=\"ltr\">Acidit\u00e0 base media (pH 4);<\/p>\n<\/li>\n<li dir=\"ltr\">\n<p dir=\"ltr\">Si caratterizza per un&#8217;eccellente adesione alla lamina ungueale;<\/p>\n<\/li>\n<li dir=\"ltr\">\n<p dir=\"ltr\">Malleabile, ma non troppo morbido;<\/p>\n<\/li>\n<li dir=\"ltr\">\n<p dir=\"ltr\">Ha una consistenza media, non cola ed \u00e8 facile da applicare;<\/p>\n<\/li>\n<li dir=\"ltr\">\n<p dir=\"ltr\">Non \u00e8 raccomandato per chi soffre di allergie.<\/p>\n<\/li>\n<\/ul>\n","protected":false},"excerpt":{"rendered":"<h4 dir=\"ltr\"><strong>DARK SCOTCH BASE<\/strong> \u00e8 una base di acidit\u00e0 media progettata per essere usata come base aggrappante per materiali duri, basi cover e a bassa acidit\u00e0, oltre che per allungamento. Offre una facile auto-livellazione e una distribuzione uniforme.<\/h4>\n<p dir=\"ltr\"><em>La base \u00e8 pensata per essere usata solo come substrato e NON per livellare (tutte le basi a media e alta acidit\u00e0 non sono destinate al livellamento, poich\u00e9 uno strato pi\u00f9 spesso di tali basi pu\u00f2 causare ustioni chimiche).<\/em><\/p>\n<ul>\n<li dir=\"ltr\">\n<p dir=\"ltr\">Acidit\u00e0 base media (pH 4);<\/p>\n<\/li>\n<li dir=\"ltr\">\n<p dir=\"ltr\">Si caratterizza per un&#8217;eccellente adesione alla lamina ungueale;<\/p>\n<\/li>\n<li dir=\"ltr\">\n<p dir=\"ltr\">Malleabile, ma non troppo morbido;<\/p>\n<\/li>\n<li dir=\"ltr\">\n<p dir=\"ltr\">Ha una consistenza media, non cola ed \u00e8 facile da applicare;<\/p>\n<\/li>\n<li dir=\"ltr\">\n<p dir=\"ltr\">Non \u00e8 raccomandato per chi soffre di allergie.<\/p>\n<\/li>\n<\/ul>\n","protected":false},"featured_media":41875,"comment_status":"closed","ping_status":"open","template":"","meta":[],"product_brand":[],"product_cat":[3182,240,3178,3185,239],"product_tag":[2518,3186],"class_list":{"0":"post-41874","1":"product","2":"type-product","3":"status-publish","4":"has-post-thumbnail","6":"product_cat-base-dark","7":"product_cat-base","8":"product_cat-dark","9":"product_cat-novita","10":"product_cat-semipermanente","11":"product_tag-base-aggrappante","12":"product_tag-scotch-base","14":"first","15":"instock","16":"shipping-taxable","17":"purchasable","18":"product-type-simple"},"_links":{"self":[{"href":"https:\/\/serverdedicato.lovenailsrivenditore.com\/index.php?rest_route=\/wp\/v2\/product\/41874","targetHints":{"allow":["GET"]}}],"collection":[{"href":"https:\/\/serverdedicato.lovenailsrivenditore.com\/index.php?rest_route=\/wp\/v2\/product"}],"about":[{"href":"https:\/\/serverdedicato.lovenailsrivenditore.com\/index.php?rest_route=\/wp\/v2\/types\/product"}],"replies":[{"embeddable":true,"href":"https:\/\/serverdedicato.lovenailsrivenditore.com\/index.php?rest_route=%2Fwp%2Fv2%2Fcomments&post=41874"}],"wp:featuredmedia":[{"embeddable":true,"href":"https:\/\/serverdedicato.lovenailsrivenditore.com\/index.php?rest_route=\/wp\/v2\/media\/41875"}],"wp:attachment":[{"href":"https:\/\/serverdedicato.lovenailsrivenditore.com\/index.php?rest_route=%2Fwp%2Fv2%2Fmedia&parent=41874"}],"wp:term":[{"taxonomy":"product_brand","embeddable":true,"href":"https:\/\/serverdedicato.lovenailsrivenditore.com\/index.php?rest_route=%2Fwp%2Fv2%2Fproduct_brand&post=41874"},{"taxonomy":"product_cat","embeddable":true,"href":"https:\/\/serverdedicato.lovenailsrivenditore.com\/index.php?rest_route=%2Fwp%2Fv2%2Fproduct_cat&post=41874"},{"taxonomy":"product_tag","embeddable":true,"href":"https:\/\/serverdedicato.lovenailsrivenditore.com\/index.php?rest_route=%2Fwp%2Fv2%2Fproduct_tag&post=41874"}],"curies":[{"name":"wp","href":"https:\/\/api.w.org\/{rel}","templated":true}]}}