{"id":43919,"date":"2026-02-26T10:58:10","date_gmt":"2026-02-26T09:58:10","guid":{"rendered":"https:\/\/serverdedicato.lovenailsrivenditore.com\/?product=yoshi-tanjerin-n-917-6ml"},"modified":"2026-04-20T16:21:57","modified_gmt":"2026-04-20T14:21:57","slug":"yoshi-tanjerin-n-917-6ml","status":"publish","type":"product","link":"https:\/\/serverdedicato.lovenailsrivenditore.com\/?product=yoshi-tanjerin-n-917-6ml","title":{"rendered":"YOSHI &#8211; TANJERIN n. 917 &#8211; 6ml"},"content":{"rendered":"<p><img loading=\"lazy\" decoding=\"async\" class=\"alignnone wp-image-4850\" src=\"https:\/\/serverdedicato.lovenailsrivenditore.com\/wp-content\/uploads\/2026\/04\/Tokyo_logo.webp\" alt=\"\" width=\"293\" height=\"118\" \/><\/p>\n<p><strong>La collezione &#8220;Tokyo&#8221; di YOSHI<\/strong><\/p>\n<p>Trasportati nel cuore vivace di Tokyo, dove le luci al neon dipingono il cielo notturno in un caleidoscopio di colori. La collezione &#8220;Tokyo&#8221; di YOSHI \u00e8 un tributo alla metropoli giapponese \u2013 un luogo dove la tradizione incontra la modernit\u00e0 e l&#8217;energia della citt\u00e0 sembra non svanire mai. Ogni tonalit\u00e0 di questa collezione \u00e8 ispirata all&#8217;atmosfera unica di Tokyo, dall&#8217;iconica &#8220;Godzilla Head&#8221; alle strade illuminate dei quartieri commerciali. Immergiti in colori al neon intensi e senti la magia del momento \u2013 ora sulle unghie!<\/p>\n<p>&nbsp;<\/p>\n","protected":false},"excerpt":{"rendered":"<p><strong>La collezione &#8220;Tokyo&#8221; di YOSHI<\/strong><\/p>\n<p>Trasportati nel cuore vivace di Tokyo, dove le luci al neon dipingono il cielo notturno in un caleidoscopio di colori. La collezione &#8220;Tokyo&#8221; di YOSHI \u00e8 un tributo alla metropoli giapponese \u2013 un luogo dove la tradizione incontra la modernit\u00e0 e l&#8217;energia della citt\u00e0 sembra non svanire mai. Ogni tonalit\u00e0 di questa collezione \u00e8 ispirata all&#8217;atmosfera unica di Tokyo, dall&#8217;iconica &#8220;Godzilla Head&#8221; alle strade illuminate dei quartieri commerciali. Immergiti in colori al neon intensi e senti la magia del momento \u2013 ora sulle unghie!<\/p>\n","protected":false},"featured_media":43920,"comment_status":"closed","ping_status":"open","template":"","meta":[],"product_brand":[],"product_cat":[24,2796,83,2795],"product_tag":[72,1953,1728],"class_list":{"0":"post-43919","1":"product","2":"type-product","3":"status-publish","4":"has-post-thumbnail","6":"product_cat-colori","7":"product_cat-colori-semipermanenti","8":"product_cat-semipermanenti","9":"product_cat-yoshi","10":"product_tag-neon","11":"product_tag-summer","12":"product_tag-tokyo","14":"first","15":"instock","16":"shipping-taxable","17":"purchasable","18":"product-type-simple"},"_links":{"self":[{"href":"https:\/\/serverdedicato.lovenailsrivenditore.com\/index.php?rest_route=\/wp\/v2\/product\/43919","targetHints":{"allow":["GET"]}}],"collection":[{"href":"https:\/\/serverdedicato.lovenailsrivenditore.com\/index.php?rest_route=\/wp\/v2\/product"}],"about":[{"href":"https:\/\/serverdedicato.lovenailsrivenditore.com\/index.php?rest_route=\/wp\/v2\/types\/product"}],"replies":[{"embeddable":true,"href":"https:\/\/serverdedicato.lovenailsrivenditore.com\/index.php?rest_route=%2Fwp%2Fv2%2Fcomments&post=43919"}],"wp:featuredmedia":[{"embeddable":true,"href":"https:\/\/serverdedicato.lovenailsrivenditore.com\/index.php?rest_route=\/wp\/v2\/media\/43920"}],"wp:attachment":[{"href":"https:\/\/serverdedicato.lovenailsrivenditore.com\/index.php?rest_route=%2Fwp%2Fv2%2Fmedia&parent=43919"}],"wp:term":[{"taxonomy":"product_brand","embeddable":true,"href":"https:\/\/serverdedicato.lovenailsrivenditore.com\/index.php?rest_route=%2Fwp%2Fv2%2Fproduct_brand&post=43919"},{"taxonomy":"product_cat","embeddable":true,"href":"https:\/\/serverdedicato.lovenailsrivenditore.com\/index.php?rest_route=%2Fwp%2Fv2%2Fproduct_cat&post=43919"},{"taxonomy":"product_tag","embeddable":true,"href":"https:\/\/serverdedicato.lovenailsrivenditore.com\/index.php?rest_route=%2Fwp%2Fv2%2Fproduct_tag&post=43919"}],"curies":[{"name":"wp","href":"https:\/\/api.w.org\/{rel}","templated":true}]}}