{"id":44255,"date":"2026-02-28T08:22:24","date_gmt":"2026-02-28T07:22:24","guid":{"rendered":"https:\/\/serverdedicato.lovenailsrivenditore.com\/?product=kodi-crema-mani-8ml"},"modified":"2026-04-20T16:27:15","modified_gmt":"2026-04-20T14:27:15","slug":"kodi-crema-mani-8ml","status":"publish","type":"product","link":"https:\/\/serverdedicato.lovenailsrivenditore.com\/?product=kodi-crema-mani-8ml","title":{"rendered":"KODI &#8211; CREMA MANI- 8ml"},"content":{"rendered":"<p>I cosmetici di cura in formato mini sono creati in modo che tu possa sempre avere con te i tuoi prodotti preferiti, oltre che per poterli testare prima di acquistarli in un tubo standard.<\/p>\n<p>Molte azioni che svolgiamo ogni giorno con le mani hanno un impatto negativo sulle condizioni della nostra pelle. Quando la pelle non riesce a sopportare il carico, perde umidit\u00e0, rigidit\u00e0 ed elasticit\u00e0, diventa secca e irritata. La crema per le mani aiuter\u00e0 a restituire la sensazione di comfort alla pelle delle mani, conferendole un aspetto sano e curato.<\/p>\n<p>La crema per le mani ha un effetto rigenerante e riempitivo unico. Con un uso regolare, la crema contribuisce al ripristino efficace della pelle, rendendola idratata e pi\u00f9 soda in modo ottimale.<\/p>\n<p>Burri di karit\u00e9 e acido ialuronico, agendo insieme, eliminano irritazioni e secchezza, avviano i processi di rigenerazione della pelle, si saturano di nutrienti, ammorbidiscono e idratano. Il prodotto crea uno strato protettivo sulla pelle, che impedisce la perdita di umidit\u00e0. La crema ha una consistenza leggera e piacevole, viene rapidamente assorbita e dona alla pelle una sensazione di conforto.<\/p>\n<p>Come usare: applica una piccola quantit\u00e0 di crema sulla pelle delle mani e strofina con movimenti di massaggio leggeri. Adatto all&#8217;uso quotidiano.<\/p>\n","protected":false},"excerpt":{"rendered":"<p>La crema per le mani ha un effetto rigenerante e riempitivo unico. Con un uso regolare, la crema contribuisce al ripristino efficace della pelle, rendendola idratata e pi\u00f9 soda in modo ottimale.<\/p>\n<p>Burri di karit\u00e9 e acido ialuronico, agendo insieme, eliminano irritazioni e secchezza, avviano i processi di rigenerazione della pelle, si saturano di nutrienti, ammorbidiscono e idratano. Il prodotto crea uno strato protettivo sulla pelle, che impedisce la perdita di umidit\u00e0. La crema ha una consistenza leggera e piacevole, viene rapidamente assorbita e dona alla pelle una sensazione di conforto.<\/p>\n","protected":false},"featured_media":44256,"comment_status":"closed","ping_status":"open","template":"","meta":[],"product_brand":[],"product_cat":[2627,1509],"product_tag":[2793,2684,2794],"class_list":{"0":"post-44255","1":"product","2":"type-product","3":"status-publish","4":"has-post-thumbnail","6":"product_cat-kodi","7":"product_cat-top-brand-professionali-unghie","8":"product_tag-burro-di-karite","9":"product_tag-crema-mani","10":"product_tag-kodi-crema","12":"first","13":"instock","14":"shipping-taxable","15":"purchasable","16":"product-type-simple"},"_links":{"self":[{"href":"https:\/\/serverdedicato.lovenailsrivenditore.com\/index.php?rest_route=\/wp\/v2\/product\/44255","targetHints":{"allow":["GET"]}}],"collection":[{"href":"https:\/\/serverdedicato.lovenailsrivenditore.com\/index.php?rest_route=\/wp\/v2\/product"}],"about":[{"href":"https:\/\/serverdedicato.lovenailsrivenditore.com\/index.php?rest_route=\/wp\/v2\/types\/product"}],"replies":[{"embeddable":true,"href":"https:\/\/serverdedicato.lovenailsrivenditore.com\/index.php?rest_route=%2Fwp%2Fv2%2Fcomments&post=44255"}],"wp:featuredmedia":[{"embeddable":true,"href":"https:\/\/serverdedicato.lovenailsrivenditore.com\/index.php?rest_route=\/wp\/v2\/media\/44256"}],"wp:attachment":[{"href":"https:\/\/serverdedicato.lovenailsrivenditore.com\/index.php?rest_route=%2Fwp%2Fv2%2Fmedia&parent=44255"}],"wp:term":[{"taxonomy":"product_brand","embeddable":true,"href":"https:\/\/serverdedicato.lovenailsrivenditore.com\/index.php?rest_route=%2Fwp%2Fv2%2Fproduct_brand&post=44255"},{"taxonomy":"product_cat","embeddable":true,"href":"https:\/\/serverdedicato.lovenailsrivenditore.com\/index.php?rest_route=%2Fwp%2Fv2%2Fproduct_cat&post=44255"},{"taxonomy":"product_tag","embeddable":true,"href":"https:\/\/serverdedicato.lovenailsrivenditore.com\/index.php?rest_route=%2Fwp%2Fv2%2Fproduct_tag&post=44255"}],"curies":[{"name":"wp","href":"https:\/\/api.w.org\/{rel}","templated":true}]}}