{"id":44277,"date":"2026-02-28T09:11:01","date_gmt":"2026-02-28T08:11:01","guid":{"rendered":"https:\/\/serverdedicato.lovenailsrivenditore.com\/?product=kodi-build-it-up-gel-natural-rosewood-15ml"},"modified":"2026-04-20T16:27:30","modified_gmt":"2026-04-20T14:27:30","slug":"kodi-build-it-up-gel-natural-rosewood-15ml","status":"publish","type":"product","link":"https:\/\/serverdedicato.lovenailsrivenditore.com\/?product=kodi-build-it-up-gel-natural-rosewood-15ml","title":{"rendered":"KODI &#8211; BUILD IT UP GEL &#8211; NATURAL ROSEWOOD &#8211; 15ml"},"content":{"rendered":"<p>La serie Build It Up Gel del popolare marchio internazionale Kodi Professional sono gel da modellazione ideali che saranno molto apprezzati sia dai principianti che dai professionisti con vasta esperienza e grandi esigenze.<\/p>\n<p>Recentemente, la linea \u00e8 stata rinnovata con 9 nuove tonalit\u00e0 rilevanti. Il materiale ha una formula unica, grazie alla quale \u00e8 facile da applicare, viscosit\u00e0 ottimale che garantisce pieno controllo sul processo di rafforzamento delle unghie. Il gel non si restringe, ideale per la tecnica di lavoro senza limatura<\/p>\n<p><b>Raccomandazioni d&#8217;uso:\u00a0<\/b>il gel richiede un&#8217;applicazione preliminare della base. Polimerizza in lampade da 48 W per 120 secondi, in lampade da 86 W per 60-90 secondi. Build it up pu\u00f2 essere usato anche per allungamenti senza superare 1 cm.<\/p>\n","protected":false},"excerpt":{"rendered":"<p>La serie Build It Up Gel del popolare marchio internazionale Kodi Professional sono gel da modellazione ideali che saranno molto apprezzati sia dai principianti che dai professionisti con vasta esperienza e grandi esigenze.<\/p>\n<p>Recentemente, la linea \u00e8 stata rinnovata con 9 nuove tonalit\u00e0 rilevanti. Il materiale ha una formula unica, grazie alla quale \u00e8 facile da applicare, viscosit\u00e0 ottimale che garantisce pieno controllo sul processo di rafforzamento delle unghie. Il gel non si restringe, ideale per la tecnica di lavoro senza limatura<\/p>\n","protected":false},"featured_media":44278,"comment_status":"closed","ping_status":"open","template":"","meta":[],"product_brand":[],"product_cat":[2662,224,223,2627,1509],"product_tag":[2763,1610,2033],"class_list":{"0":"post-44277","1":"product","2":"type-product","3":"status-publish","4":"has-post-thumbnail","6":"product_cat-costruttori-kodi","7":"product_cat-costruttori","8":"product_cat-gel-uv","9":"product_cat-kodi","10":"product_cat-top-brand-professionali-unghie","11":"product_tag-build-it-up-gel","12":"product_tag-builder","13":"product_tag-gel-costruttore","15":"first","16":"instock","17":"shipping-taxable","18":"purchasable","19":"product-type-simple"},"_links":{"self":[{"href":"https:\/\/serverdedicato.lovenailsrivenditore.com\/index.php?rest_route=\/wp\/v2\/product\/44277","targetHints":{"allow":["GET"]}}],"collection":[{"href":"https:\/\/serverdedicato.lovenailsrivenditore.com\/index.php?rest_route=\/wp\/v2\/product"}],"about":[{"href":"https:\/\/serverdedicato.lovenailsrivenditore.com\/index.php?rest_route=\/wp\/v2\/types\/product"}],"replies":[{"embeddable":true,"href":"https:\/\/serverdedicato.lovenailsrivenditore.com\/index.php?rest_route=%2Fwp%2Fv2%2Fcomments&post=44277"}],"wp:featuredmedia":[{"embeddable":true,"href":"https:\/\/serverdedicato.lovenailsrivenditore.com\/index.php?rest_route=\/wp\/v2\/media\/44278"}],"wp:attachment":[{"href":"https:\/\/serverdedicato.lovenailsrivenditore.com\/index.php?rest_route=%2Fwp%2Fv2%2Fmedia&parent=44277"}],"wp:term":[{"taxonomy":"product_brand","embeddable":true,"href":"https:\/\/serverdedicato.lovenailsrivenditore.com\/index.php?rest_route=%2Fwp%2Fv2%2Fproduct_brand&post=44277"},{"taxonomy":"product_cat","embeddable":true,"href":"https:\/\/serverdedicato.lovenailsrivenditore.com\/index.php?rest_route=%2Fwp%2Fv2%2Fproduct_cat&post=44277"},{"taxonomy":"product_tag","embeddable":true,"href":"https:\/\/serverdedicato.lovenailsrivenditore.com\/index.php?rest_route=%2Fwp%2Fv2%2Fproduct_tag&post=44277"}],"curies":[{"name":"wp","href":"https:\/\/api.w.org\/{rel}","templated":true}]}}