{"id":45272,"date":"2026-03-05T09:28:27","date_gmt":"2026-03-05T08:28:27","guid":{"rendered":"https:\/\/serverdedicato.lovenailsrivenditore.com\/?product=dark-smart-builder-gel-n-18-30ml"},"modified":"2026-04-20T16:45:06","modified_gmt":"2026-04-20T14:45:06","slug":"dark-smart-builder-gel-n-18-30ml","status":"publish","type":"product","link":"https:\/\/serverdedicato.lovenailsrivenditore.com\/?product=dark-smart-builder-gel-n-18-30ml","title":{"rendered":"DARK &#8211; SMART BUILDER GEL n.18 &#8211; 30ml"},"content":{"rendered":"<h4 dir=\"ltr\"><big><strong>DARK SMART GEL<\/strong>\u00a0\u00e8 un gel di consistenza medio-densa, progettato per rafforzare, allungare e riparare le unghie.<\/big><\/h4>\n<ul>\n<li dir=\"ltr\">\n<p dir=\"ltr\">Facile da usare sia su unghie lunghe che corte;<\/p>\n<\/li>\n<li dir=\"ltr\">\n<p dir=\"ltr\">\u00c8 ad alta temperatura, il che permette di essere pinzato con precisione;<\/p>\n<\/li>\n<li dir=\"ltr\">\n<p dir=\"ltr\">Si consiglia di polimerizzare a bassa potenza e di togliere la mano dalla lampada in caso di sensazione di bruciore;<\/p>\n<\/li>\n<li dir=\"ltr\">\n<p dir=\"ltr\">\u00c8 forte, ma allo stesso tempo non \u00e8 fragile.<\/p>\n<\/li>\n<\/ul>\n<p dir=\"ltr\"><strong>Consigli per il lavoro:<\/strong><\/p>\n<ul>\n<li dir=\"ltr\">\n<p dir=\"ltr\">Si polimerizza facilmente quando si lavora con stampi superiori;<\/p>\n<\/li>\n<li dir=\"ltr\">\n<p dir=\"ltr\">Il clamping gel dovrebbe avvenire tra il 12\u00b0 e il 15\u00b0 secondo di polimerizzazione;<\/p>\n<\/li>\n<li dir=\"ltr\">\n<p dir=\"ltr\">La pre-polimerizzazione \u00e8 possibile a partire da 15 secondi;<\/p>\n<\/li>\n<li dir=\"ltr\">\n<p dir=\"ltr\">Quando applichi il gel, non applicarlo in profondit\u00e0 sotto le cuticole. La transizione alle cuticole deve essere liscia, con spessore minimo;<\/p>\n<\/li>\n<li dir=\"ltr\">\n<p dir=\"ltr\">Se rinforzi le unghie, assicurati di limare l&#8217;unghia naturale dal fondo fino a una lunghezza di almeno 1 mm per evitare scheggiature sul bordo libero;<\/p>\n<\/li>\n<li dir=\"ltr\">\n<p dir=\"ltr\">Quando si lavora con basi di altre marche, si consiglia di rimuovere lo strato appiccicoso dalla base;<\/p>\n<\/li>\n<li dir=\"ltr\">\n<p dir=\"ltr\">Pi\u00f9 il gel \u00e8 trasparente, pi\u00f9 \u00e8 duro;<\/p>\n<\/li>\n<\/ul>\n","protected":false},"excerpt":{"rendered":"<h4 dir=\"ltr\"><big><strong>DARK SMART GEL<\/strong>\u00a0\u00e8 un gel di consistenza medio-densa, progettato per rafforzare, allungare e riparare le unghie.<\/big><\/h4>\n<ul>\n<li dir=\"ltr\">\n<p dir=\"ltr\">Facile da usare sia su unghie lunghe che corte;<\/p>\n<\/li>\n<li dir=\"ltr\">\n<p dir=\"ltr\">\u00c8 ad alta temperatura, il che permette di essere pinzato con precisione;<\/p>\n<\/li>\n<li dir=\"ltr\">\n<p dir=\"ltr\">Si consiglia di polimerizzare a bassa potenza e di togliere la mano dalla lampada in caso di sensazione di bruciore;<\/p>\n<\/li>\n<li dir=\"ltr\">\n<p dir=\"ltr\">\u00c8 forte, ma allo stesso tempo non \u00e8 fragile.<\/p>\n<\/li>\n<\/ul>\n","protected":false},"featured_media":45273,"comment_status":"closed","ping_status":"open","template":"","meta":[],"product_brand":[],"product_cat":[3188,224,3178,223],"product_tag":[2033,3136],"class_list":{"0":"post-45272","1":"product","2":"type-product","3":"status-publish","4":"has-post-thumbnail","6":"product_cat-costruttori-dark","7":"product_cat-costruttori","8":"product_cat-dark","9":"product_cat-gel-uv","10":"product_tag-gel-costruttore","11":"product_tag-smart-gel","13":"first","14":"outofstock","15":"shipping-taxable","16":"purchasable","17":"product-type-simple"},"_links":{"self":[{"href":"https:\/\/serverdedicato.lovenailsrivenditore.com\/index.php?rest_route=\/wp\/v2\/product\/45272","targetHints":{"allow":["GET"]}}],"collection":[{"href":"https:\/\/serverdedicato.lovenailsrivenditore.com\/index.php?rest_route=\/wp\/v2\/product"}],"about":[{"href":"https:\/\/serverdedicato.lovenailsrivenditore.com\/index.php?rest_route=\/wp\/v2\/types\/product"}],"replies":[{"embeddable":true,"href":"https:\/\/serverdedicato.lovenailsrivenditore.com\/index.php?rest_route=%2Fwp%2Fv2%2Fcomments&post=45272"}],"wp:featuredmedia":[{"embeddable":true,"href":"https:\/\/serverdedicato.lovenailsrivenditore.com\/index.php?rest_route=\/wp\/v2\/media\/45273"}],"wp:attachment":[{"href":"https:\/\/serverdedicato.lovenailsrivenditore.com\/index.php?rest_route=%2Fwp%2Fv2%2Fmedia&parent=45272"}],"wp:term":[{"taxonomy":"product_brand","embeddable":true,"href":"https:\/\/serverdedicato.lovenailsrivenditore.com\/index.php?rest_route=%2Fwp%2Fv2%2Fproduct_brand&post=45272"},{"taxonomy":"product_cat","embeddable":true,"href":"https:\/\/serverdedicato.lovenailsrivenditore.com\/index.php?rest_route=%2Fwp%2Fv2%2Fproduct_cat&post=45272"},{"taxonomy":"product_tag","embeddable":true,"href":"https:\/\/serverdedicato.lovenailsrivenditore.com\/index.php?rest_route=%2Fwp%2Fv2%2Fproduct_tag&post=45272"}],"curies":[{"name":"wp","href":"https:\/\/api.w.org\/{rel}","templated":true}]}}