{"id":46218,"date":"2026-03-10T10:26:19","date_gmt":"2026-03-10T09:26:19","guid":{"rendered":"https:\/\/serverdedicato.lovenailsrivenditore.com\/?product=paese-mattologie-matt-lipstick-n-107-no-make-up-nude"},"modified":"2026-04-20T17:38:10","modified_gmt":"2026-04-20T15:38:10","slug":"paese-mattologie-matt-lipstick-n-107-no-make-up-nude","status":"publish","type":"product","link":"https:\/\/serverdedicato.lovenailsrivenditore.com\/?product=paese-mattologie-matt-lipstick-n-107-no-make-up-nude","title":{"rendered":"PAESE &#8211; MATTOLOGIE MATT LIPSTICK n.107 &#8211; NO MAKE UP NUDE"},"content":{"rendered":"<div class=\"col-md-8 col-xs-12\">\n<p>Il nostro rossetto Mattologie opaco \u00e8 unico, poich\u00e9 idrata, offre copertura completa e garantisce un finish bello e opaco. Il 50% dei suoi ingredienti \u00e8 naturale. Garantisce una copertura perfetta e duratura idratando le labbra. I suoi ingredienti attivi e condizionatori prevengono le infiammazioni e lisciano le labbra. La sua formula cremosa offre un&#8217;applicazione facile.<\/p>\n<ul>\n<li>Un rossetto opaco molto duraturo.<\/li>\n<li>Il 50% degli ingredienti \u00e8 di origine naturale.<\/li>\n<li>Copertura perfetta e effetto duratura.<\/li>\n<li>La formula garantisce un&#8217;applicazione facile.<\/li>\n<\/ul>\n<\/div>\n<div class=\"hidden-text\"><\/div>\n<div class=\"col-md-4 col-xs-12\">\n<div class=\"list-title\">Il nostro prodotto<\/div>\n<ul>\n<li>ricchi di ingredienti attivi che prevengono l&#8217;infiammazione e levigano le labbra<\/li>\n<li>Idrata e impedisce che le labbra si secchino<\/li>\n<li>Imballaggio magnetico<\/li>\n<\/ul>\n<\/div>\n","protected":false},"excerpt":{"rendered":"<div class=\"col-md-8 col-xs-12\">\n<p>Il nostro rossetto Mattologie opaco \u00e8 unico, poich\u00e9 idrata, offre copertura completa e garantisce un finish bello e opaco. Il 50% dei suoi ingredienti \u00e8 naturale. Garantisce una copertura perfetta e duratura idratando le labbra. I suoi ingredienti attivi e condizionatori prevengono le infiammazioni e lisciano le labbra. La sua formula cremosa offre un&#8217;applicazione facile.<\/p>\n<ul>\n<li>Un rossetto opaco molto duraturo.<\/li>\n<li>Il 50% degli ingredienti \u00e8 di origine naturale.<\/li>\n<li>Copertura perfetta e effetto duratura.<\/li>\n<li>La formula garantisce un&#8217;applicazione facile.<\/li>\n<\/ul>\n<\/div>\n<div class=\"hidden-text\"><\/div>\n<div class=\"col-md-4 col-xs-12\">\n<div class=\"list-title\">Il nostro prodotto<\/div>\n<ul>\n<li>ricchi di ingredienti attivi che prevengono l&#8217;infiammazione e levigano le labbra<\/li>\n<li>Idrata e impedisce che le labbra si secchino<\/li>\n<li>Imballaggio magnetico<\/li>\n<\/ul>\n<\/div>\n","protected":false},"featured_media":46219,"comment_status":"closed","ping_status":"open","template":"","meta":[],"product_brand":[],"product_cat":[2696,1856,2695],"product_tag":[909,2486,3286],"class_list":{"0":"post-46218","1":"product","2":"type-product","3":"status-publish","4":"has-post-thumbnail","6":"product_cat-labbra-paese","7":"product_cat-make-up","8":"product_cat-paese","9":"product_tag-lipstick","10":"product_tag-rossetto","11":"product_tag-rossetto-matt","13":"first","14":"instock","15":"shipping-taxable","16":"purchasable","17":"product-type-simple"},"_links":{"self":[{"href":"https:\/\/serverdedicato.lovenailsrivenditore.com\/index.php?rest_route=\/wp\/v2\/product\/46218","targetHints":{"allow":["GET"]}}],"collection":[{"href":"https:\/\/serverdedicato.lovenailsrivenditore.com\/index.php?rest_route=\/wp\/v2\/product"}],"about":[{"href":"https:\/\/serverdedicato.lovenailsrivenditore.com\/index.php?rest_route=\/wp\/v2\/types\/product"}],"replies":[{"embeddable":true,"href":"https:\/\/serverdedicato.lovenailsrivenditore.com\/index.php?rest_route=%2Fwp%2Fv2%2Fcomments&post=46218"}],"wp:featuredmedia":[{"embeddable":true,"href":"https:\/\/serverdedicato.lovenailsrivenditore.com\/index.php?rest_route=\/wp\/v2\/media\/46219"}],"wp:attachment":[{"href":"https:\/\/serverdedicato.lovenailsrivenditore.com\/index.php?rest_route=%2Fwp%2Fv2%2Fmedia&parent=46218"}],"wp:term":[{"taxonomy":"product_brand","embeddable":true,"href":"https:\/\/serverdedicato.lovenailsrivenditore.com\/index.php?rest_route=%2Fwp%2Fv2%2Fproduct_brand&post=46218"},{"taxonomy":"product_cat","embeddable":true,"href":"https:\/\/serverdedicato.lovenailsrivenditore.com\/index.php?rest_route=%2Fwp%2Fv2%2Fproduct_cat&post=46218"},{"taxonomy":"product_tag","embeddable":true,"href":"https:\/\/serverdedicato.lovenailsrivenditore.com\/index.php?rest_route=%2Fwp%2Fv2%2Fproduct_tag&post=46218"}],"curies":[{"name":"wp","href":"https:\/\/api.w.org\/{rel}","templated":true}]}}