{"id":46350,"date":"2026-03-10T15:04:29","date_gmt":"2026-03-10T14:04:29","guid":{"rendered":"https:\/\/serverdedicato.lovenailsrivenditore.com\/?product=kodi-lip-gloss-warm-7g"},"modified":"2026-04-20T17:40:27","modified_gmt":"2026-04-20T15:40:27","slug":"kodi-lip-gloss-warm-7g","status":"publish","type":"product","link":"https:\/\/serverdedicato.lovenailsrivenditore.com\/?product=kodi-lip-gloss-warm-7g","title":{"rendered":"KODI &#8211; LIP GLOSS &#8211; WARM &#8211; 7g"},"content":{"rendered":"<p>Un lucidalabbra di alta qualit\u00e0, insieme al rossetto, \u00e8 un prodotto decorativo di base per il trucco e rende le labbra incredibilmente attraenti, dando loro un volume aggiuntivo. Oltre a una bellissima palette di colori, i lucidalabbra KODI PROFESSIONAL Make-up hanno una composizione ottimale bilanciata che offre una cura completa &#8211; idratante, nutritiva, protettiva.<\/p>\n<p>L&#8217;applicazione facile e uniforme di questa lucentezza e il colore ricco sono dovuti alla consistenza della densit\u00e0 ottimale e al contenuto di pigmenti di alta qualit\u00e0. Il prodotto non contiene ingredienti aggressivi e gli oli naturali nella sua composizione hanno un effetto multifunzionale e curatore, offrendo una sensazione di comfort per tutta la giornata.<\/p>\n<p>Lip Gloss Warm ha un colore rosso caldo. Per una tonalit\u00e0 pi\u00f9 intensa, applica in pi\u00f9 strati.<\/p>\n<p>Forma dosale: flacone con applicatore<\/p>\n<p>Applicazione: applicare il gloss sulle labbra con un applicatore o un pennello. Puoi modellare preliminarmente la forma delle labbra con una matita.<\/p>\n","protected":false},"excerpt":{"rendered":"<p>Un lucidalabbra di alta qualit\u00e0, insieme al rossetto, \u00e8 un prodotto decorativo di base per il trucco e rende le labbra incredibilmente attraenti, dando loro un volume aggiuntivo. Oltre a una bellissima palette di colori, i lucidalabbra KODI PROFESSIONAL Make-up hanno una composizione ottimale bilanciata che offre una cura completa &#8211; idratante, nutritiva, protettiva.<\/p>\n<p>L&#8217;applicazione facile e uniforme di questa lucentezza e il colore ricco sono dovuti alla consistenza della densit\u00e0 ottimale e al contenuto di pigmenti di alta qualit\u00e0. Il prodotto non contiene ingredienti aggressivi e gli oli naturali nella sua composizione hanno un effetto multifunzionale e curatore, offrendo una sensazione di comfort per tutta la giornata.<\/p>\n","protected":false},"featured_media":46351,"comment_status":"closed","ping_status":"open","template":"","meta":[],"product_brand":[],"product_cat":[2628,2647,1856],"product_tag":[1181,1853,1890],"class_list":{"0":"post-46350","1":"product","2":"type-product","3":"status-publish","4":"has-post-thumbnail","6":"product_cat-kodi-professional","7":"product_cat-labbra-kodi-professional","8":"product_cat-make-up","9":"product_tag-lip-gloss","10":"product_tag-lipgloss","11":"product_tag-lucidalabbra","13":"first","14":"instock","15":"shipping-taxable","16":"purchasable","17":"product-type-simple"},"_links":{"self":[{"href":"https:\/\/serverdedicato.lovenailsrivenditore.com\/index.php?rest_route=\/wp\/v2\/product\/46350","targetHints":{"allow":["GET"]}}],"collection":[{"href":"https:\/\/serverdedicato.lovenailsrivenditore.com\/index.php?rest_route=\/wp\/v2\/product"}],"about":[{"href":"https:\/\/serverdedicato.lovenailsrivenditore.com\/index.php?rest_route=\/wp\/v2\/types\/product"}],"replies":[{"embeddable":true,"href":"https:\/\/serverdedicato.lovenailsrivenditore.com\/index.php?rest_route=%2Fwp%2Fv2%2Fcomments&post=46350"}],"wp:featuredmedia":[{"embeddable":true,"href":"https:\/\/serverdedicato.lovenailsrivenditore.com\/index.php?rest_route=\/wp\/v2\/media\/46351"}],"wp:attachment":[{"href":"https:\/\/serverdedicato.lovenailsrivenditore.com\/index.php?rest_route=%2Fwp%2Fv2%2Fmedia&parent=46350"}],"wp:term":[{"taxonomy":"product_brand","embeddable":true,"href":"https:\/\/serverdedicato.lovenailsrivenditore.com\/index.php?rest_route=%2Fwp%2Fv2%2Fproduct_brand&post=46350"},{"taxonomy":"product_cat","embeddable":true,"href":"https:\/\/serverdedicato.lovenailsrivenditore.com\/index.php?rest_route=%2Fwp%2Fv2%2Fproduct_cat&post=46350"},{"taxonomy":"product_tag","embeddable":true,"href":"https:\/\/serverdedicato.lovenailsrivenditore.com\/index.php?rest_route=%2Fwp%2Fv2%2Fproduct_tag&post=46350"}],"curies":[{"name":"wp","href":"https:\/\/api.w.org\/{rel}","templated":true}]}}